000
CXUS53 KJKL 111623
CLSJKL

CLIMATE REPORT...RESENT
NATIONAL WEATHER SERVICE JACKSON KY
1222 PM EDT FRI JUN 11 2010

...................................

...THE JACKSON KY CLIMATE SUMMARY FOR THE SEASON, FROM
3/1/2010 TO 5/31/2010...

CLIMATE NORMAL PERIOD 1971 TO 2000
CLIMATE RECORD PERIOD 1981 TO 2010

WEATHER         OBSERVED          NORMAL  DEPART  LAST YEAR`S
                 VALUE   DATE(S)  VALUE   FROM    VALUE  DATE(S)
                                          NORMAL
................................................................
TEMPERATURE (F)
RECORD
 HIGH              92   04/27/1986
 LOW                7   03/09/1996
HIGHEST            89   04/06        MM      MM       90  04/24
                        04/02
LOWEST             25   03/06        MM      MM        9  03/03
AVG. MAXIMUM     68.9              65.8     3.1     66.7
AVG. MINIMUM     49.1              45.8     3.3     47.8
MEAN             59.0              55.8     3.2     57.3
DAYS MAX >= 90      0               0.2    -0.2        1
DAYS MAX <= 32      0               0.8    -0.8        2
DAYS MIN <= 32      9              14.5    -5.5       10
DAYS MIN <= 0       0               0.0     0.0        0

PRECIPITATION (INCHES)
RECORD
 MAXIMUM        20.67   1994
 MINIMUM         4.93   1986
TOTALS          12.96             13.35   -0.39    16.38
DAILY AVG.       0.14              0.15   -0.01     0.18
DAYS >= .01        41              39.6     1.4       50
DAYS >= .10        22              26.3    -4.3       40
DAYS >= .50        10               9.0     1.0        8
DAYS >= 1.00        4               3.1     0.9        3
GREATEST
 24 HR. TOTAL    2.36   05/15 TO 05/16              2.83

SNOWFALL (INCHES)
RECORDS
 TOTAL           22.1   1993
 24 HR TOTAL     19.8   03/13/1993 TO 03/13/1993
TOTALS            0.2               4.8    -4.6      6.7
SINCE 7/1        50.5              24.5    26.0     35.0
SNOWDEPTH AVG.      0                MM      MM        0
DAYS >= 1.0         0               1.1    -1.1        2
GREATEST
 24 HR TOTAL      0.2   03/03 TO 03/03               4.1

DEGREE_DAYS
HEATING TOTAL     739               958    -219      851
 SINCE 7/1       4455              4348     107     4298
COOLING TOTAL     213               111     102      160
 SINCE 1/1        213               111     102      160
.................................................................

WIND (MPH)
AVERAGE WIND SPEED              3.2
RESULTANT WIND SPEED/DIRECTION   1/124
HIGHEST WIND SPEED/DIRECTION    26/250    DATE  04/03
HIGHEST GUST SPEED/DIRECTION    41/210    DATE  05/15

SKY COVER
POSSIBLE SUNSHINE (PERCENT)   MM
NUMBER OF DAYS FAIR           46
NUMBER OF DAYS PC             28
NUMBER OF DAYS CLOUDY         17

AVERAGE RH (PERCENT)     61

WEATHER CONDITIONS. NUMBER OF DAYS WITH
THUNDERSTORM             14     MIXED PRECIP               0
HEAVY RAIN               15     RAIN                      19
LIGHT RAIN               45     FREEZING RAIN              0
LT FREEZING RAIN          0     HAIL                       3
HEAVY SNOW                0     SNOW                       0
LIGHT SNOW                5     SLEET                      1
FOG                      42     FOG W/VIS <= 1/4 MILE     16
HAZE                      7

-  INDICATES NEGATIVE NUMBERS.
R  INDICATES RECORD WAS SET OR TIED.
MM INDICATES DATA IS MISSING.
T  INDICATES TRACE AMOUNT.

$$

CARICO
