000
CXUS53 KJKL 011515
CLSJKL

CLIMATE REPORT
NATIONAL WEATHER SERVICE JACKSON KY
1115 AM EDT WED JUN 1 2016

...................................

...THE JACKSON KY CLIMATE SUMMARY FOR THE SEASON, FROM
3/1/2016 TO 5/31/2016...

CLIMATE NORMAL PERIOD 1981 TO 2010
CLIMATE RECORD PERIOD 1981 TO 2016

WEATHER         OBSERVED          NORMAL  DEPART  LAST YEAR`S
                 VALUE   DATE(S)  VALUE   FROM    VALUE  DATE(S)
                                          NORMAL
................................................................
TEMPERATURE (F)
RECORD
 HIGH              92   04/27/1986
 LOW                7   03/09/1996
HIGHEST            87   05/27        MM      MM       89  05/11
LOWEST             27   03/03        MM      MM        8  03/06
                        03/02
AVG. MAXIMUM     69.0              66.7     2.3     68.9
AVG. MINIMUM     48.3              46.2     2.1     47.7
MEAN             58.7              56.4     2.3     58.3
DAYS MAX >= 90      0               0.2    -0.2        0
DAYS MAX <= 32      0               0.6    -0.6        1
DAYS MIN <= 32      9              12.7    -3.7        9
DAYS MIN <= 0       0               0.0     0.0        0

PRECIPITATION (INCHES)
RECORD
 MAXIMUM        21.63   2011
 MINIMUM         4.93   1986
TOTALS          13.24             13.15    0.09    18.29
DAILY AVG.       0.15              0.14    0.01     0.20
DAYS >= .01        42              40.2     1.8       39
DAYS >= .10        30              26.4     3.6       27
DAYS >= .50         7               8.8    -1.8        8
DAYS >= 1.00        2               3.0    -1.0        4
GREATEST
 24 HR. TOTAL    2.95   04/30 TO 05/01              4.45

SNOWFALL (INCHES)
RECORDS
 TOTAL           22.1   1993
 24 HR TOTAL     19.8   03/13/1993 TO 03/13/1993
TOTALS            2.9               3.9    -1.0      3.7
SINCE 7/1        32.5              23.5     9.0     29.1
SNOWDEPTH AVG.      0                MM      MM        0
DAYS >= 1.0         1               1.0     0.0        1
GREATEST
 24 HR TOTAL      2.8   03/03 TO 03/03               3.7

DEGREE_DAYS
HEATING TOTAL     700               923    -223      801
 SINCE 7/1         MM              4222      MM       MM
COOLING TOTAL     141               137       4      204
 SINCE 1/1        141               136       5      204
.................................................................

WIND (MPH)
AVERAGE WIND SPEED              3.8
RESULTANT WIND SPEED/DIRECTION   1/129
HIGHEST WIND SPEED/DIRECTION    29/250    DATE  04/02
HIGHEST GUST SPEED/DIRECTION    53/260    DATE  04/02

SKY COVER
POSSIBLE SUNSHINE (PERCENT)   MM
NUMBER OF DAYS FAIR           39
NUMBER OF DAYS PC             37
NUMBER OF DAYS CLOUDY         16

AVERAGE RH (PERCENT)     60

WEATHER CONDITIONS. NUMBER OF DAYS WITH
THUNDERSTORM             16     MIXED PRECIP               0
HEAVY RAIN               21     RAIN                      34
LIGHT RAIN               49     FREEZING RAIN              0
LT FREEZING RAIN          0     HAIL                       0
HEAVY SNOW                1     SNOW                       1
LIGHT SNOW                5     SLEET                      0
FOG                      49     FOG W/VIS <= 1/4 MILE     17
HAZE                      6

-  INDICATES NEGATIVE NUMBERS.
R  INDICATES RECORD WAS SET OR TIED.
MM INDICATES DATA IS MISSING.
T  INDICATES TRACE AMOUNT.

$$

CARICO
