000
CXUS53 KJKL 011021
CLSJKL

CLIMATE REPORT
NATIONAL WEATHER SERVICE JACKSON KY
521 AM EST SUN DEC 1 2013

...................................

...THE JACKSON KY CLIMATE SUMMARY FOR THE SEASON, FROM
9/1/2013 TO 11/30/2013...

CLIMATE NORMAL PERIOD 1981 TO 2010
CLIMATE RECORD PERIOD 1981 TO 2013

WEATHER         OBSERVED          NORMAL  DEPART  LAST YEAR`S
                 VALUE   DATE(S)  VALUE   FROM    VALUE  DATE(S)
                                          NORMAL
................................................................
TEMPERATURE (F)
RECORD
 HIGH              96   09/03/2011
 LOW               13   11/14/1986
HIGHEST            88   09/10        MM      MM       88  09/07
                        09/09
LOWEST             16   11/28        MM      MM       23  11/25
AVG. MAXIMUM     66.4              67.8    -1.4     65.1
AVG. MINIMUM     47.4              48.6    -1.2     46.4
MEAN             56.9              58.2    -1.3     55.8
DAYS MAX >= 90      0               1.5    -1.5        0
DAYS MAX <= 32      2               0.3     1.7        0
DAYS MIN <= 32     17               8.5     8.5       13
DAYS MIN <= 0       0               0.0     0.0        0

PRECIPITATION (INCHES)
RECORD
 MAXIMUM        19.01   1989
 MINIMUM         4.32   2001
TOTALS           6.41             10.61   -4.20    11.85
DAILY AVG.       0.07              0.12   -0.05     0.13
DAYS >= .01        30              28.7     1.3       25
DAYS >= .10        17              18.6    -1.6       19
DAYS >= .50         2               7.1    -5.1        7
DAYS >= 1.00        0               2.7    -2.7        3
GREATEST
 24 HR. TOTAL    1.00   11/26 TO 11/27              3.66

SNOWFALL (INCHES)
RECORDS
 TOTAL            5.1   1995
 24 HR TOTAL      4.3   11/28/1995 TO 11/28/1995
TOTALS            2.9               0.6     2.3      1.1
SINCE 7/1         2.9               0.6     2.3      1.1
SNOWDEPTH AVG.      0                MM      MM        0
DAYS >= 1.0         1               0.2     0.8        1
GREATEST
 24 HR TOTAL      1.7   11/26 TO 11/27               1.1

DEGREE_DAYS
HEATING TOTAL     885               798      87      952
 SINCE 7/1        887               800      87      952
COOLING TOTAL     174               176      -2      140
 SINCE 1/1       1069              1154     -85     1318
.................................................................

WIND (MPH)
AVERAGE WIND SPEED              2.2
RESULTANT WIND SPEED/DIRECTION   1/123
HIGHEST WIND SPEED/DIRECTION    28/270    DATE  11/01
HIGHEST GUST SPEED/DIRECTION    47/290    DATE  11/01

SKY COVER
POSSIBLE SUNSHINE (PERCENT)   MM
NUMBER OF DAYS FAIR           42
NUMBER OF DAYS PC             33
NUMBER OF DAYS CLOUDY         16

AVERAGE RH (PERCENT)     70

WEATHER CONDITIONS. NUMBER OF DAYS WITH
THUNDERSTORM              4     MIXED PRECIP               0
HEAVY RAIN               11     RAIN                      12
LIGHT RAIN               30     FREEZING RAIN              0
LT FREEZING RAIN          2     HAIL                       0
HEAVY SNOW                0     SNOW                       1
LIGHT SNOW                8     SLEET                      1
FOG                      51     FOG W/VIS <= 1/4 MILE     19
HAZE                      7

-  INDICATES NEGATIVE NUMBERS.
R  INDICATES RECORD WAS SET OR TIED.
MM INDICATES DATA IS MISSING.
T  INDICATES TRACE AMOUNT.

$$

CARICO
