000
CXUS53 KJKL 010734
CLSJKL

CLIMATE REPORT
NATIONAL WEATHER SERVICE JACKSON KY
334 AM EDT SAT JUN 1 2013

...................................

...THE JACKSON KY CLIMATE SUMMARY FOR THE SEASON, FROM
3/1/2013 TO 5/31/2013...

CLIMATE NORMAL PERIOD 1981 TO 2010
CLIMATE RECORD PERIOD 1981 TO 2013

WEATHER         OBSERVED          NORMAL  DEPART  LAST YEAR`S
                 VALUE   DATE(S)  VALUE   FROM    VALUE  DATE(S)
                                          NORMAL
................................................................
TEMPERATURE (F)
RECORD
 HIGH              92   04/27/1986
 LOW                7   03/09/1996
HIGHEST            87   05/31        MM      MM       90  05/27
                        05/30
LOWEST             17   03/22        MM      MM       26  03/06
                                                          03/05
AVG. MAXIMUM     63.8              66.7    -2.9     72.6
AVG. MINIMUM     44.1              46.2    -2.1     51.4
MEAN             53.9              56.4    -2.5     62.0
DAYS MAX >= 90      0               0.2    -0.2        1
DAYS MAX <= 32      4               0.6     3.4        0
DAYS MIN <= 32     22              12.7     9.3        6
DAYS MIN <= 0       0               0.0     0.0        0

PRECIPITATION (INCHES)
RECORD
 MAXIMUM        21.63   2011
 MINIMUM         4.93   1986
TOTALS          12.56             13.15   -0.59    10.94
DAILY AVG.       0.14              0.14    0.00     0.12
DAYS >= .01        42              40.2     1.8       36
DAYS >= .10        25              26.4    -1.4       23
DAYS >= .50        10               8.8     1.2       10
DAYS >= 1.00        2               3.0    -1.0        0
GREATEST
 24 HR. TOTAL    1.46   03/18 TO 03/18              1.07

SNOWFALL (INCHES)
RECORDS
 TOTAL           22.1   1993
 24 HR TOTAL     19.8   03/13/1993 TO 03/13/1993
TOTALS           10.7               3.9     6.8      4.5
SINCE 7/1        20.0              23.5    -3.5     14.2
SNOWDEPTH AVG.      0                MM      MM        0
DAYS >= 1.0         5               1.0     4.0        1
GREATEST
 24 HR TOTAL      3.6   03/25 TO 03/26               4.5

DEGREE_DAYS
HEATING TOTAL    1138               923     215      506
 SINCE 7/1       4364              4222     142     3327
COOLING TOTAL     148               137      11      251
 SINCE 1/1        148               136      12      251
.................................................................

WIND (MPH)
AVERAGE WIND SPEED              3.5
RESULTANT WIND SPEED/DIRECTION   1/138
HIGHEST WIND SPEED/DIRECTION    26/260    DATE  03/05
HIGHEST GUST SPEED/DIRECTION    48/270    DATE  03/05

SKY COVER
POSSIBLE SUNSHINE (PERCENT)   MM
NUMBER OF DAYS FAIR           44
NUMBER OF DAYS PC             25
NUMBER OF DAYS CLOUDY         23

AVERAGE RH (PERCENT)     63

WEATHER CONDITIONS. NUMBER OF DAYS WITH
THUNDERSTORM             12     MIXED PRECIP               0
HEAVY RAIN               15     RAIN                      23
LIGHT RAIN               44     FREEZING RAIN              0
LT FREEZING RAIN          2     HAIL                       1
HEAVY SNOW                0     SNOW                       6
LIGHT SNOW               11     SLEET                      0
FOG                      45     FOG W/VIS <= 1/4 MILE     15
HAZE                      1

-  INDICATES NEGATIVE NUMBERS.
R  INDICATES RECORD WAS SET OR TIED.
MM INDICATES DATA IS MISSING.
T  INDICATES TRACE AMOUNT.

$$

CARICO
