000
CXUS53 KJKL 011459
CLSJKL

CLIMATE REPORT
NATIONAL WEATHER SERVICE JACKSON KY
959 AM EST TUE MAR 1 2016

...................................

...THE JACKSON KY CLIMATE SUMMARY FOR THE SEASON, FROM
12/1/2015 TO 2/29/2016...

CLIMATE NORMAL PERIOD 1981 TO 2010
CLIMATE RECORD PERIOD 1981 TO 2016

WEATHER         OBSERVED          NORMAL  DEPART  LAST YEAR`S
                 VALUE   DATE(S)  VALUE   FROM    VALUE  DATE(S)
                                          NORMAL
................................................................
TEMPERATURE (F)
RECORD
 HIGH              79   02/23/1996
                        12/03/1982
 LOW              -18   01/19/1994
                        01/21/1985
                        01/20/1985
HIGHEST            77   12/27        MM      MM       66  12/24
LOWEST              6   01/18        MM      MM       -7  02/20
AVG. MAXIMUM     49.3              45.5     3.8     42.2
AVG. MINIMUM     32.7              28.9     3.8     25.7
MEAN             41.1              37.2     3.9     33.9
DAYS MAX >= 90      0               0.0     0.0        0
DAYS MAX <= 32     13              13.3    -0.3       16
DAYS MIN <= 32     52              55.2    -3.2       63
DAYS MIN <= 0       0               1.0    -1.0        3

PRECIPITATION (INCHES)
RECORD
 MAXIMUM        20.59   1991
 MINIMUM         6.06   2007
TOTALS          14.20             11.54    2.66     8.67
DAILY AVG.       0.16              0.13    0.03     0.10
DAYS >= .01        42              41.2     0.8       40
DAYS >= .10        28              23.3     4.7       18
DAYS >= .50         9               7.5     1.5        3
DAYS >= 1.00        4               2.6     1.4        2
GREATEST
 24 HR. TOTAL    2.28   02/15 TO 02/16              1.66

SNOWFALL (INCHES)
RECORDS
 TOTAL           50.3   2010
 24 HR TOTAL     15.1   01/17/1994 TO 01/17/1994
TOTALS           29.6              19.0    10.6     24.2
SINCE 7/1        29.6              19.6    10.0     25.4
SNOWDEPTH AVG.      1                MM      MM        1
DAYS >= 1.0         5               6.2    -1.2        5
GREATEST
 24 HR TOTAL     15.7R  01/22 TO 01/22              11.8

DEGREE_DAYS
HEATING TOTAL    2156              2500    -344     2775
 SINCE 7/1       2754              3323    -569     3765
COOLING TOTAL       2                 1       1        0
 SINCE 1/1          0                 0       0        0
.................................................................

WIND (MPH)
AVERAGE WIND SPEED              4.5
RESULTANT WIND SPEED/DIRECTION   1/173
HIGHEST WIND SPEED/DIRECTION    24/280    DATE  01/12
HIGHEST GUST SPEED/DIRECTION    42/250    DATE  02/24

SKY COVER
POSSIBLE SUNSHINE (PERCENT)   MM
NUMBER OF DAYS FAIR           29
NUMBER OF DAYS PC             27
NUMBER OF DAYS CLOUDY         35

AVERAGE RH (PERCENT)     66

WEATHER CONDITIONS. NUMBER OF DAYS WITH
THUNDERSTORM              1     MIXED PRECIP               0
HEAVY RAIN               12     RAIN                      17
LIGHT RAIN               32     FREEZING RAIN              1
LT FREEZING RAIN          3     HAIL                       0
HEAVY SNOW                2     SNOW                       7
LIGHT SNOW               26     SLEET                      1
FOG                      44     FOG W/VIS <= 1/4 MILE     15
HAZE                      3

-  INDICATES NEGATIVE NUMBERS.
R  INDICATES RECORD WAS SET OR TIED.
MM INDICATES DATA IS MISSING.
T  INDICATES TRACE AMOUNT.

$$

CARICO
