000
CXUS55 KJKL 261000
CF6LOZ
PRELIMINARY LOCAL CLIMATOLOGICAL DATA (WS FORM: F-6)

                                          STATION:   LONDON KY
                                          MONTH:     SEPTEMBER
                                          YEAR:      2016
                                          LATITUDE:   37  4 N
                                          LONGITUDE:  84  5 W

  TEMPERATURE IN F:       :PCPN:    SNOW:  WIND      :SUNSHINE: SKY     :PK WND
================================================================================
1   2   3   4   5  6A  6B    7    8   9   10  11  12  13   14  15   16   17  18
                                     12Z  AVG MX 2MIN
DY MAX MIN AVG DEP HDD CDD  WTR  SNW DPTH SPD SPD DIR MIN PSBL S-S WX    SPD DR
================================================================================

 1  84  64  74   1   0   9    T    M    M  5.9 16  20   M    M   3 1      21  20
 2  80  60  70  -3   0   5 0.00    M    M  8.4 20  20   M    M   0        27  40
 3  81  55  68  -5   0   3 0.00    M    M  3.4 12  30   M    M   1        17  20
 4  87  56  72   0   0   7 0.00    M    M  1.5  9  30   M    M   1        12 250
 5  89  60  75   3   0  10 0.00    M    M  1.2 12 260   M    M   1 1      14 230
 6  91  61  76   4   0  11 0.00    M    M  2.2 12 280   M    M   1 12     14 300
 7  91  63  77   5   0  12 0.00    M    M  1.9 14 250   M    M   1 1      17 250
 8  91  64  78   7   0  13 0.00    M    M  4.1 14 250   M    M   0 1      18 270
 9  91  66  79   8   0  14 0.00    M    M  4.0 17 280   M    M   4        24 270
10  91  64  78   8   0  13    T    M    M  6.2 25 300   M    M   3 13     36 300
11  79  57  68  -2   0   3 0.00    M    M  4.3 12  20   M    M   2        18  20
12  86  52  69  -1   0   4 0.00    M    M  1.0  9 280   M    M   0        14 260
13  91  59  75   6   0  10 0.00    M    M  2.4 14 180   M    M   1        18 180
14  90  64  77   8   0  12 0.00    M    M  1.9 10  30   M    M   1 1      15  40
15  89  61  75   6   0  10 0.00    M    M  3.7 10  20   M    M   0        13  50
16  91  66  79  11   0  14 0.11    M    M  3.6 16 200   M    M   2 13     21 200
17  86  66  76   8   0  11 0.15    M    M  4.1 17 190   M    M   4 1      23 200
18  72  68  70   2   0   5 0.80    M    M  1.9  8 120   M    M   8 13     30 210
19  82  64  73   6   0   8 0.00    M    M  1.5  9 350   M    M   5 12     11  10
20  85  58  72   5   0   7 0.00    M    M  2.6 13  30   M    M   2 12     17  30
21  86  59  73   7   0   8 0.00    M    M  3.2 14  30   M    M   0 1      19  30
22  88  58  73   7   0   8 0.00    M    M  1.6 12  30   M    M   0        13  40
23  88  60  74   8   0   9 0.00    M    M  1.2 10 360   M    M   1        14 360
24  90  60  75  10   0  10 0.00    M    M  1.0  9 360   M    M   1 1      13  30
25  89  62  76  11   0  11 0.00    M    M  1.6  9 300   M    M   1 1      12 250
================================================================================
SM 2168 1527         0 227  1.06    M     74.4          M       43
================================================================================
AV 86.7 61.1                               3.0 FASTST   M    M   2    MAX(MPH)
                                 MISC ---->  # 25 300               # 36  300
================================================================================
NOTES:
# LAST OF SEVERAL OCCURRENCES

COLUMN 17 PEAK WIND IN M.P.H.

PRELIMINARY LOCAL CLIMATOLOGICAL DATA (WS FORM: F-6) , PAGE 2

                                          STATION:  LONDON KY
                                          MONTH:    SEPTEMBER
                                          YEAR:     2016
                                          LATITUDE:   37  4 N
                                          LONGITUDE:  84  5 W

[TEMPERATURE DATA]      [PRECIPITATION DATA]       SYMBOLS USED IN COLUMN 16

AVERAGE MONTHLY: 73.9   TOTAL FOR MONTH:   1.06    1 = FOG OR MIST
DPTR FM NORMAL:   4.6   DPTR FM NORMAL:   -1.74    2 = FOG REDUCING VISIBILITY
HIGHEST:    91 ON 16,13 GRTST 24HR  0.95 ON 17-18      TO 1/4 MILE OR LESS
LOWEST:     52 ON 12                               3 = THUNDER
                        SNOW, ICE PELLETS, HAIL    4 = ICE PELLETS
                        TOTAL MONTH:    M          5 = HAIL
                        GRTST 24HR    M  ON   M    6 = FREEZING RAIN OR DRIZZLE
                        GRTST DEPTH:  M  ON   M    7 = DUSTSTORM OR SANDSTORM:
                                                       VSBY 1/2 MILE OR LESS
                                                   8 = SMOKE OR HAZE
[NO. OF DAYS WITH]      [WEATHER - DAYS WITH]      9 = BLOWING SNOW
                                                   X = TORNADO
MAX 32 OR BELOW:   0    0.01 INCH OR MORE:   3
MAX 90 OR ABOVE:   9    0.10 INCH OR MORE:   3
MIN 32 OR BELOW:   0    0.50 INCH OR MORE:   1
MIN  0 OR BELOW:   0    1.00 INCH OR MORE:   0

[HDD (BASE 65) ]
TOTAL THIS MO.     0    CLEAR  (SCALE 0-3)  20
DPTR FM NORMAL   -26    PTCLDY (SCALE 4-7)   4
TOTAL FM JUL 1     0    CLOUDY (SCALE 8-10)  1
DPTR FM NORMAL   -27

[CDD (BASE 65) ]
TOTAL THIS MO.   227
DPTR FM NORMAL    95    [PRESSURE DATA]
TOTAL FM JAN 1  1450    HIGHEST SLP M ON M
DPTR FM NORMAL   294    LOWEST  SLP 29.88 ON 10

[REMARKS]
