000
CXUS55 KJKL 011000
CF6LOZ
PRELIMINARY LOCAL CLIMATOLOGICAL DATA (WS FORM: F-6)

                                          STATION:   LONDON KY
                                          MONTH:     MARCH
                                          YEAR:      2016
                                          LATITUDE:   37  4 N
                                          LONGITUDE:  84  5 W

  TEMPERATURE IN F:       :PCPN:    SNOW:  WIND      :SUNSHINE: SKY     :PK WND
================================================================================
1   2   3   4   5  6A  6B    7    8   9   10  11  12  13   14  15   16   17  18
                                     12Z  AVG MX 2MIN
DY MAX MIN AVG DEP HDD CDD  WTR  SNW DPTH SPD SPD DIR MIN PSBL S-S WX    SPD DR
================================================================================

 1  65  33  49   6  16   0 0.56    M    M  9.3 32 280   M    M   5 13     49 300
 2  36  27  32 -12  33   0    T    M    M  7.0 17 290   M    M   7        21 280
 3  40  28  34 -10  31   0 0.02    M    M  2.6  9 110   M    M   9 1      13 100
 4  40  30  35  -9  30   0 0.00    M    M  3.1 13 300   M    M   9 12     17 290
 5  46  28  37  -7  28   0 0.04    M    M  3.9 16 330   M    M   9 12     21 340
 6  57  28  43  -2  22   0 0.00    M    M  1.6  9 130   M    M   3 1      13 140
 7  66  34  50   5  15   0 0.00    M    M  4.1 14 180   M    M   0 8      20 160
 8  73  44  59  14   6   0 0.00    M    M  5.0 17 240   M    M   0        28 250
 9  77  47  62  17   3   0 0.00    M    M  5.6 16 180   M    M   0        22 180
10  78  51  65  19   0   0 0.04    M    M  6.0 16 190   M    M   4 1      23 220
11  63  54  59  13   6   0 0.10    M    M  5.7 13  10   M    M   8 1      16  10
12  76  51  64  18   1   0 0.00    M    M  2.5 16 180   M    M   7 1      21 190
13  70  55  63  17   2   0 0.03    M    M  3.8 17 250   M    M   8 1      24 210
14  69  49  59  12   6   0 0.26    M    M  6.8 28 270   M    M   7 123    40 280
15  79  48  64  17   1   0 0.00    M    M  5.5 16 180   M    M   2 12     21 190
16  74  47  61  14   4   0 0.00    M    M 11.3 28 270   M    M   2        40 270
17  65  37  51   3  14   0 0.00    M    M  5.5 20 270   M    M   0        26  90
18  68  34  51   3  14   0 0.00    M    M  4.1 21  30   M    M   1        26  30
19  55  40  48   0  17   0    T    M    M  9.5 23  40   M    M   9        32  20
20  49  32  41  -7  24   0    T    M    M  8.1 20 290   M    M   5        24 290
21  52  27  40  -9  25   0 0.00    M    M  6.9 17 260   M    M   1        24 280
22  67  29  48  -1  17   0 0.00    M    M  8.9 21 200   M    M   0        28 220
23  69  52  61  12   4   0 0.00    M    M 10.2 20 200   M    M   1        29 240
24  70  52  61  11   4   0 0.33    M    M 11.6 28 190   M    M   8 1      36 190
25  55  38  47  -3  18   0    T    M    M  6.3 15 300   M    M   8 1      21 320
26  73  33  53   3  12   0 0.00    M    M  2.3  8 260   M    M   0 1      11 210
27  70  48  59   8   6   0    T    M    M  6.5 20 210   M    M   6        29 220
28  63  40  52   1  13   0 0.15    M    M  7.5 23 290   M    M   6 1      27 300
29  61  37  49  -2  16   0 0.00    M    M  4.9 15  20   M    M   2        19  40
30  73  35  54   2  11   0 0.00    M    M  7.6 20 180   M    M   1        25 170
31  72  58  65  13   0   0 0.60    M    M 13.3 29 190   M    M   5 13     42 180
================================================================================
SM 1971 1246       399   0  2.13    M    197.0          M      133
================================================================================
AV 63.6 40.2                               6.4 FASTST   M    M   4    MAX(MPH)
                                 MISC ---->  # 32 280               # 49  300
================================================================================
NOTES:
# LAST OF SEVERAL OCCURRENCES

COLUMN 17 PEAK WIND IN M.P.H.

PRELIMINARY LOCAL CLIMATOLOGICAL DATA (WS FORM: F-6) , PAGE 2

                                          STATION:  LONDON KY
                                          MONTH:    MARCH
                                          YEAR:     2016
                                          LATITUDE:   37  4 N
                                          LONGITUDE:  84  5 W

[TEMPERATURE DATA]      [PRECIPITATION DATA]       SYMBOLS USED IN COLUMN 16

AVERAGE MONTHLY: 51.9   TOTAL FOR MONTH:   2.13    1 = FOG OR MIST
DPTR FM NORMAL:   4.5   DPTR FM NORMAL:   -1.92    2 = FOG REDUCING VISIBILITY
HIGHEST:    79 ON 15    GRTST 24HR  0.60 ON 31-31      TO 1/4 MILE OR LESS
LOWEST:     27 ON 21, 2                            3 = THUNDER
                        SNOW, ICE PELLETS, HAIL    4 = ICE PELLETS
                        TOTAL MONTH:    M          5 = HAIL
                        GRTST 24HR    M  ON   M    6 = FREEZING RAIN OR DRIZZLE
                        GRTST DEPTH:  M  ON   M    7 = DUSTSTORM OR SANDSTORM:
                                                       VSBY 1/2 MILE OR LESS
                                                   8 = SMOKE OR HAZE
[NO. OF DAYS WITH]      [WEATHER - DAYS WITH]      9 = BLOWING SNOW
                                                   X = TORNADO
MAX 32 OR BELOW:   0    0.01 INCH OR MORE:  10
MAX 90 OR ABOVE:   0    0.10 INCH OR MORE:   6
MIN 32 OR BELOW:   8    0.50 INCH OR MORE:   2
MIN  0 OR BELOW:   0    1.00 INCH OR MORE:   0

[HDD (BASE 65) ]
TOTAL THIS MO.   399    CLEAR  (SCALE 0-3)  13
DPTR FM NORMAL  -150    PTCLDY (SCALE 4-7)  11
TOTAL FM JUL 1  3315    CLOUDY (SCALE 8-10)  7
DPTR FM NORMAL  -510

[CDD (BASE 65) ]
TOTAL THIS MO.     0
DPTR FM NORMAL    -3    [PRESSURE DATA]
TOTAL FM JAN 1     0    HIGHEST SLP 30.35 ON  6
DPTR FM NORMAL    -3    LOWEST  SLP 29.64 ON 31

[REMARKS]
#FINAL-03-16#
