000
CXUS55 KJKL 011000
CF6LOZ
PRELIMINARY LOCAL CLIMATOLOGICAL DATA (WS FORM: F-6)

                                          STATION:   LONDON KY
                                          MONTH:     APRIL
                                          YEAR:      2013
                                          LATITUDE:   37  4 N
                                          LONGITUDE:  84  5 W

  TEMPERATURE IN F:       :PCPN:    SNOW:  WIND      :SUNSHINE: SKY     :PK WND
================================================================================
1   2   3   4   5  6A  6B    7    8   9   10  11  12  13   14  15   16   17  18
                                     12Z  AVG MX 2MIN
DY MAX MIN AVG DEP HDD CDD  WTR  SNW DPTH SPD SPD DIR MIN PSBL S-S WX    SPD DR
================================================================================

 1  56  38  47  -5  18   0 0.00    M    M  6.4 18 270   M    M   7 12     25 270
 2  51  27  39 -13  26   0 0.00    M    M  3.7 13 290   M    M   0        17 290
 3  53  31  42 -11  23   0 0.00    M    M  7.6 18  20   M    M   0        23  30
 4  45  39  42 -11  23   0 0.25    M    M  3.4 10  60   M    M   6 1      14  70
 5  64  38  51  -2  14   0 0.00    M    M  2.9 15 310   M    M   4 12     20 320
 6  70  34  52  -2  13   0 0.00    M    M  3.5 13 190   M    M   0        21 190
 7  74  49  62   8   3   0 0.00    M    M  6.4 21 240   M    M   3        28 230
 8  73  49  61   7   4   0 0.00    M    M  6.6 20 190   M    M   4        30 200
 9  79  53  66  11   0   1 0.00    M    M  5.7 18 230   M    M   4        26 240
10  85  53  69  14   0   4 0.00    M    M  5.3 16 240   M    M   1        23 230
11  80  56  68  13   0   3 0.94    M    M  6.7 28 280   M    M   4 13     40 280
12  62  45  54  -2  11   0 0.24    M    M  9.9 25 260   M    M   7 1      32 260
13  63  37  50  -6  15   0 0.00    M    M  4.8 16 270   M    M   1        24 260
14  74  38  56   0   9   0 0.07    M    M  4.7 20 200   M    M   2        29 190
15  74  53  64   8   1   0 0.00    M    M  3.7 13 190   M    M   6        16 190
16  83  56  70  13   0   5    T    M    M  5.8 16 220   M    M   3 3      23 200
17  73  60  67  10   0   2 1.70    M    M  5.1 22  40   M    M   6 13     32  50
18  81  58  70  13   0   5 0.00    M    M 10.3 25 180   M    M   1        36 180
19  73  40  57  -1   8   0 1.14    M    M 12.0 28 260   M    M   8 1      38 310
20  58  32  45 -13  20   0 0.00    M    M  5.0 15 280   M    M   0        20 290
21  63  37  50  -8  15   0 0.00    M    M  4.6 10  20   M    M   0        14  30
22  70  40  55  -4  10   0 0.00    M    M  1.9 10 190   M    M   0        15 180
23  71  42  57  -2   8   0 0.00    M    M  4.1 13 180   M    M   1        16 170
24  68  44  56  -3   9   0 0.35    M    M  9.4 24 290   M    M   7 1      39 190
25  61  35  48 -11  17   0 0.00    M    M  3.1 13 270   M    M   2 1      17 260
26  64  35  50 -10  15   0 0.00    M    M  1.4  9 110   M    M   3        15  90
27  56  51  54  -6  11   0 0.33    M    M  3.8 16 150   M    M  10 13     13 140
28  62  53  58  -2   7   0 1.21    M    M  8.2 20 200   M    M   6 13     26 200
29  67  51  59  -1   6   0    T    M    M  2.5 10 300   M    M   7 1      15 280
30  79  45  62   1   3   0 0.00    M    M  1.4  9 210   M    M   1 1      13 210
================================================================================
SM 2032 1319       289  20  6.23    M    159.9          M      104
================================================================================
AV 67.7 44.0                               5.3 FASTST   M    M   3    MAX(MPH)
                                 MISC ---->  # 28 280               # 40  280
================================================================================
NOTES:
# LAST OF SEVERAL OCCURRENCES

COLUMN 17 PEAK WIND IN M.P.H.

PRELIMINARY LOCAL CLIMATOLOGICAL DATA (WS FORM: F-6) , PAGE 2

                                          STATION:  LONDON KY
                                          MONTH:    APRIL
                                          YEAR:     2013
                                          LATITUDE:   37  4 N
                                          LONGITUDE:  84  5 W

[TEMPERATURE DATA]      [PRECIPITATION DATA]       SYMBOLS USED IN COLUMN 16

AVERAGE MONTHLY: 55.8   TOTAL FOR MONTH:   6.23    1 = FOG OR MIST
DPTR FM NORMAL:  -0.7   DPTR FM NORMAL:    2.18    2 = FOG REDUCING VISIBILITY
HIGHEST:    85 ON 10    GRTST 24HR  1.70 ON 17-17      TO 1/4 MILE OR LESS
LOWEST:     27 ON  2                               3 = THUNDER
                        SNOW, ICE PELLETS, HAIL    4 = ICE PELLETS
                        TOTAL MONTH:    M          5 = HAIL
                        GRTST 24HR    M  ON   M    6 = FREEZING RAIN OR DRIZZLE
                        GRTST DEPTH:  M  ON   M    7 = DUSTSTORM OR SANDSTORM:
                                                       VSBY 1/2 MILE OR LESS
                                                   8 = SMOKE OR HAZE
[NO. OF DAYS WITH]      [WEATHER - DAYS WITH]      9 = BLOWING SNOW
                                                   X = TORNADO
MAX 32 OR BELOW:   0    0.01 INCH OR MORE:   9
MAX 90 OR ABOVE:   0    0.10 INCH OR MORE:   8
MIN 32 OR BELOW:   3    0.50 INCH OR MORE:   4
MIN  0 OR BELOW:   0    1.00 INCH OR MORE:   3

[HDD (BASE 65) ]
TOTAL THIS MO.   289    CLEAR  (SCALE 0-3)  15
DPTR FM NORMAL    13    PTCLDY (SCALE 4-7)  13
TOTAL FM JUL 1  4429    CLOUDY (SCALE 8-10)  2
DPTR FM NORMAL   328

[CDD (BASE 65) ]
TOTAL THIS MO.    20
DPTR FM NORMAL    -3    [PRESSURE DATA]
TOTAL FM JAN 1    20    HIGHEST SLP 30.44 ON 26
DPTR FM NORMAL    -6    LOWEST  SLP 29.51 ON 12

[REMARKS]
#FINAL-04-13#
