000
CXUS55 KJKL 011000
CF6LOZ
PRELIMINARY LOCAL CLIMATOLOGICAL DATA (WS FORM: F-6)

                                          STATION:   LONDON KY
                                          MONTH:     JANUARY
                                          YEAR:      2013
                                          LATITUDE:   37  4 N
                                          LONGITUDE:  84  5 W

  TEMPERATURE IN F:       :PCPN:    SNOW:  WIND      :SUNSHINE: SKY     :PK WND
================================================================================
1   2   3   4   5  6A  6B    7    8   9   10  11  12  13   14  15   16   17  18
                                     12Z  AVG MX 2MIN
DY MAX MIN AVG DEP HDD CDD  WTR  SNW DPTH SPD SPD DIR MIN PSBL S-S WX    SPD DR
================================================================================

 1  38  33  36   0  29   0 0.21    M    M  2.9 10 350   M    M  10 1      15  60
 2  37  28  33  -3  32   0 0.00    M    M  3.4  9 360   M    M   7 18     12 360
 3  40  24  32  -4  33   0 0.00    M    M  2.0  9 260   M    M   0        12 260
 4  39  19  29  -7  36   0 0.00    M    M  2.6 15 280   M    M   1 1      18 290
 5  42  19  31  -5  34   0    T    M    M  1.5  7 160   M    M   3 1      26  90
 6  44  32  38   3  27   0 0.00    M    M  7.2 20 290   M    M  10        28 290
 7  47  22  35   0  30   0 0.00    M    M  1.8 10  30   M    M   2 18     14 330
 8  55  22  39   4  26   0 0.00    M    M  2.1 12 250   M    M   0 1      16 250
 9  53  39  46  11  19   0 0.29    M    M  0.9  6 190   M    M   9 12      8 230
10  60  46  53  18  12   0    T    M    M  3.5 10 150   M    M   7 12     16 150
11  65  49  57  22   8   0 0.09    M    M  5.4 21 180   M    M   5 12     26 170
12  67  48  58  23   7   0 0.06    M    M  2.2 10 190   M    M   6 12     14 200
13  66  40  53  18  12   0 1.12    M    M  7.8 23 290   M    M   7 1      30 290
14  40  31  36   1  29   0 0.21    M    M  7.2 15 340   M    M  10 146    20 350
15  33  31  32  -3  33   0 0.46    M    M  6.9 13  20   M    M  10 1      17  10
16  36  33  35   0  30   0 0.52    M    M  2.4 10 290   M    M  10 1      13 280
17  36  26  31  -4  34   0    T    M    M  6.1 16  40   M    M   7 1      24  10
18  42  21  32  -3  33   0 0.00    M    M  2.8 10 190   M    M   0 1      14 200
19  52  25  39   4  26   0 0.00    M    M  6.7 20 240   M    M   0        29 250
20  49  27  38   3  27   0 0.00    M    M  5.2 14 270   M    M   0        17 270
21  36  20  28  -8  37   0 0.00    M    M  8.1 25 270   M    M   1 8      32 260
22  25  12  19 -17  46   0 0.00    M    M  7.0 15 300   M    M   4        20 300
23  39  18  29  -7  36   0 0.00    M    M  3.0 15 250   M    M   4        17 250
24  33  20  27  -9  38   0 0.00    M    M  8.3 21 340   M    M   1        26 340
25  32  21  27  -9  38   0 0.31    M    M  5.9 13 270   M    M   9 16     17 260
26  31  23  27  -9  38   0 0.00    M    M  2.9  9 290   M    M   9 1      13 290
27  45  20  33  -3  32   0 0.04    M    M  2.7  9 180   M    M   4 1      14 180
28  56  39  48  12  17   0 0.19    M    M  4.2 15 190   M    M   9 1      21 190
29  69  43  56  20   9   0    T    M    M  6.4 16 180   M    M   7 1      22 180
30  67  33  50  14  15   0 1.71    M    M 12.7 33 280   M    M   9 18     44 270
31  36  29  33  -4  32   0 0.03    M    M 13.9 28 270   M    M   9 1      36 280
================================================================================
SM 1410  893       855   0  5.24    M    155.7          M      170
================================================================================
AV 45.5 28.8                               5.0 FASTST   M    M   5    MAX(MPH)
                                 MISC ---->  # 33 280               # 44  270
================================================================================
NOTES:
# LAST OF SEVERAL OCCURRENCES

COLUMN 17 PEAK WIND IN M.P.H.

PRELIMINARY LOCAL CLIMATOLOGICAL DATA (WS FORM: F-6) , PAGE 2

                                          STATION:  LONDON KY
                                          MONTH:    JANUARY
                                          YEAR:     2013
                                          LATITUDE:   37  4 N
                                          LONGITUDE:  84  5 W

[TEMPERATURE DATA]      [PRECIPITATION DATA]       SYMBOLS USED IN COLUMN 16

AVERAGE MONTHLY: 37.1   TOTAL FOR MONTH:   5.24    1 = FOG OR MIST
DPTR FM NORMAL:   1.5   DPTR FM NORMAL:    1.70    2 = FOG REDUCING VISIBILITY
HIGHEST:    69 ON 29    GRTST 24HR  1.71 ON 30-30      TO 1/4 MILE OR LESS
LOWEST:     12 ON 22                               3 = THUNDER
                        SNOW, ICE PELLETS, HAIL    4 = ICE PELLETS
                        TOTAL MONTH:    M          5 = HAIL
                        GRTST 24HR    M  ON   M    6 = FREEZING RAIN OR DRIZZLE
                        GRTST DEPTH:  M  ON   M    7 = DUSTSTORM OR SANDSTORM:
                                                       VSBY 1/2 MILE OR LESS
                                                   8 = SMOKE OR HAZE
[NO. OF DAYS WITH]      [WEATHER - DAYS WITH]      9 = BLOWING SNOW
                                                   X = TORNADO
MAX 32 OR BELOW:   3    0.01 INCH OR MORE:  13
MAX 90 OR ABOVE:   0    0.10 INCH OR MORE:   9
MIN 32 OR BELOW:  21    0.50 INCH OR MORE:   3
MIN  0 OR BELOW:   0    1.00 INCH OR MORE:   2

[HDD (BASE 65) ]
TOTAL THIS MO.   855    CLEAR  (SCALE 0-3)  10
DPTR FM NORMAL   -56    PTCLDY (SCALE 4-7)  10
TOTAL FM JUL 1  2583    CLOUDY (SCALE 8-10) 11
DPTR FM NORMAL    20

[CDD (BASE 65) ]
TOTAL THIS MO.     0
DPTR FM NORMAL     0    [PRESSURE DATA]
TOTAL FM JAN 1     0    HIGHEST SLP 30.55 ON 18
DPTR FM NORMAL     0    LOWEST  SLP 29.42 ON 30

[REMARKS]
#FINAL-01-13#
