000
CXUS55 KJKL 311000
CF6LOZ
PRELIMINARY LOCAL CLIMATOLOGICAL DATA (WS FORM: F-6)

                                          STATION:   LONDON KY
                                          MONTH:     DECEMBER
                                          YEAR:      2012
                                          LATITUDE:   37  4 N
                                          LONGITUDE:  84  5 W

  TEMPERATURE IN F:       :PCPN:    SNOW:  WIND      :SUNSHINE: SKY     :PK WND
================================================================================
1   2   3   4   5  6A  6B    7    8   9   10  11  12  13   14  15   16   17  18
                                     12Z  AVG MX 2MIN
DY MAX MIN AVG DEP HDD CDD  WTR  SNW DPTH SPD SPD DIR MIN PSBL S-S WX    SPD DR
================================================================================

 1  64  34  49   7  16   0 0.00    M    M  3.2 13 200   M    M   1 1      21  90
 2  69  43  56  14   9   0 0.04    M    M  6.5 22 210   M    M   5        31 210
 3  71  53  62  20   3   0 0.00    M    M  5.6 14 240   M    M   4        21 220
 4  66  47  57  16   8   0 0.05    M    M  5.2 18 350   M    M   8 1      28 220
 5  57  39  48   7  17   0 0.05    M    M  4.8 17  20   M    M   3 1      23  20
 6  50  32  41   0  24   0 0.10    M    M  1.7  8 180   M    M   6 1      10 180
 7  63  49  56  16   9   0    T    M    M  5.8 16 190   M    M   9        22 200
 8  65  55  60  20   5   0 0.23    M    M  5.1 16 210   M    M  10 1      22 210
 9  61  53  57  17   8   0 1.23    M    M  3.7 10 180   M    M   8 13     15 180
10  61  35  48   8  17   0 1.34    M    M  8.2 20 290   M    M   9 13     25 340
11  37  26  32  -7  33   0 0.00    M    M  3.7 12 300   M    M   7        14 300
12  44  22  33  -6  32   0 0.00    M    M  3.9 13  80   M    M   0        16  80
13  50  22  36  -3  29   0 0.00    M    M  0.5  9 360   M    M   0 1      13 250
14  56  23  40   1  25   0 0.00    M    M  0.5  7 200   M    M   0 1       9 190
15  57  34  46   8  19   0 0.02    M    M  4.6 16 190   M    M   5        23 190
16  58  53  56  18   9   0 0.01    M    M  7.2 16 190   M    M   8 1      22 170
17  56  44  50  12  15   0 0.68    M    M  4.0 29 290   M    M   7 13     40 300
18  49  40  45   7  20   0    T    M    M  7.7 20 280   M    M   6        25 270
19  58  32  45   7  20   0 0.00    M    M  1.4  9 220   M    M   0        35 150
20  53  34  44   7  21   0 0.86    M    M 11.0 33 250   M    M   7 1      40 270
21  36  27  32  -5  33   0    T    M    M 17.0 33 270   M    M  10 1      41 260
22  38  22  30  -7  35   0 0.00    M    M  4.7 14 260   M    M   2        16 280
23  50  21  36  -1  29   0 0.08    M    M  3.5 16 240   M    M   3 1      23 210
24  49  40  45   8  20   0 0.37    M    M  4.0  9 290   M    M   9 12     13 290
25  44  34  39   2  26   0 0.15    M    M  7.5 14  40   M    M  10 1      21  40
26  49  30  40   4  25   0 0.34    M    M 11.6 25 270   M    M  10 13     32 250
27  31  29  30  -6  35   0 0.00    M    M  5.1 17 280   M    M  10        23 310
28  39  29  34  -2  31   0 0.10    M    M  3.3  9  90   M    M   8 1      13 200
29  38  27  33  -3  32   0 0.18    M    M 10.0 21 260   M    M  10 1      28 250
30  36  24  30  -6  35   0 0.00    M    M  4.1 17 290   M    M   5        23 300
================================================================================
SM 1555 1053       640   0  5.83    M    165.1          M      180
================================================================================
AV 51.8 35.1                               5.5 FASTST   M    M   6    MAX(MPH)
                                 MISC ---->  # 33 250               # 41  260
================================================================================
NOTES:
# LAST OF SEVERAL OCCURRENCES

COLUMN 17 PEAK WIND IN M.P.H.

PRELIMINARY LOCAL CLIMATOLOGICAL DATA (WS FORM: F-6) , PAGE 2

                                          STATION:  LONDON KY
                                          MONTH:    DECEMBER
                                          YEAR:     2012
                                          LATITUDE:   37  4 N
                                          LONGITUDE:  84  5 W

[TEMPERATURE DATA]      [PRECIPITATION DATA]       SYMBOLS USED IN COLUMN 16

AVERAGE MONTHLY: 43.5   TOTAL FOR MONTH:   5.83    1 = FOG OR MIST
DPTR FM NORMAL:   4.9   DPTR FM NORMAL:    1.71    2 = FOG REDUCING VISIBILITY
HIGHEST:    71 ON  3    GRTST 24HR  2.06 ON  9-10      TO 1/4 MILE OR LESS
LOWEST:     21 ON 23                               3 = THUNDER
                        SNOW, ICE PELLETS, HAIL    4 = ICE PELLETS
                        TOTAL MONTH:    M          5 = HAIL
                        GRTST 24HR    M  ON   M    6 = FREEZING RAIN OR DRIZZLE
                        GRTST DEPTH:  M  ON   M    7 = DUSTSTORM OR SANDSTORM:
                                                       VSBY 1/2 MILE OR LESS
                                                   8 = SMOKE OR HAZE
[NO. OF DAYS WITH]      [WEATHER - DAYS WITH]      9 = BLOWING SNOW
                                                   X = TORNADO
MAX 32 OR BELOW:   1    0.01 INCH OR MORE:  17
MAX 90 OR ABOVE:   0    0.10 INCH OR MORE:  11
MIN 32 OR BELOW:  14    0.50 INCH OR MORE:   4
MIN  0 OR BELOW:   0    1.00 INCH OR MORE:   2

[HDD (BASE 65) ]
TOTAL THIS MO.   640    CLEAR  (SCALE 0-3)   7
DPTR FM NORMAL  -153    PTCLDY (SCALE 4-7)  13
TOTAL FM JUL 1  1694    CLOUDY (SCALE 8-10) 10
DPTR FM NORMAL    71

[CDD (BASE 65) ]
TOTAL THIS MO.     0
DPTR FM NORMAL     0    [PRESSURE DATA]
TOTAL FM JAN 1  1226    HIGHEST SLP M ON M
DPTR FM NORMAL    36    LOWEST  SLP 29.43 ON 20

[REMARKS]
