000
CXUS55 KJKL 011000
CF6LOZ
PRELIMINARY LOCAL CLIMATOLOGICAL DATA (WS FORM: F-6)

                                          STATION:   LONDON KY
                                          MONTH:     MARCH
                                          YEAR:      2013
                                          LATITUDE:   37  4 N
                                          LONGITUDE:  84  5 W

  TEMPERATURE IN F:       :PCPN:    SNOW:  WIND      :SUNSHINE: SKY     :PK WND
================================================================================
1   2   3   4   5  6A  6B    7    8   9   10  11  12  13   14  15   16   17  18
                                     12Z  AVG MX 2MIN
DY MAX MIN AVG DEP HDD CDD  WTR  SNW DPTH SPD SPD DIR MIN PSBL S-S WX    SPD DR
================================================================================

 1  40  32  36  -7  29   0 0.03    M    M  5.8 14 290   M    M  10 1      17 290
 2  32  25  29 -15  36   0 0.03    M    M  6.7 12 330   M    M  10 18     16  10
 3  32  23  28 -16  37   0    T    M    M  4.5 13 300   M    M   9 1      16 290
 4  47  17  32 -12  33   0    T    M    M  2.0  8 190   M    M   3        13 230
 5  49  30  40  -4  25   0 1.68    M    M  9.2 37 260   M    M  10 16     51 260
 6  30  28  29 -16  36   0    T    M    M 10.0 24 270   M    M  10 18     33 270
 7  33  29  31 -14  34   0    T    M    M  3.8  8  10   M    M  10 1      10  10
 8  49  24  37  -8  28   0 0.00    M    M  3.8 13  40   M    M   2        16  40
 9  66  30  48   3  17   0 0.00    M    M  3.4  9 180   M    M   2        14 130
10  69  42  56  10   9   0 0.00    M    M  6.2 18 190   M    M   0        24 180
11  60  40  50   4  15   0 0.62    M    M 10.8 21 180   M    M   7 1      30 190
12  48  34  41  -5  24   0 0.01    M    M  6.4 15 260   M    M   7 1      18 260
13  37  27  32 -14  33   0    T    M    M 10.6 22 290   M    M   9        30 280
14  45  20  33 -14  32   0 0.00    M    M  3.9 15 250   M    M   4        17 250
15  66  29  48   1  17   0    T    M    M  4.5 14 270   M    M   2        21 270
16  73  52  63  16   2   0    T    M    M 11.2 26 250   M    M   3        33 250
17  52  39  46  -2  19   0 0.13    M    M  7.6 17  10   M    M  10 1      23  10
18  59  39  49   1  16   0 1.66    M    M  6.7 17 300   M    M   9 123    23 300
19  50  32  41  -7  24   0 0.00    M    M  8.9 24 300   M    M   1        31 300
20  49  24  37 -11  28   0 0.00    M    M  9.3 24 290   M    M   2        33 300
21  35  19  27 -22  38   0 0.00    M    M  7.2 16 290   M    M   4        22 300
22  40  18  29 -20  36   0 0.00    M    M  1.1  8  50   M    M   6        12  80
23  54  37  46  -3  19   0 0.00    M    M  2.6  9  60   M    M   7        13  50
24  53  35  44  -6  21   0 0.86    M    M  7.7 33 270   M    M  10 13     48 280
25  36  30  33 -17  32   0 0.04    M    M 15.0 26 270   M    M   9 128    37 250
26  39  31  35 -15  30   0 0.02    M    M  7.9 16 290   M    M  10 1      21 300
27  42  30  36 -15  29   0 0.00    M    M  4.2 14 290   M    M   8        17 260
28  51  24  38 -13  27   0 0.00    M    M  2.4 13 280   M    M   1 1      17 300
29  47  26  37 -14  28   0    T    M    M  2.5 13 240   M    M   7 12     17 250
30  57  28  43  -9  22   0 0.09    M    M  2.6 17 230   M    M   5 12     13 190
31  56  42  49  -3  16   0 0.28    M    M  6.7 16 270   M    M   8 1      21 280
================================================================================
SM 1496  936       792   0  5.45    M    195.2          M      195
================================================================================
AV 48.3 30.2                               6.3 FASTST   M    M   6    MAX(MPH)
                                 MISC ---->  # 37 260               # 51  260
================================================================================
NOTES:
# LAST OF SEVERAL OCCURRENCES

COLUMN 17 PEAK WIND IN M.P.H.

PRELIMINARY LOCAL CLIMATOLOGICAL DATA (WS FORM: F-6) , PAGE 2

                                          STATION:  LONDON KY
                                          MONTH:    MARCH
                                          YEAR:     2013
                                          LATITUDE:   37  4 N
                                          LONGITUDE:  84  5 W

[TEMPERATURE DATA]      [PRECIPITATION DATA]       SYMBOLS USED IN COLUMN 16

AVERAGE MONTHLY: 39.2   TOTAL FOR MONTH:   5.45    1 = FOG OR MIST
DPTR FM NORMAL:  -8.2   DPTR FM NORMAL:    1.40    2 = FOG REDUCING VISIBILITY
HIGHEST:    73 ON 16    GRTST 24HR  1.68 ON  5- 5      TO 1/4 MILE OR LESS
LOWEST:     17 ON  4                               3 = THUNDER
                        SNOW, ICE PELLETS, HAIL    4 = ICE PELLETS
                        TOTAL MONTH:    M          5 = HAIL
                        GRTST 24HR    M  ON   M    6 = FREEZING RAIN OR DRIZZLE
                        GRTST DEPTH:  M  ON   M    7 = DUSTSTORM OR SANDSTORM:
                                                       VSBY 1/2 MILE OR LESS
                                                   8 = SMOKE OR HAZE
[NO. OF DAYS WITH]      [WEATHER - DAYS WITH]      9 = BLOWING SNOW
                                                   X = TORNADO
MAX 32 OR BELOW:   3    0.01 INCH OR MORE:  12
MAX 90 OR ABOVE:   0    0.10 INCH OR MORE:   6
MIN 32 OR BELOW:  22    0.50 INCH OR MORE:   4
MIN  0 OR BELOW:   0    1.00 INCH OR MORE:   2

[HDD (BASE 65) ]
TOTAL THIS MO.   792    CLEAR  (SCALE 0-3)   9
DPTR FM NORMAL   243    PTCLDY (SCALE 4-7)   9
TOTAL FM JUL 1  4140    CLOUDY (SCALE 8-10) 13
DPTR FM NORMAL   315

[CDD (BASE 65) ]
TOTAL THIS MO.     0
DPTR FM NORMAL    -3    [PRESSURE DATA]
TOTAL FM JAN 1     0    HIGHEST SLP 30.45 ON  8
DPTR FM NORMAL    -3    LOWEST  SLP 29.31 ON 24

[REMARKS]
#FINAL-03-13#
