000
CXUS53 KJKL 011310
CF6LOZ
PRELIMINARY LOCAL CLIMATOLOGICAL DATA (WS FORM: F-6)
STATION: LONDON KY
MONTH: OCTOBER
YEAR: 2022
LATITUDE: 37 4 N
LONGITUDE: 84 5 W
TEMPERATURE IN F: :PCPN: SNOW: WIND :SUNSHINE: SKY :PK WND
================================================================================
1 2 3 4 5 6A 6B 7 8 9 10 11 12 13 14 15 16 17 18
12Z AVG MX 2MIN
DY MAX MIN AVG DEP HDD CDD WTR SNW DPTH SPD SPD DIR MIN PSBL S-S WX SPD DR
================================================================================
1 62 50 56 -7 9 0 T M M 5.4 16 10 M M 7 1 23 10
2 61 53 57 -6 8 0 0.00 M M 5.3 14 20 M M 10 21 20
3 69 46 58 -4 7 0 0.00 M M 6.1 15 30 M M 4 22 30
4 70 39 55 -7 10 0 0.00 M M 2.4 12 20 M M 0 1 15 20
5 74 36 55 -7 10 0 0.00 M M 2.2 9 20 M M 0 14 10
6 75 39 57 -4 8 0 0.00 M M 1.3 9 220 M M 2 1 14 250
7 73 46 60 -1 5 0 0.00 M M 4.5 16 250 M M 1 25 270
8 60 36 48 -12 17 0 0.00 M M 4.6 14 350 M M 0 20 360
9 64 30 47 -13 18 0 0.00 M M 1.5 9 280 M M 0 12 280
10 70 32 51 -9 14 0 0.00 M M 2.0 9 40 M M 0 1 16 100
11 74 36 55 -4 10 0 0.00 M M 2.7 14 190 M M 0 20 250
12 76 47 62 3 3 0 0.27 M M 6.9 24 200 M M 5 1 38 200
13 65 40 53 -6 12 0 0.02 M M 7.7 18 260 M M 5 1 26 290
14 68 37 53 -5 12 0 0.00 M M 5.3 21 250 M M 0 28 240
15 75 51 63 5 2 0 0.00 M M 7.3 17 230 M M 1 26 220
16 64 48 56 -1 9 0 0.12 M M 3.4 12 270 M M 6 1 16 240
17 58 35 47 -10 18 0 0.00 M M 8.7 22 260 M M 3 1 33 260
18 43 30 37 -20 28 0 T M M 5.7 13 300 M M 8 1 19 290
19 54 32 43 -13 22 0 0.00 M M 7.6 18 250 M M 3 30 260
20 58 27 43 -13 22 0 0.00 M M 4.9 21 250 M M 1 27 250
21 67 30 49 -7 16 0 0.00 M M 2.6 12 200 M M 0 19 160
22 75 41 58 3 7 0 0.00 M M 2.9 14 200 M M 0 21 210
23 75 42 59 4 6 0 0.00 M M 2.3 13 190 M M 0 17 150
24 77 39 58 4 7 0 0.00 M M 2.5 14 190 M M 0 19 170
25 77 46 62 8 3 0 0.23 M M 5.7 18 190 M M 3 1 26 190
26 60 47 54 0 11 0 0.24 M M 7.7 22 260 M M 10 1 33 270
27 63 42 53 0 12 0 0.00 M M 7.0 15 20 M M 3 20 100
28 71 40 56 3 9 0 0.00 M M 1.0 7 250 M M 0 8 11 40
29 73 38 56 4 9 0 0.00 M M 0.8 8 80 M M 0 12 60
30 65 46 56 4 9 0 0.37 M M 1.7 10 180 M M 7 1 15 170
31 65 58 62 10 3 0 0.04 M M 5.0 14 250 M M 10 1 19 200
================================================================================
SM 2081 1259 336 0 1.29 M 134.7 M 89
================================================================================
AV 67.1 40.6 4.3 FASTST M M 3 MAX(MPH)
MISC ----> 24 200 38 200
================================================================================
NOTES:
# LAST OF SEVERAL OCCURRENCES
COLUMN 17 PEAK WIND IN M.P.H.
PRELIMINARY LOCAL CLIMATOLOGICAL DATA (WS FORM: F-6) , PAGE 2
STATION: LONDON KY
MONTH: OCTOBER
YEAR: 2022
LATITUDE: 37 4 N
LONGITUDE: 84 5 W
[TEMPERATURE DATA] [PRECIPITATION DATA] SYMBOLS USED IN COLUMN 16
AVERAGE MONTHLY: 53.9 TOTAL FOR MONTH: 1.29 1 = FOG OR MIST
DPTR FM NORMAL: -3.6 DPTR FM NORMAL: -2.00 2 = FOG REDUCING VISIBILITY
HIGHEST: 77 ON 25,24 GRTST 24HR 0.47 ON 25-26 TO 1/4 MILE OR LESS
LOWEST: 27 ON 20 3 = THUNDER
SNOW, ICE PELLETS, HAIL 4 = ICE PELLETS
TOTAL MONTH: M 5 = HAIL
GRTST 24HR M ON M 6 = FREEZING RAIN OR DRIZZLE
GRTST DEPTH: M ON M 7 = DUSTSTORM OR SANDSTORM:
VSBY 1/2 MILE OR LESS
8 = SMOKE OR HAZE
[NO. OF DAYS WITH] [WEATHER - DAYS WITH] 9 = BLOWING SNOW
X = TORNADO
MAX 32 OR BELOW: 0 0.01 INCH OR MORE: 7
MAX 90 OR ABOVE: 0 0.10 INCH OR MORE: 5
MIN 32 OR BELOW: 6 0.50 INCH OR MORE: 0
MIN 0 OR BELOW: 0 1.00 INCH OR MORE: 0
[HDD (BASE 65) ]
TOTAL THIS MO. 336 CLEAR (SCALE 0-3) 20
DPTR FM NORMAL 79 PTCLDY (SCALE 4-7) 7
TOTAL FM JUL 1 395 CLOUDY (SCALE 8-10) 4
DPTR FM NORMAL 100
[CDD (BASE 65) ]
TOTAL THIS MO. 0
DPTR FM NORMAL -23 [PRESSURE DATA]
TOTAL FM JAN 1 1285 HIGHEST SLP 30.39 ON 8
DPTR FM NORMAL 70 LOWEST SLP 29.71 ON 26
[REMARKS]
#FINAL-10-22#