000
CXUS55 KJKL 011000
CF6LOZ
PRELIMINARY LOCAL CLIMATOLOGICAL DATA (WS FORM: F-6)

                                          STATION:   LONDON KY
                                          MONTH:     NOVEMBER
                                          YEAR:      2016
                                          LATITUDE:   37  4 N
                                          LONGITUDE:  84  5 W

  TEMPERATURE IN F:       :PCPN:    SNOW:  WIND      :SUNSHINE: SKY     :PK WND
================================================================================
1   2   3   4   5  6A  6B    7    8   9   10  11  12  13   14  15   16   17  18
                                     12Z  AVG MX 2MIN
DY MAX MIN AVG DEP HDD CDD  WTR  SNW DPTH SPD SPD DIR MIN PSBL S-S WX    SPD DR
================================================================================

 1  83  55  69  17   0   4 0.00    M    M  3.4 17 250   M    M   1        24 230
 2  82  50  66  14   0   1 0.00    M    M  3.2 14 250   M    M   1        22 250
 3  77  57  67  15   0   2 0.02    M    M  6.2 18 260   M    M   6        24 240
 4  67  47  57   5   8   0 0.00    M    M  6.6 15  10   M    M   2        21  20
 5  65  37  51   0  14   0 0.00    M    M  2.4  8 350   M    M   0        11  30
 6  70  37  54   3  11   0 0.00    M    M  3.4 10  30   M    M   0 8      14 110
 7  70  37  54   3  11   0 0.00    M    M  1.3 10 210   M    M   6 8      13 190
 8  65  39  52   2  13   0 0.01    M    M  2.0 13 250   M    M   6 18     21  30
 9  54  36  45  -5  20   0 0.04    M    M  6.0 15 360   M    M   6 1      19 360
10  62  31  47  -3  18   0 0.00    M    M  1.8  8 250   M    M   3 12     11 270
11  62  32  47  -2  18   0 0.00    M    M  4.4 15  30   M    M   0        20  30
12  56  33  45  -4  20   0 0.00    M    M  6.1 13  30   M    M   0        18  30
13  61  26  44  -4  21   0 0.00    M    M  0.7  7 270   M    M   0 8      19 170
14  61  28  45  -3  20   0 0.00    M    M  1.8 12 280   M    M   0 18     15 220
15  62  29  46  -2  19   0 0.00    M    M  1.5 10 260   M    M   2 18     14 260
16  66  33  50   2  15   0 0.00    M    M  1.4 12 260   M    M   0        14 290
17  75  33  54   7  11   0 0.00    M    M  1.7  9 190   M    M   0        13 240
18  78  39  59  12   6   0 0.00    M    M  3.8 16 240   M    M   0 8      22 230
19  64  37  51   5  14   0 0.18    M    M 12.2 35 280   M    M   7 18     47 270
20  43  26  35 -11  30   0 0.00    M    M  5.9 16 280   M    M   2        21 290
21  45  20  33 -13  32   0 0.00    M    M  1.2  9  10   M    M   0        11  20
22  55  22  39  -6  26   0 0.00    M    M  0.7  7  80   M    M   0        10  70
23  64  33  49   4  16   0    T    M    M  5.3 16 210   M    M   4        23 180
24  65  52  59  14   6   0    T    M    M  6.2 14 220   M    M   9        21 220
25  52  38  45   1  20   0 0.00    M    M  5.9 12 320   M    M  10 1      17 310
26  47  27  37  -7  28   0 0.00    M    M  2.4 12 330   M    M   6        15 330
27  56  21  39  -5  26   0 0.00    M    M  1.5  8 200   M    M   0        11 180
28  62  40  51   8  14   0 0.40    M    M  9.2 25 190   M    M   5 18     37 180
29  67  50  59  16   6   0 0.59    M    M  7.7 20 190   M    M   4 1      24 180
30  62  43  53  10  12   0 1.35    M    M  6.7 24 280   M    M   8 1      35 280
================================================================================
SM 1898 1088       455   7  2.59    M    122.6          M       88
================================================================================
AV 63.3 36.3                               4.1 FASTST   M    M   3    MAX(MPH)
                                 MISC ---->  # 35 280               # 47  270
================================================================================
NOTES:
# LAST OF SEVERAL OCCURRENCES

COLUMN 17 PEAK WIND IN M.P.H.

PRELIMINARY LOCAL CLIMATOLOGICAL DATA (WS FORM: F-6) , PAGE 2

                                          STATION:  LONDON KY
                                          MONTH:    NOVEMBER
                                          YEAR:     2016
                                          LATITUDE:   37  4 N
                                          LONGITUDE:  84  5 W

[TEMPERATURE DATA]      [PRECIPITATION DATA]       SYMBOLS USED IN COLUMN 16

AVERAGE MONTHLY: 49.8   TOTAL FOR MONTH:   2.59    1 = FOG OR MIST
DPTR FM NORMAL:   2.2   DPTR FM NORMAL:   -1.24    2 = FOG REDUCING VISIBILITY
HIGHEST:    83 ON  1    GRTST 24HR  1.65 ON 29-30      TO 1/4 MILE OR LESS
LOWEST:     20 ON 21                               3 = THUNDER
                        SNOW, ICE PELLETS, HAIL    4 = ICE PELLETS
                        TOTAL MONTH:    M          5 = HAIL
                        GRTST 24HR    M  ON   M    6 = FREEZING RAIN OR DRIZZLE
                        GRTST DEPTH:  M  ON   M    7 = DUSTSTORM OR SANDSTORM:
                                                       VSBY 1/2 MILE OR LESS
                                                   8 = SMOKE OR HAZE
[NO. OF DAYS WITH]      [WEATHER - DAYS WITH]      9 = BLOWING SNOW
                                                   X = TORNADO
MAX 32 OR BELOW:   0    0.01 INCH OR MORE:   7
MAX 90 OR ABOVE:   0    0.10 INCH OR MORE:   4
MIN 32 OR BELOW:  10    0.50 INCH OR MORE:   2
MIN  0 OR BELOW:   0    1.00 INCH OR MORE:   1

[HDD (BASE 65) ]
TOTAL THIS MO.   455    CLEAR  (SCALE 0-3)  18
DPTR FM NORMAL   -69    PTCLDY (SCALE 4-7)  10
TOTAL FM JUL 1   591    CLOUDY (SCALE 8-10)  2
DPTR FM NORMAL  -239

[CDD (BASE 65) ]
TOTAL THIS MO.     7
DPTR FM NORMAL     5    [PRESSURE DATA]
TOTAL FM JAN 1  1507    HIGHEST SLP 30.44 ON 26
DPTR FM NORMAL   317    LOWEST  SLP 29.56 ON 28

[REMARKS]
#FINAL-11-16#
