000
CXUS55 KJKL 010800
CF6LOZ
PRELIMINARY LOCAL CLIMATOLOGICAL DATA (WS FORM: F-6)

                                          STATION:   LONDON KY
                                          MONTH:     NOVEMBER
                                          YEAR:      2014
                                          LATITUDE:   37  4 N
                                          LONGITUDE:  84  5 W

  TEMPERATURE IN F:       :PCPN:    SNOW:  WIND      :SUNSHINE: SKY     :PK WND
================================================================================
1   2   3   4   5  6A  6B    7    8   9   10  11  12  13   14  15   16   17  18
                                     12Z  AVG MX 2MIN
DY MAX MIN AVG DEP HDD CDD  WTR  SNW DPTH SPD SPD DIR MIN PSBL S-S WX    SPD DR
================================================================================

 1  38  33  36 -16  29   0 0.02    M    M 11.1 17 350   M    M  10 18     25 330
 2  51  27  39 -13  26   0 0.00    M    M  2.5 10  30   M    M   0        15  50
 3  65  28  47  -5  18   0 0.00    M    M  4.0 10 180   M    M   1        16 190
 4  68  37  53   1  12   0 0.00    M    M  3.3 14 250   M    M   0        19 210
 5  60  50  55   4  10   0 1.14    M    M  4.0 10 230   M    M  10 1      17 240
 6  59  42  51   0  14   0 0.11    M    M 12.2 29 290   M    M   8 1      42 290
 7  47  33  40 -11  25   0 0.00    M    M  4.7 14 310   M    M   6        20 300
 8  57  32  45  -5  20   0 0.00    M    M  4.5 14 250   M    M   2        18 220
 9  58  37  48  -2  17   0 0.00    M    M  1.9 10 350   M    M   4        13 340
10  67  32  50   0  15   0 0.00    M    M  4.6 13 180   M    M   0        21 220
11  70  37  54   5  11   0 0.11    M    M  7.5 20 190   M    M   3 1      27 260
12  48  36  42  -7  23   0 0.06    M    M  7.2 14 290   M    M   9 1      19 320
13  36  26  31 -17  34   0 0.02    M    M  7.9 14 340   M    M  10 18     20 330
14  31  20  26 -22  39   0    T    M    M  5.1 13  20   M    M   9        17 360
15  42  17  30 -18  35   0 0.00    M    M  2.4  9 180   M    M   3        13 170
16  43  37  40  -8  25   0 0.35    M    M  3.9 10 190   M    M  10 1      15 180
17  44  21  33 -14  32   0 0.79    M    M  9.5 21 270   M    M   9 1      26 290
18  27  17  22 -25  43   0 0.01    M    M  9.3 21 260   M    M   4        27 260
19  49  16  33 -13  32   0 0.00    M    M 10.3 23 200   M    M   1        32 210
20  43  27  35 -11  30   0 0.00    M    M  7.9 20 260   M    M   4        25 260
21  45  20  33 -13  32   0 0.00    M    M  1.9  8 120   M    M   0 8      11 120
22  60  26  43  -2  22   0 0.00    M    M  4.7 16 190   M    M   2        21 180
23  63  43  53   8  12   0 0.21    M    M  9.1 24 200   M    M   7 1      37 160
24  70  44  57  12   8   0    T    M    M 15.7 33 220   M    M   4        55 230
25  55  32  44   0  21   0 0.00    M    M  4.4 13 250   M    M   0        16 260
26  49  35  42  -2  23   0    T    M    M  4.7 15 260   M    M   4        18 260
27  38  29  34 -10  31   0 0.09    M    M  8.1 17 300   M    M  10 18     23 300
28  39  24  32 -11  33   0 0.00    M    M  4.4 14 290   M    M   4        17 290
29  56  30  43   0  22   0 0.00    M    M  8.5 21 200   M    M   5        28 240
30  64  56  60  17   5   0 0.00    M    M 11.6 22 210   M    M  10        30 200
================================================================================
SM 1542  944       699   0  2.91    M    196.9          M      149
================================================================================
AV 51.4 31.5                               6.6 FASTST   M    M   5    MAX(MPH)
                                 MISC ---->  # 33 220               # 55  230
================================================================================
NOTES:
# LAST OF SEVERAL OCCURRENCES

COLUMN 17 PEAK WIND IN M.P.H.

PRELIMINARY LOCAL CLIMATOLOGICAL DATA (WS FORM: F-6) , PAGE 2

                                          STATION:  LONDON KY
                                          MONTH:    NOVEMBER
                                          YEAR:     2014
                                          LATITUDE:   37  4 N
                                          LONGITUDE:  84  5 W

[TEMPERATURE DATA]      [PRECIPITATION DATA]       SYMBOLS USED IN COLUMN 16

AVERAGE MONTHLY: 41.4   TOTAL FOR MONTH:   2.91    1 = FOG OR MIST
DPTR FM NORMAL:  -6.2   DPTR FM NORMAL:   -0.92    2 = FOG REDUCING VISIBILITY
HIGHEST:    70 ON 24,11 GRTST 24HR  1.24 ON  5- 6      TO 1/4 MILE OR LESS
LOWEST:     16 ON 19                               3 = THUNDER
                        SNOW, ICE PELLETS, HAIL    4 = ICE PELLETS
                        TOTAL MONTH:    M          5 = HAIL
                        GRTST 24HR    M  ON   M    6 = FREEZING RAIN OR DRIZZLE
                        GRTST DEPTH:  M  ON   M    7 = DUSTSTORM OR SANDSTORM:
                                                       VSBY 1/2 MILE OR LESS
                                                   8 = SMOKE OR HAZE
[NO. OF DAYS WITH]      [WEATHER - DAYS WITH]      9 = BLOWING SNOW
                                                   X = TORNADO
MAX 32 OR BELOW:   2    0.01 INCH OR MORE:  11
MAX 90 OR ABOVE:   0    0.10 INCH OR MORE:   6
MIN 32 OR BELOW:  17    0.50 INCH OR MORE:   2
MIN  0 OR BELOW:   0    1.00 INCH OR MORE:   1

[HDD (BASE 65) ]
TOTAL THIS MO.   699    CLEAR  (SCALE 0-3)  10
DPTR FM NORMAL   175    PTCLDY (SCALE 4-7)  11
TOTAL FM JUL 1   944    CLOUDY (SCALE 8-10)  9
DPTR FM NORMAL   114

[CDD (BASE 65) ]
TOTAL THIS MO.     0
DPTR FM NORMAL    -2    [PRESSURE DATA]
TOTAL FM JAN 1  1247    HIGHEST SLP 30.52 ON 21
DPTR FM NORMAL    57    LOWEST  SLP 29.43 ON 23

[REMARKS]
#FINAL-11-14#
