000
CXUS55 KJKL 011000
CF6LOZ
PRELIMINARY LOCAL CLIMATOLOGICAL DATA (WS FORM: F-6)

                                          STATION:   LONDON KY
                                          MONTH:     DECEMBER
                                          YEAR:      2016
                                          LATITUDE:   37  4 N
                                          LONGITUDE:  84  5 W

  TEMPERATURE IN F:       :PCPN:    SNOW:  WIND      :SUNSHINE: SKY     :PK WND
================================================================================
1   2   3   4   5  6A  6B    7    8   9   10  11  12  13   14  15   16   17  18
                                     12Z  AVG MX 2MIN
DY MAX MIN AVG DEP HDD CDD  WTR  SNW DPTH SPD SPD DIR MIN PSBL S-S WX    SPD DR
================================================================================

 1  48  31  40  -2  25   0 0.00    M    M  6.1 15 260   M    M   3        20 270
 2  51  26  39  -3  26   0 0.00    M    M  4.4 15 280   M    M   0        20 270
 3  42  30  36  -6  29   0 0.00    M    M  2.2  7  30   M    M   5         9 100
 4  47  37  42   1  23   0 0.33    M    M  4.2 13 220   M    M  10 1      16 210
 5  48  43  46   5  19   0 0.00    M    M  5.3 13 260   M    M   8 1      16 240
 6  53  42  48   7  17   0 0.86    M    M  7.6 17 310   M    M  10 13     24 130
 7  47  32  40   0  25   0 0.00    M    M  2.8 10 300   M    M   4 1      13 300
 8  38  24  31  -9  34   0 0.00    M    M  7.7 18 290   M    M   3        23 290
 9  31  18  25 -15  40   0 0.00    M    M  5.3  9 310   M    M   7         9 300
10  33  13  23 -17  42   0 0.00    M    M  0.7  7 270   M    M   0        20 210
11  52  22  37  -2  28   0 0.16    M    M  8.7 22 190   M    M   3        31 190
12  51  34  43   4  22   0 0.80    M    M  6.5 22 250   M    M   8 1      29 270
13  43  34  39   0  26   0 0.01    M    M  4.4 12 340   M    M   5 1      14 330
14  37  30  34  -5  31   0 0.00    M    M  5.4 12 330   M    M  10        15 320
15  30  15  23 -15  42   0 0.00    M    M  8.3 17 320   M    M   1        24 330
16  46  15  31  -7  34   0 0.00    M    M  5.8 15 170   M    M   7        24 170
17  69  44  57  19   8   0 0.03    M    M 14.5 29 200   M    M  10        43 200
18  71  25  48  10  17   0 1.45    M    M 10.6 36 250   M    M  10 13     53 210
19  30  21  26 -12  39   0 0.00    M    M  5.0 12  10   M    M   8        17  10
20  39  18  29  -8  36   0 0.00    M    M  3.8 12 250   M    M   4 18     14 270
21  50  21  36  -1  29   0 0.00    M    M  2.8 12 180   M    M   4 18     15 200
22  46  27  37   0  28   0 0.00    M    M  5.6 15 330   M    M   1        18 320
23  54  24  39   2  26   0 0.01    M    M  3.3 12 180   M    M   5        16 160
24  55  46  51  14  14   0 0.94    M    M  5.5 21 200   M    M  10 12     27 200
25  61  52  57  20   8   0 0.36    M    M  2.3  6 140   M    M   7 12      9 140
26  69  54  62  26   3   0 0.00    M    M 11.3 23 200   M    M   5        31 200
27  64  33  49  13  16   0 0.85    M    M  9.1 22 190   M    M   5 1      28 190
28  55  26  41   5  24   0 0.31    M    M  3.4 10 190   M    M   1 13     13 180
29  49  35  42   6  23   0 0.09    M    M 13.2 25 270   M    M   6 1      37 280
30  39  27  33  -3  32   0    T    M    M 10.1 25 290   M    M   5        33 300
31  45  28  37   1  28   0 0.10    M    M  6.9 18 200   M    M   7 1      28 240
================================================================================
SM 1493  927       794   0  6.30    M    192.8          M      172
================================================================================
AV 48.2 29.9                               6.2 FASTST   M    M   6    MAX(MPH)
                                 MISC ---->  # 36 250               # 53  210
================================================================================
NOTES:
# LAST OF SEVERAL OCCURRENCES

COLUMN 17 PEAK WIND IN M.P.H.

PRELIMINARY LOCAL CLIMATOLOGICAL DATA (WS FORM: F-6) , PAGE 2

                                          STATION:  LONDON KY
                                          MONTH:    DECEMBER
                                          YEAR:     2016
                                          LATITUDE:   37  4 N
                                          LONGITUDE:  84  5 W

[TEMPERATURE DATA]      [PRECIPITATION DATA]       SYMBOLS USED IN COLUMN 16

AVERAGE MONTHLY: 39.0   TOTAL FOR MONTH:   6.30    1 = FOG OR MIST
DPTR FM NORMAL:   0.5   DPTR FM NORMAL:    2.06    2 = FOG REDUCING VISIBILITY
HIGHEST:    71 ON 18    GRTST 24HR  1.45 ON 18-18      TO 1/4 MILE OR LESS
LOWEST:     13 ON 10                               3 = THUNDER
                        SNOW, ICE PELLETS, HAIL    4 = ICE PELLETS
                        TOTAL MONTH:    M          5 = HAIL
                        GRTST 24HR    M  ON   M    6 = FREEZING RAIN OR DRIZZLE
                        GRTST DEPTH:  M  ON   M    7 = DUSTSTORM OR SANDSTORM:
                                                       VSBY 1/2 MILE OR LESS
                                                   8 = SMOKE OR HAZE
[NO. OF DAYS WITH]      [WEATHER - DAYS WITH]      9 = BLOWING SNOW
                                                   X = TORNADO
MAX 32 OR BELOW:   3    0.01 INCH OR MORE:  14
MAX 90 OR ABOVE:   0    0.10 INCH OR MORE:  10
MIN 32 OR BELOW:  20    0.50 INCH OR MORE:   5
MIN  0 OR BELOW:   0    1.00 INCH OR MORE:   1

[HDD (BASE 65) ]
TOTAL THIS MO.   794    CLEAR  (SCALE 0-3)   8
DPTR FM NORMAL   -28    PTCLDY (SCALE 4-7)  17
TOTAL FM JUL 1  1385    CLOUDY (SCALE 8-10)  6
DPTR FM NORMAL  -267

[CDD (BASE 65) ]
TOTAL THIS MO.     0
DPTR FM NORMAL    -1    [PRESSURE DATA]
TOTAL FM JAN 1  1507    HIGHEST SLP 30.69 ON 19
DPTR FM NORMAL   316    LOWEST  SLP 29.58 ON 18

[REMARKS]
#FINAL-12-16#
