000
CXUS55 KJKL 011000
CF6LOZ
PRELIMINARY LOCAL CLIMATOLOGICAL DATA (WS FORM: F-6)

                                          STATION:   LONDON KY
                                          MONTH:     NOVEMBER
                                          YEAR:      2012
                                          LATITUDE:   37  4 N
                                          LONGITUDE:  84  5 W

  TEMPERATURE IN F:       :PCPN:    SNOW:  WIND      :SUNSHINE: SKY     :PK WND
================================================================================
1   2   3   4   5  6A  6B    7    8   9   10  11  12  13   14  15   16   17  18
                                     12Z  AVG MX 2MIN
DY MAX MIN AVG DEP HDD CDD  WTR  SNW DPTH SPD SPD DIR MIN PSBL S-S WX    SPD DR
================================================================================

 1  53  35  44  -8  21   0 0.00    M    M  7.6 17 260   M    M   5        22 280
 2  58  35  47  -5  18   0 0.00    M    M  4.4 13 350   M    M   4        16  10
 3  56  30  43  -9  22   0 0.19    M    M  3.4 15  10   M    M   5 13     20  60
 4  51  33  42 -10  23   0 0.00    M    M  3.6 10 330   M    M   7        14  20
 5  53  27  40 -11  25   0 0.00    M    M  2.2  9 120   M    M   0 1      12  30
 6  51  35  43  -8  22   0 0.00    M    M  2.5 12 250   M    M   9 8      15 250
 7  46  37  42  -9  23   0 0.07    M    M  2.9  9 290   M    M   9 1      12 300
 8  55  28  42  -8  23   0 0.00    M    M  1.3  8 280   M    M   4 128    12 230
 9  61  27  44  -6  21   0 0.00    M    M  1.4  8 180   M    M   0 1      12 180
10  71  35  53   3  12   0 0.00    M    M  2.4 12 190   M    M   0 8      16 200
11  69  36  53   4  12   0 0.00    M    M  5.6 23 180   M    M   0        30 180
12  65  30  48  -1  17   0 0.55    M    M  7.5 23 290   M    M   5 12     35 200
13  47  24  36 -12  29   0 0.00    M    M  2.3  9  20   M    M   3 12     13  30
14  48  28  38 -10  27   0 0.00    M    M  4.9 12  50   M    M   0        16 110
15  54  24  39  -9  26   0 0.00    M    M  1.5  8 340   M    M   0        10  10
16  55  28  42  -6  23   0 0.00    M    M  3.5 12  10   M    M   0        15  10
17  61  29  45  -2  20   0 0.00    M    M  3.6 12  40   M    M   0        14  50
18  63  28  46  -1  19   0 0.00    M    M  1.3  9 140   M    M   0        14 120
19  62  28  45  -1  20   0 0.00    M    M  0.5  9 310   M    M   0        21 200
20  64  37  51   5  14   0 0.00    M    M  0.5  8 280   M    M   5        10 280
21  65  38  52   6  13   0 0.00    M    M  1.9 10  40   M    M   2        14  30
22  66  31  49   4  16   0 0.00    M    M  1.5 10 180   M    M   0 8      13 190
23  55  37  46   1  19   0 0.02    M    M  7.6 20 280   M    M   4 18     24 280
24  38  22  30 -15  35   0 0.00    M    M  4.7 13 300   M    M   4        17 310
25  53  20  37  -7  28   0 0.00    M    M  4.2 15 240   M    M   0 1      21 230
26  55  29  42  -2  23   0 0.02    M    M  1.4  8  10   M    M   8 8      10  10
27  42  34  38  -6  27   0 0.06    M    M  5.6 12 360   M    M  10 1      15 360
28  45  26  36  -7  29   0 0.00    M    M  1.8  8 240   M    M   5        10 270
29  54  21  38  -5  27   0 0.00    M    M  1.7 10 240   M    M   0 1      14 240
30  59  28  44   1  21   0 0.00    M    M  4.1 20 240   M    M   2        26 240
================================================================================
SM 1675  900       655   0  0.91    M     97.4          M       91
================================================================================
AV 55.8 30.0                               3.2 FASTST   M    M   3    MAX(MPH)
                                 MISC ---->  # 23 180               # 35  200
================================================================================
NOTES:
# LAST OF SEVERAL OCCURRENCES

COLUMN 17 PEAK WIND IN M.P.H.

PRELIMINARY LOCAL CLIMATOLOGICAL DATA (WS FORM: F-6) , PAGE 2

                                          STATION:  LONDON KY
                                          MONTH:    NOVEMBER
                                          YEAR:     2012
                                          LATITUDE:   37  4 N
                                          LONGITUDE:  84  5 W

[TEMPERATURE DATA]      [PRECIPITATION DATA]       SYMBOLS USED IN COLUMN 16

AVERAGE MONTHLY: 42.9   TOTAL FOR MONTH:   0.91    1 = FOG OR MIST
DPTR FM NORMAL:  -4.7   DPTR FM NORMAL:   -2.92    2 = FOG REDUCING VISIBILITY
HIGHEST:    71 ON 10    GRTST 24HR  0.55 ON 12-12      TO 1/4 MILE OR LESS
LOWEST:     20 ON 25                               3 = THUNDER
                        SNOW, ICE PELLETS, HAIL    4 = ICE PELLETS
                        TOTAL MONTH:    M          5 = HAIL
                        GRTST 24HR    M  ON   M    6 = FREEZING RAIN OR DRIZZLE
                        GRTST DEPTH:  M  ON   M    7 = DUSTSTORM OR SANDSTORM:
                                                       VSBY 1/2 MILE OR LESS
                                                   8 = SMOKE OR HAZE
[NO. OF DAYS WITH]      [WEATHER - DAYS WITH]      9 = BLOWING SNOW
                                                   X = TORNADO
MAX 32 OR BELOW:   0    0.01 INCH OR MORE:   6
MAX 90 OR ABOVE:   0    0.10 INCH OR MORE:   2
MIN 32 OR BELOW:  19    0.50 INCH OR MORE:   1
MIN  0 OR BELOW:   0    1.00 INCH OR MORE:   0

[HDD (BASE 65) ]
TOTAL THIS MO.   655    CLEAR  (SCALE 0-3)  15
DPTR FM NORMAL   131    PTCLDY (SCALE 4-7)  12
TOTAL FM JUL 1  1054    CLOUDY (SCALE 8-10)  3
DPTR FM NORMAL   224

[CDD (BASE 65) ]
TOTAL THIS MO.     0
DPTR FM NORMAL    -2    [PRESSURE DATA]
TOTAL FM JAN 1  1226    HIGHEST SLP 30.51 ON 13
DPTR FM NORMAL    36    LOWEST  SLP 29.86 ON  2

[REMARKS]
#FINAL-11-12#
