000
CXUS55 KJKL 011000
CF6LOZ
PRELIMINARY LOCAL CLIMATOLOGICAL DATA (WS FORM: F-6)

                                          STATION:   LONDON KY
                                          MONTH:     JUNE
                                          YEAR:      2012
                                          LATITUDE:   37  4 N
                                          LONGITUDE:  84  5 W

  TEMPERATURE IN F:       :PCPN:    SNOW:  WIND      :SUNSHINE: SKY     :PK WND
================================================================================
1   2   3   4   5  6A  6B    7    8   9   10  11  12  13   14  15   16   17  18
                                     12Z  AVG MX 2MIN
DY MAX MIN AVG DEP HDD CDD  WTR  SNW DPTH SPD SPD DIR MIN PSBL S-S WX    SPD DR
================================================================================

 1  72  52  62  -7   3   0 0.17    M    M  8.6 22 260   M    M   9 1      26 290
 2  70  45  58 -11   7   0 0.00    M    M  3.6 15 260   M    M   4 12     18 270
 3  80  50  65  -5   0   0 0.00    M    M  5.1 18 250   M    M   4        25 250
 4  78  57  68  -2   0   3 0.15    M    M  3.5 16 360   M    M   7 1      21 360
 5  75  56  66  -4   0   1 0.00    M    M  4.1 13  10   M    M   5 12     16  10
 6  75  53  64  -6   1   0 0.00    M    M  5.1 13  20   M    M   3        16  20
 7  79  50  65  -6   0   0 0.00    M    M  3.1 12  20   M    M   1 1      21  70
 8  83  50  67  -4   0   2 0.00    M    M  1.8  9 100   M    M   1        14 340
 9  86  52  69  -2   0   4 0.00    M    M  2.0 12 270   M    M   1 1      15 270
10  80  62  71  -1   0   6 0.00    M    M  2.7 13 150   M    M   3 1      22 140
11  77  66  72   0   0   7 0.02    M    M  4.0 13 210   M    M   7 1      17 210
12  82  65  74   2   0   9 0.00    M    M  4.1 13 260   M    M   5        16 260
13  84  61  73   1   0   8 0.00    M    M  5.0 15  10   M    M   0        20  20
14  86  57  72  -1   0   7 0.00    M    M  3.5 12 360   M    M   0        16  10
15  87  62  75   2   0  10 0.00    M    M  2.4 13 200   M    M   5 3      17 180
16  81  64  73   0   0   8 0.02    M    M  3.8 17 280   M    M   3 1      28 330
17  84  63  74   1   0   9 0.01    M    M  4.5 15 250   M    M   M 1      21 230
18  88  64  76   2   0  11 0.00    M    M   M  17 250   M    M   M        23 250
19  89  60  75   1   0  10 0.00    M    M  1.6 12 240   M    M   M 1      16 250
20  92  64  78   4   0  13 0.00    M    M  2.1  9  90   M    M   1 1      15 130
21  92  67  80   6   0  15 0.00    M    M  3.3 10 280   M    M   4 1      21 200
22  91  69  80   6   0  15 0.00    M    M  4.0 15 320   M    M   3        20 310
23  90  61  76   1   0  11 0.00    M    M  2.3 12  30   M    M   1        15 110
24  94  64  79   4   0  14 0.00    M    M  2.4 12  20   M    M   0        17  20
25  92  62  77   2   0  12 0.00    M    M  5.4 17  20   M    M   1 1      24  20
26  82  54  68  -7   0   3 0.00    M    M  7.0 16  20   M    M   0        25  10
27  89  50  70  -5   0   5 0.00    M    M  2.2 13 100   M    M   0        16  90
28  99  56  78   2   0  13 0.00    M    M  5.1 16 260   M    M   0        22 280
29 105  64  85   9   0  20 0.00    M    M  3.6 14  30   M    M   0 8      20  50
30 104  69  87  11   0  22 0.00    M    M  3.5 18 290   M    M   0        24 280
================================================================================
SM 2566 1769        11 238  0.37    M    109.4          M       68
================================================================================
AV 85.5 59.0                               3.8 FASTST   M    M   3    MAX(MPH)
                                 MISC ---->  # 22 260               # 28  330
================================================================================
NOTES:
# LAST OF SEVERAL OCCURRENCES

COLUMN 17 PEAK WIND IN M.P.H.

PRELIMINARY LOCAL CLIMATOLOGICAL DATA (WS FORM: F-6) , PAGE 2

                                          STATION:  LONDON KY
                                          MONTH:    JUNE
                                          YEAR:     2012
                                          LATITUDE:   37  4 N
                                          LONGITUDE:  84  5 W

[TEMPERATURE DATA]      [PRECIPITATION DATA]       SYMBOLS USED IN COLUMN 16

AVERAGE MONTHLY: 72.2   TOTAL FOR MONTH:   0.37    1 = FOG OR MIST
DPTR FM NORMAL:  -0.6   DPTR FM NORMAL:   -4.03    2 = FOG REDUCING VISIBILITY
HIGHEST:   105 ON 29    GRTST 24HR  0.17 ON  1- 1      TO 1/4 MILE OR LESS
LOWEST:     45 ON  2                               3 = THUNDER
                        SNOW, ICE PELLETS, HAIL    4 = ICE PELLETS
                        TOTAL MONTH:    M          5 = HAIL
                        GRTST 24HR    M  ON   M    6 = FREEZING RAIN OR DRIZZLE
                        GRTST DEPTH:  M  ON   M    7 = DUSTSTORM OR SANDSTORM:
                                                       VSBY 1/2 MILE OR LESS
                                                   8 = SMOKE OR HAZE
[NO. OF DAYS WITH]      [WEATHER - DAYS WITH]      9 = BLOWING SNOW
                                                   X = TORNADO
MAX 32 OR BELOW:   0    0.01 INCH OR MORE:   5
MAX 90 OR ABOVE:   9    0.10 INCH OR MORE:   2
MIN 32 OR BELOW:   0    0.50 INCH OR MORE:   0
MIN  0 OR BELOW:   0    1.00 INCH OR MORE:   0

[HDD (BASE 65) ]
TOTAL THIS MO.    11    CLEAR  (SCALE 0-3)  16
DPTR FM NORMAL     2    PTCLDY (SCALE 4-7)  10
TOTAL FM JUL 1  3585    CLOUDY (SCALE 8-10)  1
DPTR FM NORMAL  -642

[CDD (BASE 65) ]
TOTAL THIS MO.   238
DPTR FM NORMAL    -5    [PRESSURE DATA]
TOTAL FM JAN 1   421    HIGHEST SLP 30.23 ON 16
DPTR FM NORMAL    64    LOWEST  SLP 29.66 ON  1

[REMARKS]
#FINAL-06-12#
