000
CXUS55 KJKL 011000
CF6LOZ
PRELIMINARY LOCAL CLIMATOLOGICAL DATA (WS FORM: F-6)

                                          STATION:   LONDON KY
                                          MONTH:     FEBRUARY
                                          YEAR:      2012
                                          LATITUDE:   37  4 N
                                          LONGITUDE:  84  5 W

  TEMPERATURE IN F:       :PCPN:    SNOW:  WIND      :SUNSHINE: SKY     :PK WND
================================================================================
1   2   3   4   5  6A  6B    7    8   9   10  11  12  13   14  15   16   17  18
                                     12Z  AVG MX 2MIN
DY MAX MIN AVG DEP HDD CDD  WTR  SNW DPTH SPD SPD DIR MIN PSBL S-S WX    SPD DR
================================================================================

 1  58  49  54  17  11   0 0.34    M    M  5.5 14 230   M    M  10 1      24 210
 2  57  35  46   9  19   0 0.02    M    M  4.6 13 350   M    M   4 1      15 350
 3  61  29  45   8  20   0 0.00    M    M  3.2 12 110   M    M   0        15 100
 4  53  44  49  12  16   0 0.57    M    M  2.6  9 200   M    M   9 1      13 200
 5  53  39  46   9  19   0 0.04    M    M  5.2 12  20   M    M  10 1      16 330
 6  45  29  37  -1  28   0    T    M    M  2.8 13 300   M    M   7 1      17 300
 7  50  25  38   0  27   0 0.00    M    M  1.2  9 260   M    M   5 12     13 290
 8  38  33  36  -2  29   0    T    M    M  4.8 12 350   M    M  10 1      15 290
 9  37  31  34  -4  31   0 0.00    M    M  1.3  6  90   M    M  10         8 110
10  38  27  33  -5  32   0 0.06    M    M  2.5 12 270   M    M   8 1      13 260
11  32  19  26 -13  39   0 0.02    M    M 12.4 24 340   M    M  10 1      31 310
12  34  13  24 -15  41   0 0.00    M    M  6.9 16 270   M    M   1        20 290
13  41  16  29 -10  36   0 0.00    M    M  1.7  8 200   M    M   4        10 150
14  41  32  37  -2  28   0 0.14    M    M  3.4 13 270   M    M  10 1      16 280
15  60  28  44   4  21   0    T    M    M  2.3  9 160   M    M   5 12     13 160
16  56  45  51  11  14   0 0.46    M    M  5.3 17 290   M    M  10 1      22 280
17  53  35  44   4  21   0 0.00    M    M  2.8 10 320   M    M   4 18     15 310
18  54  36  45   5  20   0 0.00    M    M  2.8  9  40   M    M   4        13  40
19  45  23  34  -6  31   0 0.54    M    M  6.6 15 360   M    M  10 12     21 350
20  39  15  27 -14  38   0 0.00    M    M  2.6  8  30   M    M   5 12     10  80
21  58  27  43   2  22   0 0.00    M    M  6.5 26 210   M    M   4 1      35 210
22  60  30  45   4  20   0 0.04    M    M  6.8 22 240   M    M   5        31 240
23  71  44  58  16   7   0 0.10    M    M  8.1 20 230   M    M   5 123    32 220
24  68  35  52  10  13   0    T    M    M 14.5 31 280   M    M   7 3      49 270
25  42  25  34  -8  31   0 0.00    M    M  8.0 20 270   M    M   3        26 280
26  55  20  38  -4  27   0 0.00    M    M  2.5 10 190   M    M   0        16 150
27  64  31  48   5  17   0 0.00    M    M  4.7 17 240   M    M   2        22 250
28  68  36  52   9  13   0 0.00    M    M  3.1  8 180   M    M   1        13 210
29  69  57  63  20   2   0 0.35    M    M 12.0 25 220   M    M   8 13     36 200
================================================================================
SM 1500  908       673   0  2.68    M    146.7          M      171
================================================================================
AV 51.7 31.3                               5.1 FASTST   M    M   6    MAX(MPH)
                                 MISC ---->  # 31 280               # 49  270
================================================================================
NOTES:
# LAST OF SEVERAL OCCURRENCES

COLUMN 17 PEAK WIND IN M.P.H.

PRELIMINARY LOCAL CLIMATOLOGICAL DATA (WS FORM: F-6) , PAGE 2

                                          STATION:  LONDON KY
                                          MONTH:    FEBRUARY
                                          YEAR:     2012
                                          LATITUDE:   37  4 N
                                          LONGITUDE:  84  5 W

[TEMPERATURE DATA]      [PRECIPITATION DATA]       SYMBOLS USED IN COLUMN 16

AVERAGE MONTHLY: 41.5   TOTAL FOR MONTH:   2.68    1 = FOG OR MIST
DPTR FM NORMAL:   2.0   DPTR FM NORMAL:   -1.03    2 = FOG REDUCING VISIBILITY
HIGHEST:    71 ON 23    GRTST 24HR  0.61 ON  4- 5      TO 1/4 MILE OR LESS
LOWEST:     13 ON 12                               3 = THUNDER
                        SNOW, ICE PELLETS, HAIL    4 = ICE PELLETS
                        TOTAL MONTH:    M          5 = HAIL
                        GRTST 24HR    M  ON   M    6 = FREEZING RAIN OR DRIZZLE
                        GRTST DEPTH:  M  ON   M    7 = DUSTSTORM OR SANDSTORM:
                                                       VSBY 1/2 MILE OR LESS
                                                   8 = SMOKE OR HAZE
[NO. OF DAYS WITH]      [WEATHER - DAYS WITH]      9 = BLOWING SNOW
                                                   X = TORNADO
MAX 32 OR BELOW:   1    0.01 INCH OR MORE:  12
MAX 90 OR ABOVE:   0    0.10 INCH OR MORE:   7
MIN 32 OR BELOW:  17    0.50 INCH OR MORE:   2
MIN  0 OR BELOW:   0    1.00 INCH OR MORE:   0

[HDD (BASE 65) ]
TOTAL THIS MO.   673    CLEAR  (SCALE 0-3)   5
DPTR FM NORMAL   -40    PTCLDY (SCALE 4-7)  14
TOTAL FM JUL 1  3035    CLOUDY (SCALE 8-10) 10
DPTR FM NORMAL  -263

[CDD (BASE 65) ]
TOTAL THIS MO.     0
DPTR FM NORMAL     0    [PRESSURE DATA]
TOTAL FM JAN 1     0    HIGHEST SLP 30.45 ON 12
DPTR FM NORMAL     0    LOWEST  SLP 29.36 ON 23

[REMARKS]
#FINAL-02-12#
