000
CXUS55 KJKL 011000
CF6LOZ
PRELIMINARY LOCAL CLIMATOLOGICAL DATA (WS FORM: F-6)

                                          STATION:   LONDON KY
                                          MONTH:     MAY
                                          YEAR:      2012
                                          LATITUDE:   37  4 N
                                          LONGITUDE:  84  5 W

  TEMPERATURE IN F:       :PCPN:    SNOW:  WIND      :SUNSHINE: SKY     :PK WND
================================================================================
1   2   3   4   5  6A  6B    7    8   9   10  11  12  13   14  15   16   17  18
                                     12Z  AVG MX 2MIN
DY MAX MIN AVG DEP HDD CDD  WTR  SNW DPTH SPD SPD DIR MIN PSBL S-S WX    SPD DR
================================================================================

 1  84  62  73  12   0   8 0.16    M    M  4.0 15 240   M    M   5 13     20 240
 2  87  63  75  14   0  10 0.00    M    M  4.8 16 230   M    M   2 1      20 260
 3  83  60  72  10   0   7    T    M    M  2.2 12 250   M    M   1 1      15 240
 4  83  64  74  12   0   9 0.02    M    M  4.7 13 290   M    M   6        17 300
 5  77  62  70   8   0   5 1.01    M    M  4.6 20 340   M    M   6 13     28 320
 6  83  57  70   8   0   5 0.00    M    M  1.4  8  50   M    M   3 12     10  60
 7  81  60  71   9   0   6 0.57    M    M  3.3 16 220   M    M   4 13     25 170
 8  74  61  68   5   0   3 0.59    M    M  5.9 14 300   M    M   7 1      21 210
 9  71  52  62  -1   3   0 0.02    M    M  5.6 17 290   M    M   6 1      25 320
10  68  45  57  -6   8   0 0.00    M    M  4.2 13  10   M    M   1        20 320
11  72  41  57  -7   8   0 0.00    M    M  2.0 10 100   M    M   0 1      15  70
12  75  49  62  -2   3   0 0.33    M    M  2.0 12 200   M    M   4 1      16 180
13  63  60  62  -2   3   0 1.16    M    M  2.6  8 120   M    M  10 1      13 150
14  69  57  63  -1   2   0 0.10    M    M  4.3 14 360   M    M   8 1      17 350
15  74  54  64   0   1   0 0.00    M    M  2.0  9  80   M    M   5 1      13  60
16  79  51  65   0   0   0 0.00    M    M  2.6 10 270   M    M   4 12     13 260
17  78  54  66   1   0   1 0.00    M    M  4.5 12  30   M    M   1 1      16  20
18  82  54  68   3   0   3 0.00    M    M  1.9  9  30   M    M   0        13  30
19  84  55  70   4   0   5 0.00    M    M  2.1  9  20   M    M   1 1      15  50
20  83  57  70   4   0   5 0.00    M    M  1.6 10  30   M    M   2 13     14  20
21  80  57  69   3   0   4 0.41    M    M  3.6 16  10   M    M   5 138    25 300
22  72  59  66   0   0   1    T    M    M  2.3 13  10   M    M   8 13     24  40
23  78  54  66   0   0   1 0.00    M    M  1.6  8  80   M    M   7 12     10  90
24  81  58  70   3   0   5 0.00    M    M  2.9 20 180   M    M   1 1      15 190
25  87  57  72   5   0   7 0.00    M    M  2.3 12 230   M    M   1 1      15 270
26  88  63  76   9   0  11 0.00    M    M  1.2  8 240   M    M   0 1      10 160
27  90  64  77   9   0  12 0.00    M    M  1.6  8 270   M    M   1 1      10 230
28  88  68  78  10   0  13 0.00    M    M  2.1 12 250   M    M   0 1      15 240
29  79  64  72   4   0   7 0.36    M    M  3.0 16 330   M    M   5 13     22 150
30  84  61  73   5   0   8 0.00    M    M  1.6 13 350   M    M   6 12     20 150
31  84  54  69   0   0   4    T    M    M  3.1 12 180   M    M   2 12     18 210
================================================================================
SM 2461 1777        28 140  4.73    M     91.6          M      112
================================================================================
AV 79.4 57.3                               3.0 FASTST   M    M   4    MAX(MPH)
                                 MISC ---->  # 20 340               # 28  320
================================================================================
NOTES:
# LAST OF SEVERAL OCCURRENCES

COLUMN 17 PEAK WIND IN M.P.H.

PRELIMINARY LOCAL CLIMATOLOGICAL DATA (WS FORM: F-6) , PAGE 2

                                          STATION:  LONDON KY
                                          MONTH:    MAY
                                          YEAR:     2012
                                          LATITUDE:   37  4 N
                                          LONGITUDE:  84  5 W

[TEMPERATURE DATA]      [PRECIPITATION DATA]       SYMBOLS USED IN COLUMN 16

AVERAGE MONTHLY: 68.4   TOTAL FOR MONTH:   4.73    1 = FOG OR MIST
DPTR FM NORMAL:   3.6   DPTR FM NORMAL:   -0.45    2 = FOG REDUCING VISIBILITY
HIGHEST:    90 ON 27    GRTST 24HR  1.23 ON 13-14      TO 1/4 MILE OR LESS
LOWEST:     41 ON 11                               3 = THUNDER
                        SNOW, ICE PELLETS, HAIL    4 = ICE PELLETS
                        TOTAL MONTH:    M          5 = HAIL
                        GRTST 24HR    M  ON   M    6 = FREEZING RAIN OR DRIZZLE
                        GRTST DEPTH:  M  ON   M    7 = DUSTSTORM OR SANDSTORM:
                                                       VSBY 1/2 MILE OR LESS
                                                   8 = SMOKE OR HAZE
[NO. OF DAYS WITH]      [WEATHER - DAYS WITH]      9 = BLOWING SNOW
                                                   X = TORNADO
MAX 32 OR BELOW:   0    0.01 INCH OR MORE:  11
MAX 90 OR ABOVE:   1    0.10 INCH OR MORE:   9
MIN 32 OR BELOW:   0    0.50 INCH OR MORE:   4
MIN  0 OR BELOW:   0    1.00 INCH OR MORE:   2

[HDD (BASE 65) ]
TOTAL THIS MO.    28    CLEAR  (SCALE 0-3)  14
DPTR FM NORMAL   -67    PTCLDY (SCALE 4-7)  16
TOTAL FM JUL 1  3574    CLOUDY (SCALE 8-10)  1
DPTR FM NORMAL  -644

[CDD (BASE 65) ]
TOTAL THIS MO.   140
DPTR FM NORMAL    52    [PRESSURE DATA]
TOTAL FM JAN 1   183    HIGHEST SLP 30.27 ON 12
DPTR FM NORMAL    69    LOWEST  SLP 29.70 ON 31

[REMARKS]
#FINAL-05-12#
