000
CXUS55 KJKL 311000
CF6LOZ
PRELIMINARY LOCAL CLIMATOLOGICAL DATA (WS FORM: F-6)

                                          STATION:   LONDON KY
                                          MONTH:     DECEMBER
                                          YEAR:      2011
                                          LATITUDE:   37  4 N
                                          LONGITUDE:  84  5 W

  TEMPERATURE IN F:       :PCPN:    SNOW:  WIND      :SUNSHINE: SKY     :PK WND
================================================================================
1   2   3   4   5  6A  6B    7    8   9   10  11  12  13   14  15   16   17  18
                                     12Z  AVG MX 2MIN
DY MAX MIN AVG DEP HDD CDD  WTR  SNW DPTH SPD SPD DIR MIN PSBL S-S WX    SPD DR
================================================================================

 1  51  22  37  -5  28   0 0.00    M    M  0.9  6 150   M    M   0         9 160
 2  55  24  40  -2  25   0 0.00    M    M  0.4  8 280   M    M   0        10 330
 3  64  30  47   5  18   0 0.00    M    M  1.8 13 190   M    M   0        17 200
 4  63  36  50   9  15   0 0.00    M    M  7.8 21 180   M    M   0        29 180
 5  66  53  60  19   5   0 0.30    M    M  6.7 23 190   M    M   7 1      30 180
 6  57  41  49   8  16   0 0.60    M    M  4.4 10 320   M    M   9 1      20 230
 7  41  28  35  -5  30   0 0.56    M    M  6.6 18 310   M    M  10 1      25 300
 8  42  22  32  -8  33   0 0.00    M    M  1.5  9 250   M    M   0 1      10 290
 9  46  23  35  -5  30   0 0.00    M    M  1.8 10 250   M    M   0        13 250
10  40  24  32  -8  33   0 0.00    M    M  3.8 10 300   M    M   2        15 360
11  47  18  33  -6  32   0 0.00    M    M  1.0  7 100   M    M   0        12  70
12  48  22  35  -4  30   0 0.00    M    M  0.6  5 140   M    M   7         6 160
13  49  40  45   6  20   0 0.00    M    M  0.4  6 170   M    M  10 12     14 190
14  62  39  51  12  14   0 0.00    M    M  2.4 13 210   M    M   2 12     17 220
15  62  47  55  17  10   0 0.11    M    M  8.5 23 220   M    M   8 1      36 230
16  51  34  43   5  22   0 0.44    M    M  5.8 14 340   M    M  10 1      17 360
17  39  28  34  -4  31   0 0.00    M    M  3.1 10 250   M    M   6        18 170
18  47  24  36  -2  29   0 0.00    M    M  3.0 13 250   M    M   2 1      16 260
19  55  28  42   4  23   0 0.00    M    M  3.5 17 230   M    M   5        22 240
20  59  37  48  11  17   0 0.01    M    M  3.5 14 210   M    M   7        18 190
21  62  41  52  15  13   0 0.32    M    M  9.5 25 250   M    M   4 1      36 260
22  50  38  44   7  21   0 0.95    M    M  2.8 16 260   M    M   5 1      20 260
23  44  39  42   5  23   0    T    M    M  3.9  9 280   M    M  10 1      13 300
24  44  27  36  -1  29   0 0.00    M    M  2.1  9 220   M    M   4 1      13 220
25  53  26  40   3  25   0 0.00    M    M  4.6 18 250   M    M   0 1      23 250
26  45  24  35  -1  30   0 0.00    M    M  2.3 10 140   M    M   0        14  80
27  46  35  41   5  24   0 1.11    M    M 10.7 35 250   M    M  10 1      44 250
28  42  29  36   0  29   0    T    M    M  6.5 17 290   M    M   4        23 290
29  51  26  39   3  26   0 0.00    M    M  5.1 16 240   M    M   1        24 230
30  60  39  50  14  15   0 0.00    M    M  9.2 29 210   M    M   6        41 220
================================================================================
SM 1541  944       696   0  4.40    M    124.2          M      129
================================================================================
AV 51.4 31.5                               4.1 FASTST   M    M   4    MAX(MPH)
                                 MISC ---->  # 35 250               # 44  250
================================================================================
NOTES:
# LAST OF SEVERAL OCCURRENCES

COLUMN 17 PEAK WIND IN M.P.H.

PRELIMINARY LOCAL CLIMATOLOGICAL DATA (WS FORM: F-6) , PAGE 2

                                          STATION:  LONDON KY
                                          MONTH:    DECEMBER
                                          YEAR:     2011
                                          LATITUDE:   37  4 N
                                          LONGITUDE:  84  5 W

[TEMPERATURE DATA]      [PRECIPITATION DATA]       SYMBOLS USED IN COLUMN 16

AVERAGE MONTHLY: 41.4   TOTAL FOR MONTH:   4.40    1 = FOG OR MIST
DPTR FM NORMAL:   2.8   DPTR FM NORMAL:    0.28    2 = FOG REDUCING VISIBILITY
HIGHEST:    66 ON  5    GRTST 24HR  1.11 ON 27-27      TO 1/4 MILE OR LESS
LOWEST:     18 ON 11                               3 = THUNDER
                        SNOW, ICE PELLETS, HAIL    4 = ICE PELLETS
                        TOTAL MONTH:    M          5 = HAIL
                        GRTST 24HR    M  ON   M    6 = FREEZING RAIN OR DRIZZLE
                        GRTST DEPTH:  M  ON   M    7 = DUSTSTORM OR SANDSTORM:
                                                       VSBY 1/2 MILE OR LESS
                                                   8 = SMOKE OR HAZE
[NO. OF DAYS WITH]      [WEATHER - DAYS WITH]      9 = BLOWING SNOW
                                                   X = TORNADO
MAX 32 OR BELOW:   0    0.01 INCH OR MORE:   9
MAX 90 OR ABOVE:   0    0.10 INCH OR MORE:   8
MIN 32 OR BELOW:  17    0.50 INCH OR MORE:   4
MIN  0 OR BELOW:   0    1.00 INCH OR MORE:   1

[HDD (BASE 65) ]
TOTAL THIS MO.   696    CLEAR  (SCALE 0-3)  13
DPTR FM NORMAL   -97    PTCLDY (SCALE 4-7)  11
TOTAL FM JUL 1  1548    CLOUDY (SCALE 8-10)  6
DPTR FM NORMAL   -75

[CDD (BASE 65) ]
TOTAL THIS MO.     0
DPTR FM NORMAL     0    [PRESSURE DATA]
TOTAL FM JAN 1  1249    HIGHEST SLP M ON M
DPTR FM NORMAL    59    LOWEST  SLP 29.49 ON 27

[REMARKS]
