000
CXUS55 KJKL 011000
CF6LOZ
PRELIMINARY LOCAL CLIMATOLOGICAL DATA (WS FORM: F-6)

                                          STATION:   LONDON KY
                                          MONTH:     DECEMBER
                                          YEAR:      2015
                                          LATITUDE:   37  4 N
                                          LONGITUDE:  84  5 W

  TEMPERATURE IN F:       :PCPN:    SNOW:  WIND      :SUNSHINE: SKY     :PK WND
================================================================================
1   2   3   4   5  6A  6B    7    8   9   10  11  12  13   14  15   16   17  18
                                     12Z  AVG MX 2MIN
DY MAX MIN AVG DEP HDD CDD  WTR  SNW DPTH SPD SPD DIR MIN PSBL S-S WX    SPD DR
================================================================================

 1  62  50  56  14   9   0 1.26    M    M  5.1 14 270   M    M  10 1      18 260
 2  51  36  44   2  21   0 0.30    M    M  8.4 22 250   M    M   8 1      27 260
 3  44  29  37  -5  28   0 0.00    M    M  4.2 13 320   M    M   3        16 310
 4  50  25  38  -3  27   0 0.00    M    M  1.6  9  30   M    M   0 8      14  10
 5  59  24  42   1  23   0 0.00    M    M  1.2  7  20   M    M   0         8 180
 6  58  24  41   0  24   0 0.00    M    M  2.4 17 240   M    M   1        22 250
 7  49  36  43   3  22   0 0.04    M    M  2.7 10 280   M    M   9 1      12 250
 8  58  28  43   3  22   0 0.00    M    M  2.4 14 250   M    M   3 12     17 260
 9  55  31  43   3  22   0    T    M    M  4.9 16 180   M    M   4 12     20 180
10  62  33  48   8  17   0 0.00    M    M  3.9 15 210   M    M   5 12     21 190
11  68  54  61  22   4   0 0.00    M    M  6.8 17 230   M    M   7        22 230
12  71  55  63  24   2   0 0.00    M    M  7.5 17 220   M    M   5        24 200
13  67  48  58  19   7   0 0.00    M    M  5.9 16 180   M    M   0 1      22 190
14  69  55  62  23   3   0 0.44    M    M 13.2 30 270   M    M   5 1      43 270
15  61  41  51  13  14   0 0.00    M    M  4.5 25 260   M    M   2 8      32 260
16  69  34  52  14  13   0 0.05    M    M  3.2 14 140   M    M   1        19 150
17  55  33  44   6  21   0 0.73    M    M  5.6 13 320   M    M   7 1      17 310
18  33  27  30  -8  35   0    T    M    M  7.9 20 270   M    M   6        26 270
19  43  24  34  -4  31   0 0.00    M    M  5.1 16 260   M    M   0        19 280
20  49  22  36  -1  29   0 0.00    M    M  3.1 10 190   M    M   0        13 200
21  56  38  47  10  18   0 0.38    M    M  6.7 15 180   M    M   7 1      21 180
22  62  53  58  21   7   0 0.17    M    M  4.9 14 180   M    M   8 1      19 170
23  66  53  60  23   5   0 0.22    M    M  9.1 24 180   M    M   5 1      33 190
24  72  51  62  25   3   0 0.30    M    M  3.7 29 280   M    M   4 13     45 290
25  65  49  57  20   8   0 1.27    M    M  1.9 15 300   M    M   8 13     20 290
26  71  54  63  27   2   0 0.06    M    M  3.7 18 210   M    M   8 1      27 220
27  75  51  63  27   2   0 0.01    M    M  7.5 22 210   M    M   5        30 220
28  72  51  62  26   3   0 0.22    M    M  9.4 24 180   M    M   7 1      34 170
29  67  41  54  18  11   0 0.00    M    M  8.0 21 230   M    M   3        30 220
30  57  41  49  13  16   0    T    M    M  5.0 16 280   M    M   7 1      19 280
31  45  33  39   3  26   0    T    M    M  5.6 10 290   M    M  10 1      14 350
================================================================================
SM 1841 1224       475   0  5.45    M    165.1          M      148
================================================================================
AV 59.4 39.5                               5.3 FASTST   M    M   5    MAX(MPH)
                                 MISC ---->  # 30 270               # 45  290
================================================================================
NOTES:
# LAST OF SEVERAL OCCURRENCES

COLUMN 17 PEAK WIND IN M.P.H.

PRELIMINARY LOCAL CLIMATOLOGICAL DATA (WS FORM: F-6) , PAGE 2

                                          STATION:  LONDON KY
                                          MONTH:    DECEMBER
                                          YEAR:     2015
                                          LATITUDE:   37  4 N
                                          LONGITUDE:  84  5 W

[TEMPERATURE DATA]      [PRECIPITATION DATA]       SYMBOLS USED IN COLUMN 16

AVERAGE MONTHLY: 49.4   TOTAL FOR MONTH:   5.45    1 = FOG OR MIST
DPTR FM NORMAL:  10.9   DPTR FM NORMAL:    1.21    2 = FOG REDUCING VISIBILITY
HIGHEST:    75 ON 27    GRTST 24HR  1.29 ON 25-26      TO 1/4 MILE OR LESS
LOWEST:     22 ON 20                               3 = THUNDER
                        SNOW, ICE PELLETS, HAIL    4 = ICE PELLETS
                        TOTAL MONTH:    M          5 = HAIL
                        GRTST 24HR    M  ON   M    6 = FREEZING RAIN OR DRIZZLE
                        GRTST DEPTH:  M  ON   M    7 = DUSTSTORM OR SANDSTORM:
                                                       VSBY 1/2 MILE OR LESS
                                                   8 = SMOKE OR HAZE
[NO. OF DAYS WITH]      [WEATHER - DAYS WITH]      9 = BLOWING SNOW
                                                   X = TORNADO
MAX 32 OR BELOW:   0    0.01 INCH OR MORE:  14
MAX 90 OR ABOVE:   0    0.10 INCH OR MORE:  10
MIN 32 OR BELOW:   9    0.50 INCH OR MORE:   3
MIN  0 OR BELOW:   0    1.00 INCH OR MORE:   2

[HDD (BASE 65) ]
TOTAL THIS MO.   475    CLEAR  (SCALE 0-3)   9
DPTR FM NORMAL  -347    PTCLDY (SCALE 4-7)  18
TOTAL FM JUL 1  1140    CLOUDY (SCALE 8-10)  4
DPTR FM NORMAL  -512

[CDD (BASE 65) ]
TOTAL THIS MO.     0
DPTR FM NORMAL    -1    [PRESSURE DATA]
TOTAL FM JAN 1  1387    HIGHEST SLP 30.67 ON  5
DPTR FM NORMAL   196    LOWEST  SLP 29.53 ON 14

[REMARKS]
#FINAL-12-15#
