000
CXUS55 KJKL 011000
CF6LOZ
PRELIMINARY LOCAL CLIMATOLOGICAL DATA (WS FORM: F-6)

                                          STATION:   LONDON KY
                                          MONTH:     JANUARY
                                          YEAR:      2018
                                          LATITUDE:   37  4 N
                                          LONGITUDE:  84  5 W

  TEMPERATURE IN F:       :PCPN:    SNOW:  WIND      :SUNSHINE: SKY     :PK WND
================================================================================
1   2   3   4   5  6A  6B    7    8   9   10  11  12  13   14  15   16   17  18
                                     12Z  AVG MX 2MIN
DY MAX MIN AVG DEP HDD CDD  WTR  SNW DPTH SPD SPD DIR MIN PSBL S-S WX    SPD DR
================================================================================

 1   M   M   M   M   M   M 0.00    M    M  6.3  9 300   M    M   6         M  M
 2  24   M   M   M   M   M 0.00    M    M   M   M   M   M    M   0         M  M
 3  32   7  20 -16  45   0 0.00    M    M  5.9 15 290   M    M   5        22 320
 4  24  12  18 -18  47   0    T    M    M 10.1 16 290   M    M  10 18     27 320
 5  19   7  13 -23  52   0 0.00    M    M  4.5 14 290   M    M   7        17 280
 6  23   0  12 -23  53   0 0.00    M    M  0.9  8 340   M    M   0        11  40
 7  39   6  23 -12  42   0 0.00    M    M  4.4 15 190   M    M   2        20 200
 8  41  33  37   2  28   0 0.38    M    M  3.4 13 180   M    M   9 12     19 180
 9  48  37  43   8  22   0 0.01    M    M  1.6  7  80   M    M  10 128    10  80
10  66  40  53  18  12   0 0.00    M    M  4.6 21 190   M    M   4 12     30 180
11  65  39  52  17  13   0 0.13    M    M  4.6 15 170   M    M   8 1      23 150
12  62  26  44   9  21   0 0.15    M    M  9.4 21 320   M    M   9 1      29 310
13  26   9  18 -17  47   0 0.02    M    M  8.8 20 340   M    M   9 18     29 350
14  22   5  14 -21  51   0 0.00    M    M  2.2  9 100   M    M   0        12  70
15  42  15  29  -6  36   0 0.00    M    M  6.9 17 190   M    M   8        25 200
16  31  -4  14 -21  51   0 0.04    M    M  6.4 13 320   M    M   8        18 340
17  16  -7   5 -30  60   0    T    M    M  2.4  9 330   M    M   6        13 330
18  31   1  16 -19  49   0 0.00    M    M  2.9  9 250   M    M   0        15 220
19  45   9  27  -8  38   0 0.00    M    M  4.9 12 220   M    M   0        17 230
20  57  32  45  10  20   0 0.00    M    M  6.8 17 230   M    M   9        22 230
21  64  41  53  17  12   0 0.01    M    M  4.3 14 200   M    M  10        22 200
22  61  53  57  21   8   0 0.14    M    M  9.6 24 230   M    M   6 3      41 220
23  57  35  46  10  19   0 0.01    M    M 12.4 28 240   M    M   7        42 220
24  37  24  31  -5  34   0 0.00    M    M  5.8 17 280   M    M   6        24 290
25  48  20  34  -2  31   0 0.00    M    M  2.2  9 200   M    M   0 1      13 230
26  57  25  41   5  24   0 0.00    M    M  4.3 16 200   M    M   0 8      22 200
27  60  37  49  13  16   0 0.30    M    M  7.8 20 190   M    M   5 1      27 200
28  52  33  43   7  22   0 0.31    M    M  4.8 12  30   M    M   8 12     18 360
29  50  29  40   4  25   0 0.01    M    M  6.2 22 340   M    M   4 1      33 330
30  34  21  28  -8  37   0    T    M    M  6.8 13 330   M    M   5        20 340
31  54  21  38   1  27   0 0.00    M    M  7.0 22 200   M    M   0        33 200
================================================================================
SM 1287  606       942   0  1.51    M    168.2          M      161
================================================================================
AV 42.9 20.9                               5.6 FASTST   M    M   5    MAX(MPH)
                                 MISC ---->  # 28 240               # 42  220
================================================================================
NOTES:
# LAST OF SEVERAL OCCURRENCES

COLUMN 17 PEAK WIND IN M.P.H.

PRELIMINARY LOCAL CLIMATOLOGICAL DATA (WS FORM: F-6) , PAGE 2

                                          STATION:  LONDON KY
                                          MONTH:    JANUARY
                                          YEAR:     2018
                                          LATITUDE:   37  4 N
                                          LONGITUDE:  84  5 W

[TEMPERATURE DATA]      [PRECIPITATION DATA]       SYMBOLS USED IN COLUMN 16

AVERAGE MONTHLY: 31.9   TOTAL FOR MONTH:   1.51    1 = FOG OR MIST
DPTR FM NORMAL:  -3.7   DPTR FM NORMAL:   -2.03    2 = FOG REDUCING VISIBILITY
HIGHEST:    66 ON 10    GRTST 24HR  0.38 ON  8- 8      TO 1/4 MILE OR LESS
LOWEST:     -7 ON 17                               3 = THUNDER
                        SNOW, ICE PELLETS, HAIL    4 = ICE PELLETS
                        TOTAL MONTH:    M          5 = HAIL
                        GRTST 24HR    M  ON   M    6 = FREEZING RAIN OR DRIZZLE
                        GRTST DEPTH:  M  ON   M    7 = DUSTSTORM OR SANDSTORM:
                                                       VSBY 1/2 MILE OR LESS
                                                   8 = SMOKE OR HAZE
[NO. OF DAYS WITH]      [WEATHER - DAYS WITH]      9 = BLOWING SNOW
                                                   X = TORNADO
MAX 32 OR BELOW:  10    0.01 INCH OR MORE:  12
MAX 90 OR ABOVE:   0    0.10 INCH OR MORE:   6
MIN 32 OR BELOW:  20    0.50 INCH OR MORE:   0
MIN  0 OR BELOW:   3    1.00 INCH OR MORE:   0

[HDD (BASE 65) ]
TOTAL THIS MO.   942    CLEAR  (SCALE 0-3)   9
DPTR FM NORMAL    31    PTCLDY (SCALE 4-7)  13
TOTAL FM JUL 1  2607    CLOUDY (SCALE 8-10)  9
DPTR FM NORMAL    44

[CDD (BASE 65) ]
TOTAL THIS MO.     0
DPTR FM NORMAL     0    [PRESSURE DATA]
TOTAL FM JAN 1     0    HIGHEST SLP 30.69 ON 14
DPTR FM NORMAL     0    LOWEST  SLP 29.59 ON 12

[REMARKS]
#FINAL-01-18#
