000
CXUS55 KJKL 011000
CF6LOZ
PRELIMINARY LOCAL CLIMATOLOGICAL DATA (WS FORM: F-6)

                                          STATION:   LONDON KY
                                          MONTH:     JANUARY
                                          YEAR:      2012
                                          LATITUDE:   37  4 N
                                          LONGITUDE:  84  5 W

  TEMPERATURE IN F:       :PCPN:    SNOW:  WIND      :SUNSHINE: SKY     :PK WND
================================================================================
1   2   3   4   5  6A  6B    7    8   9   10  11  12  13   14  15   16   17  18
                                     12Z  AVG MX 2MIN
DY MAX MIN AVG DEP HDD CDD  WTR  SNW DPTH SPD SPD DIR MIN PSBL S-S WX    SPD DR
================================================================================

 1  58  36  47  11  18   0 0.03    M    M 10.9 29 250   M    M   6 1      40 270
 2  37  19  28  -8  37   0    T    M    M 11.5 29 280   M    M   8 18     36 280
 3  28  16  22 -14  43   0 0.00    M    M  7.4 16 270   M    M   6        22 300
 4  45  16  31  -5  34   0 0.00    M    M  5.1 17 240   M    M   0        25 250
 5  50  23  37   1  28   0 0.00    M    M  3.3 12 230   M    M   0        15 230
 6  62  31  47  12  18   0 0.00    M    M  6.4 18 230   M    M   0        24 220
 7  60  33  47  12  18   0    T    M    M  5.9 13 300   M    M   7        18 240
 8  50  26  38   3  27   0 0.00    M    M  4.2 10  30   M    M   2        14  60
 9  45  36  41   6  24   0 0.02    M    M  2.6  8 250   M    M   9 1      10 240
10  48  33  41   6  24   0    T    M    M  0.9  7 260   M    M   6 12     10 130
11  60  41  51  16  14   0 1.19    M    M  6.1 21 250   M    M   9 13     25 240
12  49  23  36   1  29   0 0.28    M    M 12.1 29 260   M    M   9 1      38 270
13  26  18  22 -13  43   0    T    M    M 12.7 25 250   M    M  10 8      33 240
14  35  19  27  -8  38   0 0.02    M    M  4.3 14 250   M    M   6 1      17 210
15  38  26  32  -3  33   0    T    M    M  3.5 10 290   M    M   6 1      13 290
16  55  27  41   6  24   0    T    M    M  7.1 17 200   M    M   6        24 180
17  59  35  47  12  18   0 0.39    M    M 13.9 26 210   M    M  10 13     44 200
18  35  22  29  -6  36   0 0.00    M    M  4.7 15 280   M    M   8        20 320
19  41  17  29  -6  36   0 0.00    M    M  3.7 13 240   M    M   2        16 240
20  51  30  41   6  24   0    T    M    M  4.1 10  80   M    M  10        14 170
21  56  32  44   8  21   0 0.67    M    M  7.3 18 320   M    M  10 13     25 320
22  60  33  47  11  18   0 0.00    M    M  6.0 16 180   M    M   9 12     22 190
23  62  41  52  16  13   0 0.65    M    M 11.5 29 230   M    M   5 13     39 230
24  52  30  41   5  24   0 0.00    M    M  3.5 14 260   M    M   0 1      17 270
25  53  30  42   6  23   0 0.01    M    M  3.4  7  20   M    M   4 1       9  20
26  62  45  54  18  11   0 0.63    M    M  7.3 22 250   M    M   9 1      29 240
27  57  34  46  10  19   0 0.04    M    M  8.2 28 270   M    M   9 1      38 260
28  46  26  36   0  29   0    T    M    M  6.3 20 290   M    M   3 1      26 260
29  48  20  34  -2  31   0 0.00    M    M  6.4 25 250   M    M   0        31 240
30  58  23  41   5  24   0 0.00    M    M  4.6 24 240   M    M   0        31 250
31  63  35  49  12  16   0 0.00    M    M  6.5 20 230   M    M   5        28 240
================================================================================
SM 1549  876       795   0  3.93    M    201.4          M      174
================================================================================
AV 50.0 28.3                               6.5 FASTST   M    M   6    MAX(MPH)
                                 MISC ---->  # 29 250               # 44  200
================================================================================
NOTES:
# LAST OF SEVERAL OCCURRENCES

COLUMN 17 PEAK WIND IN M.P.H.

PRELIMINARY LOCAL CLIMATOLOGICAL DATA (WS FORM: F-6) , PAGE 2

                                          STATION:  LONDON KY
                                          MONTH:    JANUARY
                                          YEAR:     2012
                                          LATITUDE:   37  4 N
                                          LONGITUDE:  84  5 W

[TEMPERATURE DATA]      [PRECIPITATION DATA]       SYMBOLS USED IN COLUMN 16

AVERAGE MONTHLY: 39.1   TOTAL FOR MONTH:   3.93    1 = FOG OR MIST
DPTR FM NORMAL:   3.5   DPTR FM NORMAL:    0.39    2 = FOG REDUCING VISIBILITY
HIGHEST:    63 ON 31    GRTST 24HR  1.20 ON 11-12      TO 1/4 MILE OR LESS
LOWEST:     16 ON  4, 3                            3 = THUNDER
                        SNOW, ICE PELLETS, HAIL    4 = ICE PELLETS
                        TOTAL MONTH:    M          5 = HAIL
                        GRTST 24HR    M  ON   M    6 = FREEZING RAIN OR DRIZZLE
                        GRTST DEPTH:  M  ON   M    7 = DUSTSTORM OR SANDSTORM:
                                                       VSBY 1/2 MILE OR LESS
                                                   8 = SMOKE OR HAZE
[NO. OF DAYS WITH]      [WEATHER - DAYS WITH]      9 = BLOWING SNOW
                                                   X = TORNADO
MAX 32 OR BELOW:   2    0.01 INCH OR MORE:  11
MAX 90 OR ABOVE:   0    0.10 INCH OR MORE:   6
MIN 32 OR BELOW:  20    0.50 INCH OR MORE:   4
MIN  0 OR BELOW:   0    1.00 INCH OR MORE:   1

[HDD (BASE 65) ]
TOTAL THIS MO.   795    CLEAR  (SCALE 0-3)   9
DPTR FM NORMAL  -116    PTCLDY (SCALE 4-7)  11
TOTAL FM JUL 1  2362    CLOUDY (SCALE 8-10) 11
DPTR FM NORMAL  -201

[CDD (BASE 65) ]
TOTAL THIS MO.     0
DPTR FM NORMAL     0    [PRESSURE DATA]
TOTAL FM JAN 1     0    HIGHEST SLP 30.51 ON 15
DPTR FM NORMAL     0    LOWEST  SLP 29.40 ON 11

[REMARKS]
#FINAL-01-12#
