000
CXUS55 KJKL 011000
CF6LOZ
PRELIMINARY LOCAL CLIMATOLOGICAL DATA (WS FORM: F-6)

                                          STATION:   LONDON KY
                                          MONTH:     SEPTEMBER
                                          YEAR:      2011
                                          LATITUDE:   37  4 N
                                          LONGITUDE:  84  5 W

  TEMPERATURE IN F:       :PCPN:    SNOW:  WIND      :SUNSHINE: SKY     :PK WND
================================================================================
1   2   3   4   5  6A  6B    7    8   9   10  11  12  13   14  15   16   17  18
                                     12Z  AVG MX 2MIN
DY MAX MIN AVG DEP HDD CDD  WTR  SNW DPTH SPD SPD DIR MIN PSBL S-S WX    SPD DR
================================================================================

 1  93  63  78   5   0  13 0.00    M    M  2.0 13 250   M    M   0 18     17 250
 2  96  66  81   8   0  16 0.00    M    M  1.7  8 250   M    M   0 18     12 250
 3  96  67  82   9   0  17 0.00    M    M  2.3 21 180   M    M   0 18     25 180
 4  86  67  77   5   0  12 0.28    M    M  3.7 16 190   M    M   3 18     22 340
 5  67  59  63  -9   2   0 1.81    M    M  7.9 17  30   M    M  10 1      25  30
 6  62  57  60 -12   5   0 0.88    M    M 11.3 25  40   M    M  10 1      35  60
 7  63  57  60 -12   5   0 0.13    M    M  4.9 12 290   M    M  10 1      15 290
 8  64  57  61 -10   4   0 0.04    M    M  2.6  8 300   M    M  10 1      10 300
 9  67  55  61 -10   4   0 0.00    M    M  1.5  9 230   M    M   9 12     12 230
10  79  56  68  -2   0   3 0.00    M    M  2.3 10 250   M    M   5 1      17 240
11  77  55  66  -4   0   1 0.01    M    M  2.3 13 280   M    M   3 1      18 280
12  80  55  68  -2   0   3 0.00    M    M  1.0  8 330   M    M   2 1       9 330
13  83  54  69   0   0   4 0.00    M    M  2.6 10 250   M    M   2 12     14 220
14  85  58  72   3   0   7 0.00    M    M  1.7  9 330   M    M   1 1      13 230
15  70  50  60  -9   5   0 0.11    M    M  8.4 17  10   M    M   8 1      24  10
16  64  47  56 -12   9   0 0.00    M    M  5.5 10  20   M    M   4        15  90
17  74  53  64  -4   1   0 0.00    M    M  0.7  9 210   M    M   8        13 250
18  76  55  66  -2   0   1 0.00    M    M  1.1  8 100   M    M   5 1      12  80
19  72  62  67   0   0   2 0.35    M    M  3.4 14 210   M    M   6 1      18 200
20  76  62  69   2   0   4    T    M    M  1.2  7 120   M    M   9 1      12 180
21  75  63  69   3   0   4 0.48    M    M  2.3 12 190   M    M   7 128    14 190
22  81  60  71   5   0   6 0.05    M    M  1.2  7 260   M    M   7 12      9 250
23  66  50  58  -8   7   0 0.18    M    M  3.2 14 330   M    M   9 12     18 320
24  70  50  60  -5   5   0 0.00    M    M  1.4  8  90   M    M   5 12     13  80
25  77  55  66   1   0   1 0.00    M    M  3.0 14 200   M    M   0        18 190
26  75  49  62  -2   3   0 0.31    M    M  4.9 20 280   M    M   6 123    28 280
27  73  48  61  -3   4   0 0.00    M    M  3.5 15 250   M    M   6 12     22 250
28  74  55  65   1   0   0 0.03    M    M  2.7 18 270   M    M   6 1      22 270
29  74  57  66   3   0   1 0.26    M    M  4.7 14 240   M    M   4 12     18 240
30  65  49  57  -6   8   0    T    M    M  7.2 17 270   M    M   8        23 260
================================================================================
SM 2260 1691        62  95  4.92    M    102.2          M      163
================================================================================
AV 75.3 56.4                               3.4 FASTST   M    M   5    MAX(MPH)
                                 MISC ---->  # 25  40               # 35   60
================================================================================
NOTES:
# LAST OF SEVERAL OCCURRENCES

COLUMN 17 PEAK WIND IN M.P.H.

PRELIMINARY LOCAL CLIMATOLOGICAL DATA (WS FORM: F-6) , PAGE 2

                                          STATION:  LONDON KY
                                          MONTH:    SEPTEMBER
                                          YEAR:     2011
                                          LATITUDE:   37  4 N
                                          LONGITUDE:  84  5 W

[TEMPERATURE DATA]      [PRECIPITATION DATA]       SYMBOLS USED IN COLUMN 16

AVERAGE MONTHLY: 65.8   TOTAL FOR MONTH:   4.92    1 = FOG OR MIST
DPTR FM NORMAL:  -2.5   DPTR FM NORMAL:    1.55    2 = FOG REDUCING VISIBILITY
HIGHEST:    96 ON  3, 2 GRTST 24HR  1.84 ON  5- 6      TO 1/4 MILE OR LESS
LOWEST:     47 ON 16                               3 = THUNDER
                        SNOW, ICE PELLETS, HAIL    4 = ICE PELLETS
                        TOTAL MONTH:    M          5 = HAIL
                        GRTST 24HR    M  ON   M    6 = FREEZING RAIN OR DRIZZLE
                        GRTST DEPTH:  M  ON   M    7 = DUSTSTORM OR SANDSTORM:
                                                       VSBY 1/2 MILE OR LESS
                                                   8 = SMOKE OR HAZE
[NO. OF DAYS WITH]      [WEATHER - DAYS WITH]      9 = BLOWING SNOW
                                                   X = TORNADO
MAX 32 OR BELOW:   0    0.01 INCH OR MORE:  14
MAX 90 OR ABOVE:   3    0.10 INCH OR MORE:  10
MIN 32 OR BELOW:   0    0.50 INCH OR MORE:   2
MIN  0 OR BELOW:   0    1.00 INCH OR MORE:   1

[HDD (BASE 65) ]
TOTAL THIS MO.    62    CLEAR  (SCALE 0-3)   9
DPTR FM NORMAL    16    PTCLDY (SCALE 4-7)  14
TOTAL FM JUL 1    62    CLOUDY (SCALE 8-10)  7
DPTR FM NORMAL    15

[CDD (BASE 65) ]
TOTAL THIS MO.    95
DPTR FM NORMAL   -48    [PRESSURE DATA]
TOTAL FM JAN 1  1245    HIGHEST SLP 30.28 ON 16
DPTR FM NORMAL    78    LOWEST  SLP 29.70 ON  6

[REMARKS]
#FINAL-09-11#
