000
CXUS55 KJKL 011000
CF6LOZ
PRELIMINARY LOCAL CLIMATOLOGICAL DATA (WS FORM: F-6)

                                          STATION:   LONDON KY
                                          MONTH:     OCTOBER
                                          YEAR:      2011
                                          LATITUDE:   37  4 N
                                          LONGITUDE:  84  5 W

  TEMPERATURE IN F:       :PCPN:    SNOW:  WIND      :SUNSHINE: SKY     :PK WND
================================================================================
1   2   3   4   5  6A  6B    7    8   9   10  11  12  13   14  15   16   17  18
                                     12Z  AVG MX 2MIN
DY MAX MIN AVG DEP HDD CDD  WTR  SNW DPTH SPD SPD DIR MIN PSBL S-S WX    SPD DR
================================================================================

 1  50  40  45 -17  20   0 0.00    M    M  6.7 15 360   M    M   8        22 340
 2  59  35  47 -15  18   0 0.00    M    M  4.2 15 310   M    M   0        23 320
 3  66  35  51 -11  14   0 0.00    M    M  3.1 15 270   M    M   0        18 270
 4  75  39  57  -4   8   0 0.00    M    M  1.2  9 300   M    M   0 1      14  30
 5  78  43  61   0   4   0 0.00    M    M  0.9  8  10   M    M   0        12 100
 6  82  46  64   4   1   0 0.00    M    M  0.4  7  40   M    M   0        13  20
 7  80  47  64   4   1   0 0.00    M    M  0.9  8 270   M    M   0        10 280
 8  79  48  64   4   1   0 0.00    M    M  1.7  8 130   M    M   0 8      12 110
 9  71  48  60   1   5   0 0.00    M    M  1.2  7 130   M    M   0         9 130
10  79  54  67   8   0   2 0.00    M    M  3.3 10 100   M    M   1        15  80
11  69  58  64   5   1   0 0.31    M    M  3.3 12 130   M    M   9 1      17 140
12  68  56  62   4   3   0    T    M    M  1.0  6 130   M    M   7 1       9 130
13  64  57  61   3   4   0 0.84    M    M  5.1 21 260   M    M  10 1      28 250
14  68  46  57  -1   8   0 0.07    M    M  8.6 24 290   M    M   3 1      32 290
15  66  43  55  -3  10   0 0.00    M    M  6.6 22 260   M    M   0        29 280
16  79  39  59   2   6   0 0.00    M    M  6.4 21 240   M    M   0        28 250
17  73  54  64   7   1   0 0.00    M    M  3.5  9 210   M    M   2 8      14 220
18  78  50  64   7   1   0 0.30    M    M  4.8 22 270   M    M   1 13     29 270
19  56  42  49  -7  16   0 1.36    M    M 10.7 22 250   M    M  10 1      29 250
20  49  40  45 -11  20   0 0.13    M    M 12.3 23 250   M    M  10 1      33 250
21  57  34  46 -10  19   0 0.00    M    M  2.9 14 260   M    M   3 18     20 270
22  61  31  46  -9  19   0 0.00    M    M  1.8  8 300   M    M   0 1      14 220
23  63  33  48  -7  17   0 0.00    M    M  0.0  7 260   M    M   1 1      10 150
24  70  44  57   2   8   0 0.00    M    M  3.8 17 280   M    M   4 1      24 290
25  73  37  55   1  10   0 0.00    M    M  1.7  8 230   M    M   0 1      12 190
26  74  47  61   7   4   0    T    M    M  7.1 18 230   M    M   5 8      29 240
27  66  44  55   1  10   0 0.26    M    M  7.2 15 330   M    M  10 138    22 330
28  44  36  40 -14  25   0 0.38    M    M  7.6 15 350   M    M   9 1      20 360
29  53  33  43 -10  22   0    T    M    M  3.5 14 290   M    M   5 1      16 290
30  57  28  43 -10  22   0 0.00    M    M  0.8  9 190   M    M   0 1      10 180
31  58  35  47  -6  18   0    T    M    M  3.5 18 220   M    M   5        23 240
================================================================================
SM 2065 1322       316   2  3.65    M    125.8          M      103
================================================================================
AV 66.6 42.6                               4.1 FASTST   M    M   3    MAX(MPH)
                                 MISC ---->  # 24 290               # 33  250
================================================================================
NOTES:
# LAST OF SEVERAL OCCURRENCES

COLUMN 17 PEAK WIND IN M.P.H.

PRELIMINARY LOCAL CLIMATOLOGICAL DATA (WS FORM: F-6) , PAGE 2

                                          STATION:  LONDON KY
                                          MONTH:    OCTOBER
                                          YEAR:     2011
                                          LATITUDE:   37  4 N
                                          LONGITUDE:  84  5 W

[TEMPERATURE DATA]      [PRECIPITATION DATA]       SYMBOLS USED IN COLUMN 16

AVERAGE MONTHLY: 54.6   TOTAL FOR MONTH:   3.65    1 = FOG OR MIST
DPTR FM NORMAL:  -2.7   DPTR FM NORMAL:    0.63    2 = FOG REDUCING VISIBILITY
HIGHEST:    82 ON  6    GRTST 24HR  1.64 ON 18-19      TO 1/4 MILE OR LESS
LOWEST:     28 ON 30                               3 = THUNDER
                        SNOW, ICE PELLETS, HAIL    4 = ICE PELLETS
                        TOTAL MONTH:    M          5 = HAIL
                        GRTST 24HR    M  ON   M    6 = FREEZING RAIN OR DRIZZLE
                        GRTST DEPTH:  M  ON   M    7 = DUSTSTORM OR SANDSTORM:
                                                       VSBY 1/2 MILE OR LESS
                                                   8 = SMOKE OR HAZE
[NO. OF DAYS WITH]      [WEATHER - DAYS WITH]      9 = BLOWING SNOW
                                                   X = TORNADO
MAX 32 OR BELOW:   0    0.01 INCH OR MORE:   8
MAX 90 OR ABOVE:   0    0.10 INCH OR MORE:   7
MIN 32 OR BELOW:   2    0.50 INCH OR MORE:   2
MIN  0 OR BELOW:   0    1.00 INCH OR MORE:   1

[HDD (BASE 65) ]
TOTAL THIS MO.   316    CLEAR  (SCALE 0-3)  19
DPTR FM NORMAL    57    PTCLDY (SCALE 4-7)   6
TOTAL FM JUL 1   378    CLOUDY (SCALE 8-10)  6
DPTR FM NORMAL    72

[CDD (BASE 65) ]
TOTAL THIS MO.     2
DPTR FM NORMAL   -19    [PRESSURE DATA]
TOTAL FM JAN 1  1247    HIGHEST SLP 30.44 ON  8
DPTR FM NORMAL    59    LOWEST  SLP 29.41 ON 19

[REMARKS]
#FINAL-10-11#
