000
CXUS55 KJKL 071649
CF6LOZ
PRELIMINARY LOCAL CLIMATOLOGICAL DATA (WS FORM: F-6)

                                          STATION:   LONDON KY
                                          MONTH:     APRIL
                                          YEAR:      2011
                                          LATITUDE:   37  4 N
                                          LONGITUDE:  84  5 W

  TEMPERATURE IN F:       :PCPN:    SNOW:  WIND      :SUNSHINE: SKY     :PK WND
================================================================================
1   2   3   4   5  6A  6B    7    8   9   10  11  12  13   14  15   16   17  18
                                     12Z  AVG MX 2MIN
DY MAX MIN AVG DEP HDD CDD  WTR  SNW DPTH SPD SPD DIR MIN PSBL S-S WX    SPD DR
================================================================================

 1  51  29  40 -12  25   0 0.03    M    M  5.2 20 270   M    M   8 123    24 270
 2  59  34  47  -5  18   0 0.03    M    M 10.0 28 270   M    M   2 1      37 290
 3  75  32  54   1  11   0 0.00    M    M  8.1 23 200   M    M   1        36 220
 4  71  44  58   5   7   0 1.31    M    M 14.6 40 240   M    M   7 13     58 240
 5  51  34  43 -10  22   0 0.10    M    M 10.3 23 290   M    M   6 1      30 280
 6  68  31  50  -4  15   0 0.00    M    M  7.4 24 190   M    M   0        32 190
 7  75  49  62   8   3   0 0.00    M    M  4.8 13 240   M    M   0        16 250
 8  79  57  68  14   0   3 0.00    M    M  6.7 18 250   M    M   6        24 220
 9  80  57  69  14   0   4 0.11    M    M  4.9 29 330   M    M   2 13     44 340
10  87  54  71  16   0   6 0.00    M    M  6.9 22 190   M    M   1 12     29 190
11  83  57  70  15   0   5 1.32    M    M 10.6 26 290   M    M   2 13     37 310
12  59  42  51  -5  14   0 0.20    M    M  9.3 24 320   M    M  10 1      33 320
13  66  34  50  -6  15   0 0.00    M    M  1.9  9 330   M    M   3 12     13 350
14  74  35  55  -1  10   0 0.00    M    M  0.9 10 140   M    M   0        20 170
15  68  47  58   2   7   0 1.53    M    M  5.2 18 140   M    M   4 13     28 130
16  58  41  50  -7  15   0 0.60    M    M 12.1 28 260   M    M   9 13     41 250
17  69  36  53  -4  12   0 0.00    M    M  7.4 22 260   M    M   1        30 280
18  76  43  60   3   5   0 0.00    M    M  5.0 17 260   M    M   3        24 250
19  83  63  73  15   0   8 0.00    M    M 10.2 23 190   M    M   6        33 200
20  75  49  62   4   3   0 0.63    M    M  8.5 32 320   M    M   7 13     48 310
21  64  45  55  -3  10   0 0.00    M    M  6.8 13 100   M    M   6        18  20
22  74  53  64   5   1   0 0.31    M    M  6.0 18 170   M    M   5 13     25 180
23  80  64  72  13   0   7    T    M    M  8.5 20 190   M    M   3        28 210
24  79  61  70  11   0   5 0.95    M    M  5.7 18 190   M    M   2 13     25 170
25  84  56  70  11   0   5 0.00    M    M  8.3 23 190   M    M   1 12     31 200
26  72  59  66   6   0   1 0.52    M    M  7.7 30 260   M    M   4 13     37 250
27  74  61  68   8   0   3 2.57    M    M 10.6 31 240   M    M   5 13     46 220
28  65  50  58  -2   7   0 0.02    M    M 10.2 24 270   M    M   4        32 230
29  70  46  58  -2   7   0    T    M    M  8.1 23 270   M    M   1        33 270
30  76  45  61   0   4   0 0.00    M    M  3.5 13 170   M    M   0        18 140
================================================================================
SM 2145 1408       211  47 10.23    M    225.4          M      109
================================================================================
AV 71.5 46.9                               7.5 FASTST   M    M   4    MAX(MPH)
                                 MISC ---->  # 40 240               # 58  240
================================================================================
NOTES:
# LAST OF SEVERAL OCCURRENCES

COLUMN 17 PEAK WIND IN M.P.H.

PRELIMINARY LOCAL CLIMATOLOGICAL DATA (WS FORM: F-6) , PAGE 2

                                          STATION:  LONDON KY
                                          MONTH:    APRIL
                                          YEAR:     2011
                                          LATITUDE:   37  4 N
                                          LONGITUDE:  84  5 W

[TEMPERATURE DATA]      [PRECIPITATION DATA]       SYMBOLS USED IN COLUMN 16

AVERAGE MONTHLY: 59.2   TOTAL FOR MONTH:  10.23    1 = FOG OR MIST
DPTR FM NORMAL:   2.7   DPTR FM NORMAL:    6.18    2 = FOG REDUCING VISIBILITY
HIGHEST:    87 ON 10    GRTST 24HR  2.58 ON 27-28      TO 1/4 MILE OR LESS
LOWEST:     29 ON  1                               3 = THUNDER
                        SNOW, ICE PELLETS, HAIL    4 = ICE PELLETS
                        TOTAL MONTH:    M          5 = HAIL
                        GRTST 24HR    M  ON   M    6 = FREEZING RAIN OR DRIZZLE
                        GRTST DEPTH:  M  ON   M    7 = DUSTSTORM OR SANDSTORM:
                                                       VSBY 1/2 MILE OR LESS
                                                   8 = SMOKE OR HAZE
[NO. OF DAYS WITH]      [WEATHER - DAYS WITH]      9 = BLOWING SNOW
                                                   X = TORNADO
MAX 32 OR BELOW:   0    0.01 INCH OR MORE:  15
MAX 90 OR ABOVE:   0    0.10 INCH OR MORE:  12
MIN 32 OR BELOW:   3    0.50 INCH OR MORE:   8
MIN  0 OR BELOW:   0    1.00 INCH OR MORE:   4

[HDD (BASE 65) ]
TOTAL THIS MO.   211    CLEAR  (SCALE 0-3)  15
DPTR FM NORMAL   -65    PTCLDY (SCALE 4-7)  12
TOTAL FM JUL 1  4405    CLOUDY (SCALE 8-10)  3
DPTR FM NORMAL   304

[CDD (BASE 65) ]
TOTAL THIS MO.    47
DPTR FM NORMAL    24    [PRESSURE DATA]
TOTAL FM JAN 1    51    HIGHEST SLP 30.33 ON 21
DPTR FM NORMAL    25    LOWEST  SLP 29.44 ON  4

[REMARKS]
#FINAL-04-11#
