000
CXUS55 KJKL 011000
CF6LOZ
PRELIMINARY LOCAL CLIMATOLOGICAL DATA (WS FORM: F-6)
STATION: LONDON KY
MONTH: FEBRUARY
YEAR: 2021
LATITUDE: 37 4 N
LONGITUDE: 84 5 W
TEMPERATURE IN F: :PCPN: SNOW: WIND :SUNSHINE: SKY :PK WND
================================================================================
1 2 3 4 5 6A 6B 7 8 9 10 11 12 13 14 15 16 17 18
12Z AVG MX 2MIN
DY MAX MIN AVG DEP HDD CDD WTR SNW DPTH SPD SPD DIR MIN PSBL S-S WX SPD DR
================================================================================
1 35 27 31 -6 34 0 0.04 M M 9.9 18 330 M M 10 16 29 340
2 35 25 30 -7 35 0 T M M 10.9 18 310 M M 6 1 27 340
3 41 23 32 -5 33 0 0.00 M M 5.4 14 330 M M 3 21 310
4 46 22 34 -3 31 0 0.17 M M 5.8 21 170 M M 4 1 37 180
5 44 28 36 -1 29 0 0.03 M M 9.9 22 250 M M 5 1 30 290
6 45 25 35 -3 30 0 0.00 M M 3.0 9 120 M M 2 13 130
7 39 20 30 -8 35 0 0.14 M M 4.0 15 340 M M 7 1 20 350
8 41 18 30 -8 35 0 0.00 M M 2.2 9 220 M M 2 13 160
9 47 29 38 0 27 0 T M M 3.2 9 10 M M 8 1 12 10
10 49 33 41 3 24 0 0.10 M M 4.0 15 350 M M 10 1 19 360
11 39 28 34 -5 31 0 0.41 M M 8.8 14 50 M M 10 16 21 50
12 31 27 29 -10 36 0 0.00 M M 6.1 10 30 M M 10 1 15 30
13 32 28 30 -9 35 0 0.00 M M 5.7 9 350 M M 10 1 13 330
14 29 26 28 -11 37 0 T M M 8.8 14 20 M M 10 16 20 50
15 33 26 30 -10 35 0 0.78 M M 7.5 18 260 M M 10 146 24 260
16 31 14 23 -17 42 0 T M M 8.8 18 270 M M 10 1 27 280
17 25 14 20 -20 45 0 0.04 M M 5.9 12 50 M M 8 1 15 60
18 33 24 29 -11 36 0 0.24 M M 4.1 12 310 M M 10 16 15 320
19 27 22 25 -15 40 0 T M M 5.5 10 260 M M 10 1 14 320
20 33 11 22 -19 43 0 0.00 M M 2.3 8 280 M M 2 1 13 270
21 52 16 34 -7 31 0 0.00 M M 4.4 16 190 M M 0 1 26 170
22 49 30 40 -1 25 0 0.46 M M 9.9 23 260 M M 7 1 34 270
23 61 29 45 3 20 0 0.00 M M 6.7 18 270 M M 0 25 280
24 71 32 52 10 13 0 T M M 8.5 23 250 M M 3 33 250
25 58 35 47 5 18 0 T M M 6.5 15 350 M M 2 8 23 350
26 48 37 43 1 22 0 0.15 M M 4.9 10 50 M M 6 1 17 50
27 57 48 53 10 12 0 2.98 M M 3.9 10 260 M M 10 13 15 310
28 69 56 63 20 2 0 3.19 M M 8.7 21 210 M M 9 13 34 200
================================================================================
SM 1200 753 836 0 8.73 M 175.3 M 184
================================================================================
AV 42.9 26.9 6.3 FASTST M M 7 MAX(MPH)
MISC ----> # 23 260 37 180
================================================================================
NOTES:
# LAST OF SEVERAL OCCURRENCES
COLUMN 17 PEAK WIND IN M.P.H.
PRELIMINARY LOCAL CLIMATOLOGICAL DATA (WS FORM: F-6) , PAGE 2
STATION: LONDON KY
MONTH: FEBRUARY
YEAR: 2021
LATITUDE: 37 4 N
LONGITUDE: 84 5 W
[TEMPERATURE DATA] [PRECIPITATION DATA] SYMBOLS USED IN COLUMN 16
AVERAGE MONTHLY: 34.9 TOTAL FOR MONTH: 8.73 1 = FOG OR MIST
DPTR FM NORMAL: -4.6 DPTR FM NORMAL: 5.02 2 = FOG REDUCING VISIBILITY
HIGHEST: 71 ON 24 GRTST 24HR 3.23 ON 27-28 TO 1/4 MILE OR LESS
LOWEST: 11 ON 20 3 = THUNDER
SNOW, ICE PELLETS, HAIL 4 = ICE PELLETS
TOTAL MONTH: M 5 = HAIL
GRTST 24HR M ON M 6 = FREEZING RAIN OR DRIZZLE
GRTST DEPTH: M ON M 7 = DUSTSTORM OR SANDSTORM:
VSBY 1/2 MILE OR LESS
8 = SMOKE OR HAZE
[NO. OF DAYS WITH] [WEATHER - DAYS WITH] 9 = BLOWING SNOW
X = TORNADO
MAX 32 OR BELOW: 6 0.01 INCH OR MORE: 13
MAX 90 OR ABOVE: 0 0.10 INCH OR MORE: 10
MIN 32 OR BELOW: 23 0.50 INCH OR MORE: 3
MIN 0 OR BELOW: 0 1.00 INCH OR MORE: 2
[HDD (BASE 65) ]
TOTAL THIS MO. 836 CLEAR (SCALE 0-3) 7
DPTR FM NORMAL 123 PTCLDY (SCALE 4-7) 9
TOTAL FM JUL 1 3236 CLOUDY (SCALE 8-10) 12
DPTR FM NORMAL -38
[CDD (BASE 65) ]
TOTAL THIS MO. 0
DPTR FM NORMAL 0 [PRESSURE DATA]
TOTAL FM JAN 1 0 HIGHEST SLP 30.49 ON 20
DPTR FM NORMAL 0 LOWEST SLP 29.59 ON 15
[REMARKS]
#FINAL-02-21#