000
CXUS55 KJKL 011000
CF6LOZ
PRELIMINARY LOCAL CLIMATOLOGICAL DATA (WS FORM: F-6)

                                          STATION:   LONDON KY
                                          MONTH:     SEPTEMBER
                                          YEAR:      2017
                                          LATITUDE:   37  4 N
                                          LONGITUDE:  84  5 W

  TEMPERATURE IN F:       :PCPN:    SNOW:  WIND      :SUNSHINE: SKY     :PK WND
================================================================================
1   2   3   4   5  6A  6B    7    8   9   10  11  12  13   14  15   16   17  18
                                     12Z  AVG MX 2MIN
DY MAX MIN AVG DEP HDD CDD  WTR  SNW DPTH SPD SPD DIR MIN PSBL S-S WX    SPD DR
================================================================================

 1  75  62  69  -4   0   4 0.95    M    M  8.9 17 170   M    M   9 1      27 170
 2  62  54  58 -15   7   0 0.07    M    M  8.1 15 210   M    M  10 1      22 210
 3  77  54  66  -7   0   1 0.00    M    M  4.0 13 200   M    M   6 12     16 230
 4  84  59  72   0   0   7 0.00    M    M  5.5 15 230   M    M   2 1      20 220
 5  71  59  65  -7   0   0 0.13    M    M  5.4 13 200   M    M   5 13     18 200
 6  69  50  60 -12   5   0 0.00    M    M  3.4 14 270   M    M   4 12     19 300
 7  69  45  57 -15   8   0 0.00    M    M  3.2 13 260   M    M   3 12     19 280
 8  74  45  60 -11   5   0 0.00    M    M  1.9 12  60   M    M   1 1      15  50
 9  75  50  63  -8   2   0 0.00    M    M  5.0 16  20   M    M   1        20  10
10  75  50  63  -7   2   0 0.00    M    M  5.5 15  40   M    M   0        21 100
11  63  54  59 -11   6   0 0.15    M    M  7.0 15  30   M    M   1        22  30
12  79  56  68  -2   0   3 0.02    M    M  8.0 16 210   M    M   7        23  50
13  65  58  62  -7   3   0 0.19    M    M  4.6 14 190   M    M   9 1      20 190
14  71  59  65  -4   0   0 0.20    M    M  4.0 10 260   M    M  10 12     14 240
15  81  57  69   0   0   4 0.00    M    M  1.5  9  30   M    M   5 12     12  20
16  84  57  71   3   0   6 0.00    M    M  1.9 10  30   M    M   1 1      15  20
17  83  59  71   3   0   6 0.00    M    M  1.1  9  40   M    M   4 12      M  M
18  83  58  71   3   0   6 0.00    M    M  0.7  8  90   M    M   3 12     11  40
19  86  63  75   8   0  10 0.08    M    M  2.4 21 250   M    M   3 13     27 250
20  86  61  74   7   0   9 0.00    M    M  1.4  9 240   M    M   4 12     14  80
21  87  63  75   9   0  10 0.00    M    M  2.0  9  50   M    M   2 1      15  20
22  87  62  75   9   0  10 0.00    M    M  2.8  9  40   M    M   0 1      13  10
23  88  61  75   9   0  10 0.00    M    M  2.1 10  20   M    M   0 1      20  20
24  87  59  73   8   0   8 0.00    M    M  1.2  8 220   M    M   0 1      12 200
25  85  60  73   8   0   8 0.00    M    M  1.0  6  60   M    M   0 1       9 350
26  87  58  73   9   0   8 0.00    M    M  1.6 10  10   M    M   0        13  10
27  87  60  74  10   0   9 0.00    M    M  2.2 10  10   M    M   2 12     14  20
28  80  60  70   6   0   5 0.00    M    M  5.6 12 340   M    M   0        16 330
29  76  53  65   2   0   0 0.00    M    M  4.4 14  10   M    M   0        20 360
30  72  51  62  -1   3   0 0.00    M    M  6.7 15  30   M    M   0        22  30
================================================================================
SM 2348 1697        41 124  1.79    M    113.1          M       92
================================================================================
AV 78.3 56.6                               3.8 FASTST   M    M   3    MAX(MPH)
                                 MISC ---->  # 21 250               # 27  170
================================================================================
NOTES:
# LAST OF SEVERAL OCCURRENCES

COLUMN 17 PEAK WIND IN M.P.H.

PRELIMINARY LOCAL CLIMATOLOGICAL DATA (WS FORM: F-6) , PAGE 2

                                          STATION:  LONDON KY
                                          MONTH:    SEPTEMBER
                                          YEAR:     2017
                                          LATITUDE:   37  4 N
                                          LONGITUDE:  84  5 W

[TEMPERATURE DATA]      [PRECIPITATION DATA]       SYMBOLS USED IN COLUMN 16

AVERAGE MONTHLY: 67.4   TOTAL FOR MONTH:   1.79    1 = FOG OR MIST
DPTR FM NORMAL:  -0.9   DPTR FM NORMAL:   -1.58    2 = FOG REDUCING VISIBILITY
HIGHEST:    88 ON 23    GRTST 24HR  0.95 ON  1- 1      TO 1/4 MILE OR LESS
LOWEST:     45 ON  8, 7                            3 = THUNDER
                        SNOW, ICE PELLETS, HAIL    4 = ICE PELLETS
                        TOTAL MONTH:    M          5 = HAIL
                        GRTST 24HR    M  ON   M    6 = FREEZING RAIN OR DRIZZLE
                        GRTST DEPTH:  M  ON   M    7 = DUSTSTORM OR SANDSTORM:
                                                       VSBY 1/2 MILE OR LESS
                                                   8 = SMOKE OR HAZE
[NO. OF DAYS WITH]      [WEATHER - DAYS WITH]      9 = BLOWING SNOW
                                                   X = TORNADO
MAX 32 OR BELOW:   0    0.01 INCH OR MORE:   8
MAX 90 OR ABOVE:   0    0.10 INCH OR MORE:   5
MIN 32 OR BELOW:   0    0.50 INCH OR MORE:   1
MIN  0 OR BELOW:   0    1.00 INCH OR MORE:   0

[HDD (BASE 65) ]
TOTAL THIS MO.    41    CLEAR  (SCALE 0-3)  18
DPTR FM NORMAL    -5    PTCLDY (SCALE 4-7)   8
TOTAL FM JUL 1    41    CLOUDY (SCALE 8-10)  4
DPTR FM NORMAL    -6

[CDD (BASE 65) ]
TOTAL THIS MO.   124
DPTR FM NORMAL   -19    [PRESSURE DATA]
TOTAL FM JAN 1  1093    HIGHEST SLP 30.34 ON 10
DPTR FM NORMAL   -74    LOWEST  SLP 29.68 ON 12

[REMARKS]
#FINAL-09-17#
