000
CXUS55 KJKL 011325
CF6LOZ
PRELIMINARY LOCAL CLIMATOLOGICAL DATA (WS FORM: F-6)

                                          STATION:   LONDON KY
                                          MONTH:     JANUARY
                                          YEAR:      2017
                                          LATITUDE:   37  4 N
                                          LONGITUDE:  84  5 W

  TEMPERATURE IN F:       :PCPN:    SNOW:  WIND      :SUNSHINE: SKY     :PK WND
================================================================================
1   2   3   4   5  6A  6B    7    8   9   10  11  12  13   14  15   16   17  18
                                     12Z  AVG MX 2MIN
DY MAX MIN AVG DEP HDD CDD  WTR  SNW DPTH SPD SPD DIR MIN PSBL S-S WX    SPD DR
================================================================================

 1  52  41  47  11  18   0 0.08    M    M  2.3  9 130   M    M  10 1      12 130
 2  65  47  56  20   9   0 0.04    M    M  3.3 14 180   M    M   9 1      18 190
 3  59  48  54  18  11   0 0.60    M    M  8.7 23 300   M    M  10 1      32 300
 4  48  25  37   1  28   0    T    M    M  9.1 20 270   M    M   5 1      26 280
 5  29  22  26 -10  39   0 0.07    M    M  4.1 12 340   M    M   8 1      15 320
 6  23  14  19 -16  46   0 0.01    M    M  7.6 14  20   M    M   8        20  10
 7  19   8  14 -21  51   0 0.00    M    M  7.3 14 280   M    M   3        18 360
 8  23   8  16 -19  49   0 0.00    M    M  2.8  9 280   M    M   4        11 260
 9  39  13  26  -9  39   0 0.00    M    M  6.0 21 240   M    M   4        27 250
10  54  36  45  10  20   0 0.13    M    M 13.8 26 220   M    M   9 1      40 220
11  59  48  54  19  11   0 0.24    M    M  7.0 17 180   M    M   8 1      24 200
12  67  53  60  25   5   0 0.10    M    M 12.5 24 210   M    M  10 1      35 220
13  53  41  47  12  18   0 0.55    M    M  6.3 13  30   M    M  10 1      15  30
14  60  42  51  16  14   0 0.15    M    M  4.1 16 240   M    M  10 12     22 240
15  48  42  45  10  20   0 0.02    M    M  3.4  9 350   M    M  10 12     12 360
16  66  44  55  20  10   0 0.00    M    M  3.0 14 190   M    M   7 12     17 190
17  62  52  57  22   8   0 0.82    M    M  9.4 21 210   M    M  10 1      29 210
18  52  38  45  10  20   0 0.00    M    M  5.3 16 250   M    M   7 1      20 260
19  52  38  45  10  20   0 0.36    M    M  2.0  8 180   M    M   5 1       9 110
20  66  48  57  22   8   0 0.14    M    M  5.1 17 240   M    M   5 1      27 240
21  62  45  54  18  11   0    T    M    M  1.5 12 180   M    M   2 12     18 170
22  59  43  51  15  14   0 0.13    M    M  4.4 16  40   M    M   8 12     22  30
23  54  42  48  12  17   0 0.61    M    M 11.9 18 280   M    M  10 1      26 330
24  42  35  39   3  26   0    T    M    M  7.7 16 290   M    M   8 18     21 290
25  58  30  44   8  21   0 0.01    M    M  5.7 21 210   M    M   5 1      28 220
26  55  34  45   9  20   0 0.00    M    M 13.5 23 290   M    M  10        29 300
27  34  29  32  -4  33   0 0.01    M    M  8.9 18 260   M    M  10 16     24 260
28  48  25  37   1  28   0 0.00    M    M 10.8 26 250   M    M   4        32 280
29  39  30  35  -1  30   0 0.01    M    M 10.5 21 290   M    M  10 1      30 280
30  42  27  35  -1  30   0    T    M    M  9.0 22 280   M    M   4        29 280
31  58  35  47  10  18   0 0.00    M    M 10.3 26 250   M    M   0        33 250
================================================================================
SM 1547 1083       692   0  4.08    M    217.3          M      223
================================================================================
AV 49.9 34.9                               7.0 FASTST   M    M   7    MAX(MPH)
                                 MISC ---->  # 26 220               # 40  220
================================================================================
NOTES:
# LAST OF SEVERAL OCCURRENCES

COLUMN 17 PEAK WIND IN M.P.H.

PRELIMINARY LOCAL CLIMATOLOGICAL DATA (WS FORM: F-6) , PAGE 2

                                          STATION:  LONDON KY
                                          MONTH:    JANUARY
                                          YEAR:     2017
                                          LATITUDE:   37  4 N
                                          LONGITUDE:  84  5 W

[TEMPERATURE DATA]      [PRECIPITATION DATA]       SYMBOLS USED IN COLUMN 16

AVERAGE MONTHLY: 42.4   TOTAL FOR MONTH:   4.08    1 = FOG OR MIST
DPTR FM NORMAL:   6.8   DPTR FM NORMAL:    0.54    2 = FOG REDUCING VISIBILITY
HIGHEST:    67 ON 12    GRTST 24HR  0.82 ON 17-17      TO 1/4 MILE OR LESS
LOWEST:      8 ON  8, 7                            3 = THUNDER
                        SNOW, ICE PELLETS, HAIL    4 = ICE PELLETS
                        TOTAL MONTH:    M          5 = HAIL
                        GRTST 24HR    M  ON   M    6 = FREEZING RAIN OR DRIZZLE
                        GRTST DEPTH:  M  ON   M    7 = DUSTSTORM OR SANDSTORM:
                                                       VSBY 1/2 MILE OR LESS
                                                   8 = SMOKE OR HAZE
[NO. OF DAYS WITH]      [WEATHER - DAYS WITH]      9 = BLOWING SNOW
                                                   X = TORNADO
MAX 32 OR BELOW:   4    0.01 INCH OR MORE:  19
MAX 90 OR ABOVE:   0    0.10 INCH OR MORE:  11
MIN 32 OR BELOW:  11    0.50 INCH OR MORE:   4
MIN  0 OR BELOW:   0    1.00 INCH OR MORE:   0

[HDD (BASE 65) ]
TOTAL THIS MO.   692    CLEAR  (SCALE 0-3)   2
DPTR FM NORMAL  -219    PTCLDY (SCALE 4-7)  14
TOTAL FM JUL 1  2077    CLOUDY (SCALE 8-10) 15
DPTR FM NORMAL  -486

[CDD (BASE 65) ]
TOTAL THIS MO.     0
DPTR FM NORMAL     0    [PRESSURE DATA]
TOTAL FM JAN 1     0    HIGHEST SLP 30.79 ON  8
DPTR FM NORMAL     0    LOWEST  SLP 29.22 ON 23

[REMARKS]
#FINAL-01-17#
