000
CXUS55 KJKL 011259
CF6LOZ
PRELIMINARY LOCAL CLIMATOLOGICAL DATA (WS FORM: F-6)

                                          STATION:   LONDON KY
                                          MONTH:     FEBRUARY
                                          YEAR:      2016
                                          LATITUDE:   37  4 N
                                          LONGITUDE:  84  5 W

  TEMPERATURE IN F:       :PCPN:    SNOW:  WIND      :SUNSHINE: SKY     :PK WND
================================================================================
1   2   3   4   5  6A  6B    7    8   9   10  11  12  13   14  15   16   17  18
                                     12Z  AVG MX 2MIN
DY MAX MIN AVG DEP HDD CDD  WTR  SNW DPTH SPD SPD DIR MIN PSBL S-S WX    SPD DR
================================================================================

 1  61  45  53  16  12   0    M    M    M  7.0 22 340   M    M   9 1      30 340
 2  71  45  58  21   7   0 0.02    M    M  8.3 20 180   M    M   7 12     29 190
 3  63  38  51  14  14   0 1.46    M    M 11.5 23 250   M    M   4 1      29 250
 4  42  30  36  -1  29   0 0.00    M    M  7.5 15 290   M    M  10        18 290
 5  41  20  31  -6  34   0 0.00    M    M  1.8  8 340   M    M   0        12 330
 6  47  24  36  -2  29   0 0.00    M    M  2.5 14 240   M    M   0        18 250
 7  53  23  38   0  27   0 0.00    M    M  3.3 13 250   M    M   0 18     16 220
 8  43  26  35  -3  30   0 0.12    M    M  9.9 25 290   M    M   9 1      32 270
 9  27  19  23 -15  42   0    T    M    M  9.4 17 270   M    M  10 1      22 280
10  20  15  18 -20  47   0 0.02    M    M  9.6 20 260   M    M   8 1      25 250
11  33  18  26 -13  39   0 0.00    M    M  2.5 10 320   M    M   6        13 320
12  30  23  27 -12  38   0 0.06    M    M  7.0 20 290   M    M   9 1      25 280
13  26  15  21 -18  44   0    T    M    M  7.8 16 340   M    M   5        23 340
14  25  15  20 -19  45   0 0.44    M    M  4.9 10 130   M    M   8 12     14 130
15  39  25  32  -8  33   0 2.00    M    M  3.5 10 290   M    M  10 16     12 290
16  37  32  35  -5  30   0 0.53    M    M  4.1 13 250   M    M  10 12     16 240
17  36  32  34  -6  31   0 0.00    M    M  3.9 10 260   M    M  10 1      14 330
18  51  31  41   1  24   0 0.00    M    M  2.2  8 110   M    M   5 18     11 140
19  65  36  51  11  14   0 0.00    M    M 13.8 31 190   M    M   3        51 200
20  66  52  59  18   6   0 0.00    M    M  8.1 16 240   M    M   9        22 250
21  60  51  56  15   9   0 0.62    M    M  7.1 14 270   M    M  10 13     20 230
22  51  42  47   6  18   0 0.00    M    M  5.5 13  10   M    M   6 1      17  10
23  56  42  49   7  16   0 0.32    M    M  5.9 10  80   M    M  10 18     15  30
24  59  34  47   5  18   0 0.38    M    M 14.7 33 250   M    M  10 13     41 250
25  38  33  36  -6  29   0 0.01    M    M 14.5 25 270   M    M  10 1      34 250
26  43  30  37  -5  28   0    T    M    M  6.4 16 320   M    M   8        23 320
27  53  27  40  -3  25   0 0.00    M    M  5.4 14 250   M    M   3 1      19 260
28  67  40  54  11  11   0 0.00    M    M 11.8 22 210   M    M   0        33 200
29  60  37  49   6  16   0 0.02    M    M  8.3 28 290   M    M   4        38 280
================================================================================
SM 1363  900       745   0  6.00    M    208.2          M      193
================================================================================
AV 47.0 31.0                               7.2 FASTST   M    M   7    MAX(MPH)
                                 MISC ---->  # 33 250               # 51  200
================================================================================
NOTES:
# LAST OF SEVERAL OCCURRENCES

COLUMN 17 PEAK WIND IN M.P.H.

PRELIMINARY LOCAL CLIMATOLOGICAL DATA (WS FORM: F-6) , PAGE 2

                                          STATION:  LONDON KY
                                          MONTH:    FEBRUARY
                                          YEAR:     2016
                                          LATITUDE:   37  4 N
                                          LONGITUDE:  84  5 W

[TEMPERATURE DATA]      [PRECIPITATION DATA]       SYMBOLS USED IN COLUMN 16

AVERAGE MONTHLY: 39.0   TOTAL FOR MONTH:   6.00    1 = FOG OR MIST
DPTR FM NORMAL:  -0.5   DPTR FM NORMAL:    2.29    2 = FOG REDUCING VISIBILITY
HIGHEST:    71 ON  2    GRTST 24HR  2.28 ON 15-16      TO 1/4 MILE OR LESS
LOWEST:     15 ON 14,13                            3 = THUNDER
                        SNOW, ICE PELLETS, HAIL    4 = ICE PELLETS
                        TOTAL MONTH:    M          5 = HAIL
                        GRTST 24HR    M  ON   M    6 = FREEZING RAIN OR DRIZZLE
                        GRTST DEPTH:  M  ON   M    7 = DUSTSTORM OR SANDSTORM:
                                                       VSBY 1/2 MILE OR LESS
                                                   8 = SMOKE OR HAZE
[NO. OF DAYS WITH]      [WEATHER - DAYS WITH]      9 = BLOWING SNOW
                                                   X = TORNADO
MAX 32 OR BELOW:   5    0.01 INCH OR MORE:  13
MAX 90 OR ABOVE:   0    0.10 INCH OR MORE:   8
MIN 32 OR BELOW:  17    0.50 INCH OR MORE:   4
MIN  0 OR BELOW:   0    1.00 INCH OR MORE:   2

[HDD (BASE 65) ]
TOTAL THIS MO.   745    CLEAR  (SCALE 0-3)   6
DPTR FM NORMAL    32    PTCLDY (SCALE 4-7)   8
TOTAL FM JUL 1  2916    CLOUDY (SCALE 8-10) 15
DPTR FM NORMAL  -382

[CDD (BASE 65) ]
TOTAL THIS MO.     0
DPTR FM NORMAL     0    [PRESSURE DATA]
TOTAL FM JAN 1     0    HIGHEST SLP 30.53 ON 13
DPTR FM NORMAL     0    LOWEST  SLP 29.24 ON 24

[REMARKS]
#FINAL-02-16#
