000
CXUS55 KJKL 010800
CF6LOZ
PRELIMINARY LOCAL CLIMATOLOGICAL DATA (WS FORM: F-6)

                                          STATION:   LONDON KY
                                          MONTH:     APRIL
                                          YEAR:      2014
                                          LATITUDE:   37  4 N
                                          LONGITUDE:  84  5 W

  TEMPERATURE IN F:       :PCPN:    SNOW:  WIND      :SUNSHINE: SKY     :PK WND
================================================================================
1   2   3   4   5  6A  6B    7    8   9   10  11  12  13   14  15   16   17  18
                                     12Z  AVG MX 2MIN
DY MAX MIN AVG DEP HDD CDD  WTR  SNW DPTH SPD SPD DIR MIN PSBL S-S WX    SPD DR
================================================================================

 1  80  48  64  12   1   0 0.01    M    M  6.8 22 240   M    M   2        28 240
 2  80  45  63  11   2   0 0.00    M    M  1.9 12 170   M    M   5        14 210
 3  80  58  69  16   0   4 0.63    M    M  8.5 24 360   M    M   7 13     32 360
 4  66  43  55   2  10   0 0.49    M    M  9.9 24 240   M    M   6 13     35 290
 5  56  41  49  -4  16   0 0.00    M    M  5.8 13 360   M    M   5        19 320
 6  68  37  53  -1  12   0 0.02    M    M  4.9 15 190   M    M   2        20 180
 7  66  49  58   4   7   0 0.20    M    M 12.4 30 260   M    M   9 1      36 240
 8  61  45  53  -1  12   0    T    M    M  8.4 23 250   M    M   9        30 240
 9  64  43  54  -1  11   0    T    M    M  6.4 18 270   M    M   2 18     23 280
10  75  36  56   1   9   0 0.00    M    M  7.2 22 210   M    M   0        28 200
11  76  60  68  13   0   3 0.05    M    M  8.9 21 250   M    M   5 3      26 250
12  80  48  64   8   1   0 0.00    M    M  5.3 18 180   M    M   0 1      25 210
13  84  57  71  15   0   6 0.00    M    M  9.8 22 190   M    M   0        30 180
14  74  61  68  12   0   3 0.05    M    M 13.1 30 190   M    M   7        39 190
15  62  32  47  -9  18   0 0.30    M    M  9.8 23 290   M    M   9 1      28 290
16  58  28  43 -14  22   0 0.00    M    M  5.4 15  90   M    M   0        20 110
17  70  34  52  -5  13   0 0.00    M    M  3.0 10 200   M    M   0        15 240
18  70  46  58   1   7   0 0.00    M    M  1.5  9 360   M    M   3        12 350
19  76  52  64   6   1   0 0.00    M    M  7.8 20  40   M    M   0        27  20
20  78  43  61   3   4   0 0.00    M    M  2.1 10 230   M    M   0        15 180
21  82  47  65   7   0   0 0.00    M    M  3.7 15 310   M    M   0        20 280
22  76  54  65   6   0   0 0.03    M    M  6.7 17 320   M    M   7        23 310
23  66  41  54  -5  11   0 0.00    M    M  4.3 16 360   M    M   0        20 350
24  78  44  61   2   4   0 0.00    M    M  2.6  9 200   M    M   2        13 200
25  67  49  58  -1   7   0 0.71    M    M  8.5 26 260   M    M   6 1238   36 260
26  80  42  61   1   4   0 0.00    M    M  3.3 14 280   M    M   2 12     19 280
27  84  47  66   6   0   1 0.00    M    M  4.3 17 220   M    M   1        25 220
28  76  63  70  10   0   5 0.74    M    M  7.5 26 260   M    M   6 13     33 190
29  81  55  68   8   0   3 0.74    M    M  8.4 29 270   M    M   6 13     37 260
30  60  55  58  -3   7   0 1.11    M    M  4.1 15 280   M    M  10 1      20 280
================================================================================
SM 2174 1403       179  25  5.08    M    192.3          M      111
================================================================================
AV 72.5 46.8                               6.4 FASTST   M    M   4    MAX(MPH)
                                 MISC ---->  # 30 260               # 39  190
================================================================================
NOTES:
# LAST OF SEVERAL OCCURRENCES

COLUMN 17 PEAK WIND IN M.P.H.

PRELIMINARY LOCAL CLIMATOLOGICAL DATA (WS FORM: F-6) , PAGE 2

                                          STATION:  LONDON KY
                                          MONTH:    APRIL
                                          YEAR:     2014
                                          LATITUDE:   37  4 N
                                          LONGITUDE:  84  5 W

[TEMPERATURE DATA]      [PRECIPITATION DATA]       SYMBOLS USED IN COLUMN 16

AVERAGE MONTHLY: 59.6   TOTAL FOR MONTH:   5.08    1 = FOG OR MIST
DPTR FM NORMAL:   3.1   DPTR FM NORMAL:    1.03    2 = FOG REDUCING VISIBILITY
HIGHEST:    84 ON 27,13 GRTST 24HR  1.44 ON 28-29      TO 1/4 MILE OR LESS
LOWEST:     28 ON 16                               3 = THUNDER
                        SNOW, ICE PELLETS, HAIL    4 = ICE PELLETS
                        TOTAL MONTH:    M          5 = HAIL
                        GRTST 24HR    M  ON   M    6 = FREEZING RAIN OR DRIZZLE
                        GRTST DEPTH:  M  ON   M    7 = DUSTSTORM OR SANDSTORM:
                                                       VSBY 1/2 MILE OR LESS
                                                   8 = SMOKE OR HAZE
[NO. OF DAYS WITH]      [WEATHER - DAYS WITH]      9 = BLOWING SNOW
                                                   X = TORNADO
MAX 32 OR BELOW:   0    0.01 INCH OR MORE:  13
MAX 90 OR ABOVE:   0    0.10 INCH OR MORE:   8
MIN 32 OR BELOW:   2    0.50 INCH OR MORE:   5
MIN  0 OR BELOW:   0    1.00 INCH OR MORE:   1

[HDD (BASE 65) ]
TOTAL THIS MO.   179    CLEAR  (SCALE 0-3)  16
DPTR FM NORMAL   -97    PTCLDY (SCALE 4-7)  10
TOTAL FM JUL 1  4337    CLOUDY (SCALE 8-10)  4
DPTR FM NORMAL   236

[CDD (BASE 65) ]
TOTAL THIS MO.    25
DPTR FM NORMAL     2    [PRESSURE DATA]
TOTAL FM JAN 1    25    HIGHEST SLP 30.41 ON 17
DPTR FM NORMAL    -1    LOWEST  SLP 29.46 ON  7

[REMARKS]
#FINAL-04-14#
