000
CXUS55 KJKL 011000
CF6LOZ
PRELIMINARY LOCAL CLIMATOLOGICAL DATA (WS FORM: F-6)

                                          STATION:   LONDON KY
                                          MONTH:     NOVEMBER
                                          YEAR:      2010
                                          LATITUDE:   37  4 N
                                          LONGITUDE:  84  5 W

  TEMPERATURE IN F:       :PCPN:    SNOW:  WIND      :SUNSHINE: SKY     :PK WND
================================================================================
1   2   3   4   5  6A  6B    7    8   9   10  11  12  13   14  15   16   17  18
                                     12Z  AVG MX 2MIN
DY MAX MIN AVG DEP HDD CDD  WTR  SNW DPTH SPD SPD DIR MIN PSBL S-S WX    SPD DR
================================================================================

 1  62  39  51   0  14   0 0.00    M    M  6.5 12  30   M    M   0        14  40
 2  66  40  53   2  12   0 0.00    M    M  4.5  9  20   M    M   0        13  50
 3  57  48  53   2  12   0 0.58    M    M  1.1  7 280   M    M   7 1       8 270
 4  56  42  49  -1  16   0 0.04    M    M  6.6 18 340   M    M   7 1      28 320
 5  45  35  40 -10  25   0 0.12    M    M  6.7 16 330   M    M  10 1      21 320
 6  45  28  37 -13  28   0 0.02    M    M  3.1 12 320   M    M   7 1      14  10
 7  51  24  38 -11  27   0 0.00    M    M  0.5  7 180   M    M   0        10 230
 8  65  30  48  -1  17   0 0.00    M    M  2.1 12 260   M    M   0        15 260
 9  68  31  50   1  15   0 0.00    M    M  0.5  7 210   M    M   0        10 290
10  71  34  53   4  12   0 0.00    M    M  0.6  7 360   M    M   0 18      9 360
11  73  35  54   6  11   0 0.00    M    M  1.6 10  10   M    M   0        13  20
12  72  31  52   4  13   0 0.00    M    M  0.6  9 260   M    M   0 8      12 270
13  70  36  53   5  12   0 0.00    M    M  3.0 15 260   M    M   1 8      18 270
14  57  35  46  -1  19   0 0.13    M    M  2.7 10 290   M    M   9 12     14 280
15  47  34  41  -6  24   0 0.18    M    M  1.3  8  20   M    M   9 12     10  20
16  63  44  54   7  11   0 1.28    M    M  9.5 30 230   M    M   8 1      45 230
17  53  34  44  -2  21   0    T    M    M  5.3 20 260   M    M   6 1      25 260
18  52  32  42  -4  23   0    T    M    M  2.9  9  10   M    M   7 18     12  10
19  57  35  46   0  19   0 0.00    M    M  2.1 10 220   M    M   2 18     15 220
20  62  37  50   4  15   0 0.00    M    M  0.8  7 300   M    M   4 18     10 270
21  67  41  54   9  11   0 0.00    M    M  5.4 17 180   M    M   5 1      22 180
22  71  46  59  14   6   0 0.00    M    M  6.7 24 210   M    M   1        37 210
23  65  40  53   8  12   0 0.58    M    M  4.3 20 320   M    M   6 1      28 220
24  58  34  46   2  19   0 0.22    M    M  5.1 13 350   M    M   3 1      17 180
25  71  53  62  18   3   0 0.21    M    M 13.3 25 300   M    M   6 1      33 290
26  53  27  40  -4  25   0 0.17    M    M  7.7 16 280   M    M   5 1      22 300
27  40  26  33 -10  32   0 0.00    M    M  4.2 14 290   M    M   5 1      20 300
28  50  22  36  -7  29   0 0.00    M    M  1.0  7 130   M    M   0 1      20 150
29  59  28  44   1  21   0 0.06    M    M  6.2 16 140   M    M   3 1      24 130
30  56  34  45   2  20   0 3.03    M    M  7.2 22 280   M    M  10 1      29 280
================================================================================
SM 1782 1055       524   0  6.62    M    123.1          M      121
================================================================================
AV 59.4 35.2                               4.1 FASTST   M    M   4    MAX(MPH)
                                 MISC ---->  # 30 230               # 45  230
================================================================================
NOTES:
# LAST OF SEVERAL OCCURRENCES

COLUMN 17 PEAK WIND IN M.P.H.

PRELIMINARY LOCAL CLIMATOLOGICAL DATA (WS FORM: F-6) , PAGE 2

                                          STATION:  LONDON KY
                                          MONTH:    NOVEMBER
                                          YEAR:     2010
                                          LATITUDE:   37  4 N
                                          LONGITUDE:  84  5 W

[TEMPERATURE DATA]      [PRECIPITATION DATA]       SYMBOLS USED IN COLUMN 16

AVERAGE MONTHLY: 47.3   TOTAL FOR MONTH:   6.62    1 = FOG OR MIST
DPTR FM NORMAL:   0.4   DPTR FM NORMAL:    2.72    2 = FOG REDUCING VISIBILITY
HIGHEST:    73 ON 11    GRTST 24HR  3.06 ON 29-30      TO 1/4 MILE OR LESS
LOWEST:     22 ON 28                               3 = THUNDER
                        SNOW, ICE PELLETS, HAIL    4 = ICE PELLETS
                        TOTAL MONTH:    M          5 = HAIL
                        GRTST 24HR    M  ON   M    6 = FREEZING RAIN OR DRIZZLE
                        GRTST DEPTH:  M  ON   M    7 = DUSTSTORM OR SANDSTORM:
                                                       VSBY 1/2 MILE OR LESS
                                                   8 = SMOKE OR HAZE
[NO. OF DAYS WITH]      [WEATHER - DAYS WITH]      9 = BLOWING SNOW
                                                   X = TORNADO
MAX 32 OR BELOW:   0    0.01 INCH OR MORE:  13
MAX 90 OR ABOVE:   0    0.10 INCH OR MORE:  10
MIN 32 OR BELOW:  10    0.50 INCH OR MORE:   4
MIN  0 OR BELOW:   0    1.00 INCH OR MORE:   2

[HDD (BASE 65) ]
TOTAL THIS MO.   524    CLEAR  (SCALE 0-3)  12
DPTR FM NORMAL   -22    PTCLDY (SCALE 4-7)  14
TOTAL FM JUL 1   810    CLOUDY (SCALE 8-10)  4
DPTR FM NORMAL   -74

[CDD (BASE 65) ]
TOTAL THIS MO.     0
DPTR FM NORMAL    -1    [PRESSURE DATA]
TOTAL FM JAN 1  1434    HIGHEST SLP 30.52 ON  7
DPTR FM NORMAL   335    LOWEST  SLP 29.38 ON 16

[REMARKS]
#FINAL-11-10#
