000
CXUS55 KJKL 011000
CF6LOZ
PRELIMINARY LOCAL CLIMATOLOGICAL DATA (WS FORM: F-6)

                                          STATION:   LONDON KY
                                          MONTH:     JULY
                                          YEAR:      2010
                                          LATITUDE:   37  4 N
                                          LONGITUDE:  84  5 W

  TEMPERATURE IN F:       :PCPN:    SNOW:  WIND      :SUNSHINE: SKY     :PK WND
================================================================================
1   2   3   4   5  6A  6B    7    8   9   10  11  12  13   14  15   16   17  18
                                     12Z  AVG MX 2MIN
DY MAX MIN AVG DEP HDD CDD  WTR  SNW DPTH SPD SPD DIR MIN PSBL S-S WX    SPD DR
================================================================================

 1  79  57  68  -7   0   3 0.00    M    M  7.3 15  20   M    M   0        22  20
 2  83  55  69  -6   0   4 0.00    M    M  3.8 13  80   M    M   0        20  90
 3  87  60  74  -1   0   9 0.00    M    M  2.5 12 250   M    M   2 18     15 230
 4  87  65  76   1   0  11 0.00    M    M  1.6 10 240   M    M   1 18     14 250
 5  90  67  79   4   0  14 0.00    M    M  2.4  9 110   M    M   2 18     15 200
 6  92  64  78   3   0  13 0.00    M    M  1.7  9 240   M    M   1 18     13  10
 7  95  66  81   5   0  16 0.00    M    M  1.9 12  30   M    M   1 18     21  50
 8  95  67  81   5   0  16 0.00    M    M  1.5  8  70   M    M   1 18     18 340
 9  85  72  79   3   0  14 0.69    M    M  2.4 25 360   M    M   4 138    33 360
10  85  67  76   0   0  11 0.00    M    M  2.8  8  20   M    M   5 1      10  20
11  89  64  77   1   0  12 0.00    M    M  1.4 12 250   M    M   1 1      16 240
12  84  70  77   1   0  12 0.79    M    M  3.7 21 280   M    M   5 13     29 280
13  80  68  74  -2   0   9 0.22    M    M  5.0 14 290   M    M   5 1      20 210
14  87  65  76   0   0  11 0.00    M    M  1.1  7 130   M    M   5 12     13  10
15  90  66  78   2   0  13 0.00    M    M  0.9  7 150   M    M   1 1      15 250
16  90  67  79   3   0  14 0.00    M    M  2.6 12 300   M    M   0 13     14 300
17  85  72  79   3   0  14 0.00    M    M  4.9 15 240   M    M   3 1      20 260
18  86  72  79   3   0  14 0.09    M    M  5.4 26 240   M    M   3 13     33 240
19  88  70  79   3   0  14 0.61    M    M  6.3 15 270   M    M   7 13     20 260
20  81  68  75  -1   0  10 0.21    M    M  4.0 17 270   M    M   3 13     24 200
21  84  72  78   2   0  13 0.62    M    M  4.1 12 290   M    M   3 138    17 280
22  88  69  79   3   0  14 0.00    M    M  3.1  9 260   M    M   2 12      M  M
23  92  72  82   6   0  17 0.00    M    M  4.1 14 270   M    M   0 1      20 250
24  91  69  80   4   0  15 0.00    M    M  3.7 13 250   M    M   0 1      16 250
25  91  72  82   6   0  17 0.32    M    M  4.1 15  10   M    M   1 13     23  20
26  90  70  80   4   0  15 0.00    M    M  3.4  9  20   M    M   2 1      13 350
27  84  72  78   2   0  13 0.58    M    M  3.1 14 250   M    M   3 13     18 250
28  88  70  79   3   0  14 0.00    M    M  4.0 16 270   M    M   2 1      21 270
29  88  73  81   5   0  16    T    M    M  5.2 14 280   M    M   3 13     18 230
30  84  66  75  -1   0  10 0.00    M    M  4.8 10  30   M    M   1        16 350
31  83  65  74  -2   0   9 0.47    M    M  2.3 20 270   M    M   6 13     33 270
================================================================================
SM 2701 2092         0 387  4.60    M    105.1          M       73
================================================================================
AV 87.1 67.5                               3.4 FASTST   M    M   2    MAX(MPH)
                                 MISC ---->  # 26 240               # 33  360
================================================================================
NOTES:
# LAST OF SEVERAL OCCURRENCES

COLUMN 17 PEAK WIND IN M.P.H.

PRELIMINARY LOCAL CLIMATOLOGICAL DATA (WS FORM: F-6) , PAGE 2

                                          STATION:  LONDON KY
                                          MONTH:    JULY
                                          YEAR:     2010
                                          LATITUDE:   37  4 N
                                          LONGITUDE:  84  5 W

[TEMPERATURE DATA]      [PRECIPITATION DATA]       SYMBOLS USED IN COLUMN 16

AVERAGE MONTHLY: 77.3   TOTAL FOR MONTH:   4.60    1 = FOG OR MIST
DPTR FM NORMAL:   1.5   DPTR FM NORMAL:    0.21    2 = FOG REDUCING VISIBILITY
HIGHEST:    95 ON  8, 7 GRTST 24HR  0.79 ON 12-12      TO 1/4 MILE OR LESS
LOWEST:     55 ON  2                               3 = THUNDER
                        SNOW, ICE PELLETS, HAIL    4 = ICE PELLETS
                        TOTAL MONTH:    M          5 = HAIL
                        GRTST 24HR    M  ON   M    6 = FREEZING RAIN OR DRIZZLE
                        GRTST DEPTH:  M  ON   M    7 = DUSTSTORM OR SANDSTORM:
                                                       VSBY 1/2 MILE OR LESS
                                                   8 = SMOKE OR HAZE
[NO. OF DAYS WITH]      [WEATHER - DAYS WITH]      9 = BLOWING SNOW
                                                   X = TORNADO
MAX 32 OR BELOW:   0    0.01 INCH OR MORE:  10
MAX 90 OR ABOVE:  10    0.10 INCH OR MORE:   9
MIN 32 OR BELOW:   0    0.50 INCH OR MORE:   5
MIN  0 OR BELOW:   0    1.00 INCH OR MORE:   0

[HDD (BASE 65) ]
TOTAL THIS MO.     0    CLEAR  (SCALE 0-3)  22
DPTR FM NORMAL     0    PTCLDY (SCALE 4-7)   9
TOTAL FM JUL 1     0    CLOUDY (SCALE 8-10)  0
DPTR FM NORMAL     0

[CDD (BASE 65) ]
TOTAL THIS MO.   387
DPTR FM NORMAL    54    [PRESSURE DATA]
TOTAL FM JAN 1   897    HIGHEST SLP M ON M
DPTR FM NORMAL   246    LOWEST  SLP 28.62 ON 20

[REMARKS]
#FINAL-07-10#
