000
CXUS55 KJKL 311000
CF6LOZ
PRELIMINARY LOCAL CLIMATOLOGICAL DATA (WS FORM: F-6)

                                          STATION:   LONDON KY
                                          MONTH:     DECEMBER
                                          YEAR:      2013
                                          LATITUDE:   37  4 N
                                          LONGITUDE:  84  5 W

  TEMPERATURE IN F:       :PCPN:    SNOW:  WIND      :SUNSHINE: SKY     :PK WND
================================================================================
1   2   3   4   5  6A  6B    7    8   9   10  11  12  13   14  15   16   17  18
                                     12Z  AVG MX 2MIN
DY MAX MIN AVG DEP HDD CDD  WTR  SNW DPTH SPD SPD DIR MIN PSBL S-S WX    SPD DR
================================================================================

 1  51  28  40  -2  25   0 0.00    M    M  1.1 10 240   M    M   8        13 180
 2  56  43  50   8  15   0    T    M    M  2.8  9 200   M    M   9        15 120
 3  58  46  52  10  13   0 0.00    M    M  3.1  9 180   M    M  10        17 170
 4  69  45  57  16   8   0 0.01    M    M  6.9 18 190   M    M   5 12     27 200
 5  72  42  57  16   8   0 0.70    M    M  7.5 20 300   M    M   8 1      30 220
 6  43  34  39  -2  26   0 2.05    M    M  8.5 17  10   M    M  10 136    22  10
 7  34  30  32  -8  33   0    T    M    M  8.7 13  30   M    M  10 18     18  30
 8  50  31  41   1  24   0 0.65    M    M  3.9 10 190   M    M  10 16     15 170
 9  50  33  42   2  23   0 0.07    M    M  7.0 14 290   M    M  10 1      19 310
10  36  25  31  -9  34   0 0.10    M    M  6.6 15 260   M    M   5 18     20 260
11  46  20  33  -6  32   0 0.00    M    M  5.5 17 270   M    M   0 18     22 250
12  34  20  27 -12  38   0 0.00    M    M  3.9 13 290   M    M   4        17 350
13  46  19  33  -6  32   0    T    M    M  2.1 16  80   M    M   2        20  70
14  50  38  44   5  21   0 0.49    M    M  7.9 17 270   M    M  10 1      29 170
15  39  31  35  -3  30   0    T    M    M  9.4 18 280   M    M  10 1      24 290
16  51  31  41   3  24   0 0.00    M    M  7.9 13 230   M    M   5        18 230
17  53  31  42   4  23   0 0.00    M    M 10.2 24 280   M    M   4        33 300
18  45  25  35  -3  30   0 0.00    M    M  5.2 14 260   M    M   1 1      17 260
19  63  29  46   8  19   0 0.00    M    M  5.9 17 210   M    M   0        24 210
20  65  42  54  17  11   0    T    M    M  9.0 22 190   M    M   8        30 190
21  72  56  64  27   1   0 0.15    M    M 10.7 28 180   M    M   9 1      37 180
22  70  56  63  26   2   0 1.35    M    M  8.6 30 260   M    M   8 1      40 260
23  56  32  44   7  21   0 0.01    M    M  7.2 17 340   M    M  10 18     24 320
24  32  20  26 -11  39   0    T    M    M  7.5 15 320   M    M   6 8      19 320
25  42  18  30  -7  35   0 0.00    M    M  3.8 13 210   M    M   1        16 200
26  44  27  36   0  29   0 0.00    M    M  3.9 13 270   M    M   5        16 270
27  50  22  36   0  29   0 0.00    M    M  1.0  8 260   M    M   0 1      11 250
28  47  24  36   0  29   0 0.18    M    M  0.9  6  70   M    M   3 1       9  80
29  43  38  41   5  24   0 0.68    M    M  6.2 14 300   M    M  10 1      17 280
30  39  30  35  -1  30   0    T    M    M  6.2 13 310   M    M  10 1      19 330
================================================================================
SM 1506  966       708   0  6.44    M    179.1          M      191
================================================================================
AV 50.2 32.2                               6.0 FASTST   M    M   6    MAX(MPH)
                                 MISC ---->  # 30 260               # 40  260
================================================================================
NOTES:
# LAST OF SEVERAL OCCURRENCES

COLUMN 17 PEAK WIND IN M.P.H.

PRELIMINARY LOCAL CLIMATOLOGICAL DATA (WS FORM: F-6) , PAGE 2

                                          STATION:  LONDON KY
                                          MONTH:    DECEMBER
                                          YEAR:     2013
                                          LATITUDE:   37  4 N
                                          LONGITUDE:  84  5 W

[TEMPERATURE DATA]      [PRECIPITATION DATA]       SYMBOLS USED IN COLUMN 16

AVERAGE MONTHLY: 41.2   TOTAL FOR MONTH:   6.44    1 = FOG OR MIST
DPTR FM NORMAL:   2.6   DPTR FM NORMAL:    2.32    2 = FOG REDUCING VISIBILITY
HIGHEST:    72 ON 21, 5 GRTST 24HR  2.30 ON  5- 6      TO 1/4 MILE OR LESS
LOWEST:     18 ON 25                               3 = THUNDER
                        SNOW, ICE PELLETS, HAIL    4 = ICE PELLETS
                        TOTAL MONTH:    M          5 = HAIL
                        GRTST 24HR    M  ON   M    6 = FREEZING RAIN OR DRIZZLE
                        GRTST DEPTH:  M  ON   M    7 = DUSTSTORM OR SANDSTORM:
                                                       VSBY 1/2 MILE OR LESS
                                                   8 = SMOKE OR HAZE
[NO. OF DAYS WITH]      [WEATHER - DAYS WITH]      9 = BLOWING SNOW
                                                   X = TORNADO
MAX 32 OR BELOW:   1    0.01 INCH OR MORE:  12
MAX 90 OR ABOVE:   0    0.10 INCH OR MORE:   9
MIN 32 OR BELOW:  19    0.50 INCH OR MORE:   5
MIN  0 OR BELOW:   0    1.00 INCH OR MORE:   2

[HDD (BASE 65) ]
TOTAL THIS MO.   708    CLEAR  (SCALE 0-3)   7
DPTR FM NORMAL   -85    PTCLDY (SCALE 4-7)  10
TOTAL FM JUL 1  1575    CLOUDY (SCALE 8-10) 13
DPTR FM NORMAL   -48

[CDD (BASE 65) ]
TOTAL THIS MO.     0
DPTR FM NORMAL     0    [PRESSURE DATA]
TOTAL FM JAN 1  1083    HIGHEST SLP M ON M
DPTR FM NORMAL  -107    LOWEST  SLP 29.66 ON 21

[REMARKS]
