000
CXUS55 KJKL 011000
CF6LOZ
PRELIMINARY LOCAL CLIMATOLOGICAL DATA (WS FORM: F-6)
STATION: LONDON KY
MONTH: FEBRUARY
YEAR: 2020
LATITUDE: 37 4 N
LONGITUDE: 84 5 W
TEMPERATURE IN F: :PCPN: SNOW: WIND :SUNSHINE: SKY :PK WND
================================================================================
1 2 3 4 5 6A 6B 7 8 9 10 11 12 13 14 15 16 17 18
12Z AVG MX 2MIN
DY MAX MIN AVG DEP HDD CDD WTR SNW DPTH SPD SPD DIR MIN PSBL S-S WX SPD DR
================================================================================
1 44 38 41 4 24 0 0.11 M M 5.8 15 250 M M 10 1 23 260
2 63 33 48 11 17 0 0.00 M M 8.1 25 260 M M 1 33 260
3 70 38 54 17 11 0 T M M 5.7 17 230 M M 2 27 230
4 65 52 59 22 6 0 1.84 M M 6.5 16 210 M M 9 1 28 210
5 58 41 50 13 15 0 1.25 M M 5.6 17 120 M M 10 1 25 110
6 58 35 47 9 18 0 0.70 M M 7.2 21 290 M M 9 1 26 320
7 35 27 31 -7 34 0 0.18 M M 10.0 20 270 M M 10 1 28 290
8 42 26 34 -4 31 0 T M M 4.8 16 240 M M 7 1 21 240
9 53 23 38 0 27 0 0.00 M M 7.0 21 180 M M 2 12 27 170
10 53 44 49 11 16 0 1.34 M M 4.2 20 210 M M 10 1 33 200
11 52 38 45 6 20 0 1.06 M M 5.0 13 10 M M 8 1 19 350
12 60 37 49 10 16 0 0.98 M M 6.6 23 300 M M 7 1 35 300
13 59 30 45 6 20 0 0.51 M M 9.3 18 280 M M 10 1 27 290
14 31 20 26 -13 39 0 0.00 M M 6.3 14 310 M M 6 20 310
15 48 16 32 -8 33 0 0.00 M M 4.1 13 180 M M 0 18 180
16 55 35 45 5 20 0 0.00 M M 3.4 17 260 M M 8 22 200
17 61 31 46 6 19 0 0.00 M M 3.7 12 190 M M 1 17 200
18 56 42 49 9 16 0 0.55 M M 7.8 17 340 M M 8 1 28 350
19 48 34 41 1 24 0 0.00 M M 8.0 14 20 M M 4 1 21 10
20 38 26 32 -9 33 0 T M M 8.5 20 10 M M 7 1 31 350
21 39 18 29 -12 36 0 0.00 M M 5.3 16 10 M M 0 24 20
22 51 18 35 -6 30 0 0.00 M M 1.4 10 250 M M 0 14 260
23 55 24 40 -2 25 0 0.00 M M 4.2 15 240 M M 5 22 200
24 49 39 44 2 21 0 0.23 M M 5.9 15 170 M M 10 1 32 120
25 57 46 52 10 13 0 0.15 M M 7.3 16 230 M M 7 1 24 240
26 49 31 40 -2 25 0 0.18 M M 9.4 22 280 M M 10 1 33 290
27 38 27 33 -10 32 0 0.01 M M 9.3 23 260 M M 7 1 29 250
28 43 29 36 -7 29 0 0.05 M M 8.0 23 260 M M 10 18 35 250
29 40 25 33 -10 32 0 0.01 M M 7.3 16 300 M M 4 1 24 320
================================================================================
SM 1470 923 682 0 9.15 M 185.7 M 182
================================================================================
AV 50.7 31.8 6.4 FASTST M M 6 MAX(MPH)
MISC ----> # 25 260 # 35 300
================================================================================
NOTES:
# LAST OF SEVERAL OCCURRENCES
COLUMN 17 PEAK WIND IN M.P.H.
PRELIMINARY LOCAL CLIMATOLOGICAL DATA (WS FORM: F-6) , PAGE 2
STATION: LONDON KY
MONTH: FEBRUARY
YEAR: 2020
LATITUDE: 37 4 N
LONGITUDE: 84 5 W
[TEMPERATURE DATA] [PRECIPITATION DATA] SYMBOLS USED IN COLUMN 16
AVERAGE MONTHLY: 41.3 TOTAL FOR MONTH: 9.15 1 = FOG OR MIST
DPTR FM NORMAL: 1.8 DPTR FM NORMAL: 5.44 2 = FOG REDUCING VISIBILITY
HIGHEST: 70 ON 3 GRTST 24HR 1.84 ON 4- 4 TO 1/4 MILE OR LESS
LOWEST: 16 ON 15 3 = THUNDER
SNOW, ICE PELLETS, HAIL 4 = ICE PELLETS
TOTAL MONTH: M 5 = HAIL
GRTST 24HR M ON M 6 = FREEZING RAIN OR DRIZZLE
GRTST DEPTH: M ON M 7 = DUSTSTORM OR SANDSTORM:
VSBY 1/2 MILE OR LESS
8 = SMOKE OR HAZE
[NO. OF DAYS WITH] [WEATHER - DAYS WITH] 9 = BLOWING SNOW
X = TORNADO
MAX 32 OR BELOW: 1 0.01 INCH OR MORE: 16
MAX 90 OR ABOVE: 0 0.10 INCH OR MORE: 13
MIN 32 OR BELOW: 15 0.50 INCH OR MORE: 8
MIN 0 OR BELOW: 0 1.00 INCH OR MORE: 4
[HDD (BASE 65) ]
TOTAL THIS MO. 682 CLEAR (SCALE 0-3) 7
DPTR FM NORMAL -31 PTCLDY (SCALE 4-7) 9
TOTAL FM JUL 1 2940 CLOUDY (SCALE 8-10) 13
DPTR FM NORMAL -358
[CDD (BASE 65) ]
TOTAL THIS MO. 0
DPTR FM NORMAL 0 [PRESSURE DATA]
TOTAL FM JAN 1 0 HIGHEST SLP 30.66 ON 21
DPTR FM NORMAL 0 LOWEST SLP 29.34 ON 6
[REMARKS]
#FINAL-02-20#