000
CXUS55 KJKL 011000
CF6LOZ
PRELIMINARY LOCAL CLIMATOLOGICAL DATA (WS FORM: F-6)

                                          STATION:   LONDON KY
                                          MONTH:     NOVEMBER
                                          YEAR:      2015
                                          LATITUDE:   37  4 N
                                          LONGITUDE:  84  5 W

  TEMPERATURE IN F:       :PCPN:    SNOW:  WIND      :SUNSHINE: SKY     :PK WND
================================================================================
1   2   3   4   5  6A  6B    7    8   9   10  11  12  13   14  15   16   17  18
                                     12Z  AVG MX 2MIN
DY MAX MIN AVG DEP HDD CDD  WTR  SNW DPTH SPD SPD DIR MIN PSBL S-S WX    SPD DR
================================================================================

 1  61  54  58   6   7   0 0.18    M    M  3.2  9  20   M    M   9 1      12  20
 2  65  56  61   9   4   0 0.04    M    M  3.8 12  20   M    M   9 1      14  20
 3  76  49  63  11   2   0 0.00    M    M  1.1  7 290   M    M   6         8 310
 4  78  54  66  14   0   1 0.00    M    M  1.6 10 190   M    M   5 1      12 220
 5  78  58  68  17   0   3 0.00    M    M  4.5 13 190   M    M   5        16 190
 6  70  61  66  15   0   1 0.11    M    M  6.7 18 250   M    M   7 1      26 270
 7  62  45  54   3  11   0 0.11    M    M  5.8 13 360   M    M   7 1      18  10
 8  59  37  48  -2  17   0 0.00    M    M  5.9 16 100   M    M   1        21 100
 9  63  45  54   4  11   0 0.03    M    M  2.0 10 270   M    M  10 18     12 270
10  54  36  45  -5  20   0    T    M    M  5.2 14 280   M    M   6 1      17 280
11  66  30  48  -1  17   0 0.00    M    M  2.6 10 190   M    M   1 1      13 190
12  67  48  58   9   7   0    T    M    M 14.5 30 250   M    M   3        41 250
13  56  33  45  -3  20   0 0.00    M    M  7.3 22 290   M    M   0        29 270
14  57  25  41  -7  24   0 0.00    M    M  1.0  9 350   M    M   0        13 340
15  61  28  45  -3  20   0 0.00    M    M  0.3  6 180   M    M   0         8 220
16  57  28  43  -5  22   0 0.00    M    M  1.0  6 160   M    M   4         7 150
17  63  49  56   9   9   0    T    M    M  5.3 15 140   M    M   3        22 140
18  70  55  63  16   2   0 0.98    M    M 11.5 24 270   M    M   5 1      33 140
19  64  40  52   6  13   0    T    M    M  6.6 17 290   M    M   2        21 300
20  53  30  42  -4  23   0 0.00    M    M  3.7 15  40   M    M   0        19  40
21  65  31  48   2  17   0 0.09    M    M  9.7 29 290   M    M   4 1      40 290
22  39  24  32 -13  33   0 0.00    M    M  5.6 15 280   M    M   8        18 290
23  48  19  34 -11  31   0 0.00    M    M  3.4 16 240   M    M   0 1      20 250
24  55  24  40  -5  25   0 0.00    M    M  1.3  9 210   M    M   0        13 230
25  59  28  44   0  21   0 0.00    M    M  4.0 15 180   M    M   0        21 190
26  68  38  53   9  12   0 0.00    M    M  4.6 16 180   M    M   0        21 180
27  67  41  54  10  11   0 0.00    M    M  3.5 12 200   M    M   0        17 210
28  62  53  58  15   7   0 0.25    M    M  1.9  9 200   M    M   8 1      12 200
29  59  49  54  11  11   0 1.07    M    M  4.4 16  10   M    M  10 1      19  10
30  59  47  53  10  12   0 0.75    M    M  3.1  9  30   M    M  10 1      12  40
================================================================================
SM 1861 1215       409   5  3.61    M    135.1          M      123
================================================================================
AV 62.0 40.5                               4.5 FASTST   M    M   4    MAX(MPH)
                                 MISC ---->  # 30 250               # 41  250
================================================================================
NOTES:
# LAST OF SEVERAL OCCURRENCES

COLUMN 17 PEAK WIND IN M.P.H.

PRELIMINARY LOCAL CLIMATOLOGICAL DATA (WS FORM: F-6) , PAGE 2

                                          STATION:  LONDON KY
                                          MONTH:    NOVEMBER
                                          YEAR:     2015
                                          LATITUDE:   37  4 N
                                          LONGITUDE:  84  5 W

[TEMPERATURE DATA]      [PRECIPITATION DATA]       SYMBOLS USED IN COLUMN 16

AVERAGE MONTHLY: 51.3   TOTAL FOR MONTH:   3.61    1 = FOG OR MIST
DPTR FM NORMAL:   3.7   DPTR FM NORMAL:   -0.22    2 = FOG REDUCING VISIBILITY
HIGHEST:    78 ON  5, 4 GRTST 24HR  1.30 ON 29-30      TO 1/4 MILE OR LESS
LOWEST:     19 ON 23                               3 = THUNDER
                        SNOW, ICE PELLETS, HAIL    4 = ICE PELLETS
                        TOTAL MONTH:    M          5 = HAIL
                        GRTST 24HR    M  ON   M    6 = FREEZING RAIN OR DRIZZLE
                        GRTST DEPTH:  M  ON   M    7 = DUSTSTORM OR SANDSTORM:
                                                       VSBY 1/2 MILE OR LESS
                                                   8 = SMOKE OR HAZE
[NO. OF DAYS WITH]      [WEATHER - DAYS WITH]      9 = BLOWING SNOW
                                                   X = TORNADO
MAX 32 OR BELOW:   0    0.01 INCH OR MORE:  10
MAX 90 OR ABOVE:   0    0.10 INCH OR MORE:   7
MIN 32 OR BELOW:  10    0.50 INCH OR MORE:   3
MIN  0 OR BELOW:   0    1.00 INCH OR MORE:   1

[HDD (BASE 65) ]
TOTAL THIS MO.   409    CLEAR  (SCALE 0-3)  12
DPTR FM NORMAL  -115    PTCLDY (SCALE 4-7)  11
TOTAL FM JUL 1   665    CLOUDY (SCALE 8-10)  7
DPTR FM NORMAL  -165

[CDD (BASE 65) ]
TOTAL THIS MO.     5
DPTR FM NORMAL     3    [PRESSURE DATA]
TOTAL FM JAN 1  1387    HIGHEST SLP 30.61 ON 26
DPTR FM NORMAL   197    LOWEST  SLP 29.69 ON 12

[REMARKS]
#FINAL-11-15#
