000
CXUS55 KJKL 010800
CF6LOZ
PRELIMINARY LOCAL CLIMATOLOGICAL DATA (WS FORM: F-6)

                                          STATION:   LONDON KY
                                          MONTH:     OCTOBER
                                          YEAR:      2013
                                          LATITUDE:   37  4 N
                                          LONGITUDE:  84  5 W

  TEMPERATURE IN F:       :PCPN:    SNOW:  WIND      :SUNSHINE: SKY     :PK WND
================================================================================
1   2   3   4   5  6A  6B    7    8   9   10  11  12  13   14  15   16   17  18
                                     12Z  AVG MX 2MIN
DY MAX MIN AVG DEP HDD CDD  WTR  SNW DPTH SPD SPD DIR MIN PSBL S-S WX    SPD DR
================================================================================

 1  78  52  65   3   0   0 0.00    M    M  2.1 13 260   M    M   4 12     15 240
 2  82  57  70   8   0   5 0.00    M    M  1.7  9 240   M    M   2 1      13 180
 3  82  63  73  11   0   8 0.99    M    M  1.8 15 350   M    M   4 138    20 330
 4  82  58  70   9   0   5 0.00    M    M  1.6 10 200   M    M   4 12     15 230
 5  85  63  74  13   0   9 0.00    M    M  2.6 10 220   M    M   1 1      15 200
 6  82  55  69   9   0   4 0.98    M    M  8.1 23 280   M    M   4 1      31 270
 7  67  50  59  -1   6   0 0.14    M    M  4.8 13 290   M    M   3 1      17 330
 8  71  46  59  -1   6   0 0.00    M    M  4.2 15  40   M    M   0        21  40
 9  77  47  62   3   3   0 0.00    M    M  1.0  8  10   M    M   2        12 340
10  75  47  61   2   4   0 0.00    M    M  0.7  9  50   M    M   3 12     22 210
11  78  47  63   4   2   0 0.00    M    M  1.1  9 330   M    M   0 1      21  50
12  79  50  65   7   0   0 0.00    M    M  0.8 10 300   M    M   4 12     14 300
13  80  54  67   9   0   2 0.00    M    M  2.7 12 350   M    M   4 1      21  20
14  75  60  68  10   0   3 0.00    M    M  3.7 12  20   M    M   6 1      37  30
15  76  59  68  10   0   3 0.25    M    M  1.7  9 190   M    M   4 1      13 220
16  64  61  63   6   2   0 0.11    M    M  3.3  9 210   M    M   8 1      14 220
17  63  47  55  -2  10   0 0.23    M    M  2.8 15 320   M    M  10 12     22 310
18  62  44  53  -4  12   0 0.00    M    M  1.0  6 220   M    M   6 12      9 230
19  59  38  49  -7  16   0 0.03    M    M  4.1 17 280   M    M   5 1      23 300
20  61  35  48  -8  17   0 0.00    M    M  0.3  6 150   M    M   3 12      9 210
21  69  35  52  -4  13   0 0.00    M    M  3.6 15 250   M    M   1        20 270
22  55  42  49  -6  16   0 0.10    M    M  2.6 12 340   M    M   8 128    16 350
23  48  32  40 -15  25   0    T    M    M  6.9 23 290   M    M   8 1      33 280
24  51  32  42 -13  23   0 0.01    M    M  4.3 16 330   M    M   9 1      21 320
25  49  30  40 -14  25   0 0.00    M    M  2.5  9 310   M    M   2        14 290
26  55  25  40 -14  25   0 0.00    M    M  5.0 20 250   M    M   5        25 250
27  66  37  52  -2  13   0 0.00    M    M  3.0 13 280   M    M   6        16 290
28  62  51  57   3   8   0 0.19    M    M  2.1  7 280   M    M  10 1       9 300
29  68  56  62   9   3   0 0.05    M    M  1.3  9 270   M    M   8 1      13 220
30  76  58  67  14   0   2 0.41    M    M  2.1 10 230   M    M   6 18     17 200
31  73  58  66  13   0   1 0.06    M    M 10.1 30 210   M    M   7        44 220
================================================================================
SM 2150 1489       229  42  3.55    M     93.6          M      147
================================================================================
AV 69.4 48.0                               3.0 FASTST   M    M   5    MAX(MPH)
                                 MISC ---->  # 30 210               # 44  220
================================================================================
NOTES:
# LAST OF SEVERAL OCCURRENCES

COLUMN 17 PEAK WIND IN M.P.H.

PRELIMINARY LOCAL CLIMATOLOGICAL DATA (WS FORM: F-6) , PAGE 2

                                          STATION:  LONDON KY
                                          MONTH:    OCTOBER
                                          YEAR:     2013
                                          LATITUDE:   37  4 N
                                          LONGITUDE:  84  5 W

[TEMPERATURE DATA]      [PRECIPITATION DATA]       SYMBOLS USED IN COLUMN 16

AVERAGE MONTHLY: 58.7   TOTAL FOR MONTH:   3.55    1 = FOG OR MIST
DPTR FM NORMAL:   1.4   DPTR FM NORMAL:    0.53    2 = FOG REDUCING VISIBILITY
HIGHEST:    85 ON  5    GRTST 24HR  1.12 ON  6- 7      TO 1/4 MILE OR LESS
LOWEST:     25 ON 26                               3 = THUNDER
                        SNOW, ICE PELLETS, HAIL    4 = ICE PELLETS
                        TOTAL MONTH:    M          5 = HAIL
                        GRTST 24HR    M  ON   M    6 = FREEZING RAIN OR DRIZZLE
                        GRTST DEPTH:  M  ON   M    7 = DUSTSTORM OR SANDSTORM:
                                                       VSBY 1/2 MILE OR LESS
                                                   8 = SMOKE OR HAZE
[NO. OF DAYS WITH]      [WEATHER - DAYS WITH]      9 = BLOWING SNOW
                                                   X = TORNADO
MAX 32 OR BELOW:   0    0.01 INCH OR MORE:  13
MAX 90 OR ABOVE:   0    0.10 INCH OR MORE:   9
MIN 32 OR BELOW:   4    0.50 INCH OR MORE:   2
MIN  0 OR BELOW:   0    1.00 INCH OR MORE:   0

[HDD (BASE 65) ]
TOTAL THIS MO.   229    CLEAR  (SCALE 0-3)   9
DPTR FM NORMAL   -30    PTCLDY (SCALE 4-7)  18
TOTAL FM JUL 1   244    CLOUDY (SCALE 8-10)  4
DPTR FM NORMAL   -62

[CDD (BASE 65) ]
TOTAL THIS MO.    42
DPTR FM NORMAL    21    [PRESSURE DATA]
TOTAL FM JAN 1  1083    HIGHEST SLP 30.48 ON 25
DPTR FM NORMAL  -105    LOWEST  SLP 29.57 ON 31

[REMARKS]
#FINAL-10-13#
