000
CXUS55 KJKL 010800
CF6LOZ
PRELIMINARY LOCAL CLIMATOLOGICAL DATA (WS FORM: F-6)

                                          STATION:   LONDON KY
                                          MONTH:     JANUARY
                                          YEAR:      2014
                                          LATITUDE:   37  4 N
                                          LONGITUDE:  84  5 W

  TEMPERATURE IN F:       :PCPN:    SNOW:  WIND      :SUNSHINE: SKY     :PK WND
================================================================================
1   2   3   4   5  6A  6B    7    8   9   10  11  12  13   14  15   16   17  18
                                     12Z  AVG MX 2MIN
DY MAX MIN AVG DEP HDD CDD  WTR  SNW DPTH SPD SPD DIR MIN PSBL S-S WX    SPD DR
================================================================================

 1  50  23  37   1  28   0 0.00    M    M  2.7 14 190   M    M   0        18 230
 2  43  15  29  -7  36   0 0.15    M    M  8.9 24 290   M    M   9 1      32 310
 3  23   9  16 -20  49   0    T    M    M  4.6 18 340   M    M   3        28 350
 4  44  15  30  -6  35   0 0.00    M    M  5.1 16 180   M    M   0        23 170
 5  56  27  42   6  23   0 0.22    M    M 10.9 39 260   M    M   5 1      51 250
 6  31  -1  15 -20  50   0 0.02    M    M 14.2 25 270   M    M   8 18     34 280
 7  13  -4   5 -30  60   0 0.00    M    M  5.5 22 280   M    M   0        26 270
 8  36   7  22 -13  43   0 0.00    M    M  2.6 10 190   M    M   0        16 240
 9  44  26  35   0  30   0 0.03    M    M  2.0  6 140   M    M   7         8 150
10  57  37  47  12  18   0 0.01    M    M  3.3 12 180   M    M   9 1      16 180
11  59  37  48  13  17   0 0.88    M    M 11.5 26 270   M    M   6 13     33 250
12  53  30  42   7  23   0 0.00    M    M  4.8 12 220   M    M   1 1      15 230
13  53  37  45  10  20   0 0.60    M    M  6.9 18 200   M    M   6 1      29 220
14  52  40  46  11  19   0 0.17    M    M  7.3 18 330   M    M   6 1      23 320
15  40  24  32  -3  33   0 0.01    M    M  6.7 15 300   M    M   7 1      19 290
16  39  19  29  -6  36   0    T    M    M  6.7 16 190   M    M   6        22 200
17  39  20  30  -5  35   0 0.03    M    M  9.7 22 290   M    M   7 18     29 300
18  37  18  28  -7  37   0    T    M    M  6.9 16 190   M    M   8 8      22 170
19  42  35  39   4  26   0    T    M    M  9.5 20 240   M    M   5        24 230
20  56  32  44   9  21   0 0.00    M    M  7.1 16 260   M    M   0        20 240
21  38  10  24 -12  41   0 0.07    M    M  9.2 23 340   M    M   9 1      31 340
22  21   1  11 -25  54   0 0.00    M    M  4.0 16 260   M    M   5        20 260
23  20   5  13 -23  52   0    T    M    M  8.0 20 290   M    M   4 8      25 290
24  25   1  13 -23  52   0 0.00    M    M  6.8 16 220   M    M   1        25 210
25  36  22  29  -7  36   0 0.09    M    M 13.9 24 260   M    M   6 12     32 250
26  55   7  31  -5  34   0 0.00    M    M  8.5 24 230   M    M   3        30 240
27  49  13  31  -5  34   0 0.00    M    M 10.4 28 320   M    M   6        38 320
28  14   7  11 -25  54   0 0.00    M    M  7.3 13  20   M    M   6        17 360
29  24   0  12 -24  53   0 0.00    M    M  1.0  9 240   M    M   0        11 240
30  39   3  21 -15  44   0 0.00    M    M  5.6 16 180   M    M   0        23 180
31  45  23  34  -3  31   0 0.00    M    M  3.3 10 200   M    M   7        15 250
================================================================================
SM 1233  538      1124   0  2.28    M    214.9          M      140
================================================================================
AV 39.8 17.4                               6.9 FASTST   M    M   5    MAX(MPH)
                                 MISC ---->  # 39 260               # 51  250
================================================================================
NOTES:
# LAST OF SEVERAL OCCURRENCES

COLUMN 17 PEAK WIND IN M.P.H.

PRELIMINARY LOCAL CLIMATOLOGICAL DATA (WS FORM: F-6) , PAGE 2

                                          STATION:  LONDON KY
                                          MONTH:    JANUARY
                                          YEAR:     2014
                                          LATITUDE:   37  4 N
                                          LONGITUDE:  84  5 W

[TEMPERATURE DATA]      [PRECIPITATION DATA]       SYMBOLS USED IN COLUMN 16

AVERAGE MONTHLY: 28.6   TOTAL FOR MONTH:   2.28    1 = FOG OR MIST
DPTR FM NORMAL:  -7.0   DPTR FM NORMAL:   -1.26    2 = FOG REDUCING VISIBILITY
HIGHEST:    59 ON 11    GRTST 24HR  0.88 ON 11-11      TO 1/4 MILE OR LESS
LOWEST:     -4 ON  7                               3 = THUNDER
                        SNOW, ICE PELLETS, HAIL    4 = ICE PELLETS
                        TOTAL MONTH:    M          5 = HAIL
                        GRTST 24HR    M  ON   M    6 = FREEZING RAIN OR DRIZZLE
                        GRTST DEPTH:  M  ON   M    7 = DUSTSTORM OR SANDSTORM:
                                                       VSBY 1/2 MILE OR LESS
                                                   8 = SMOKE OR HAZE
[NO. OF DAYS WITH]      [WEATHER - DAYS WITH]      9 = BLOWING SNOW
                                                   X = TORNADO
MAX 32 OR BELOW:   8    0.01 INCH OR MORE:  12
MAX 90 OR ABOVE:   0    0.10 INCH OR MORE:   5
MIN 32 OR BELOW:  26    0.50 INCH OR MORE:   2
MIN  0 OR BELOW:   3    1.00 INCH OR MORE:   0

[HDD (BASE 65) ]
TOTAL THIS MO.  1124    CLEAR  (SCALE 0-3)  10
DPTR FM NORMAL   213    PTCLDY (SCALE 4-7)  17
TOTAL FM JUL 1  2731    CLOUDY (SCALE 8-10)  4
DPTR FM NORMAL   168

[CDD (BASE 65) ]
TOTAL THIS MO.     0
DPTR FM NORMAL     0    [PRESSURE DATA]
TOTAL FM JAN 1     0    HIGHEST SLP 30.71 ON 24
DPTR FM NORMAL     0    LOWEST  SLP 29.56 ON  5

[REMARKS]
#FINAL-01-14#
