000
CXUS55 KJKL 010800
CF6LOZ
PRELIMINARY LOCAL CLIMATOLOGICAL DATA (WS FORM: F-6)

                                          STATION:   LONDON KY
                                          MONTH:     SEPTEMBER
                                          YEAR:      2013
                                          LATITUDE:   37  4 N
                                          LONGITUDE:  84  5 W

  TEMPERATURE IN F:       :PCPN:    SNOW:  WIND      :SUNSHINE: SKY     :PK WND
================================================================================
1   2   3   4   5  6A  6B    7    8   9   10  11  12  13   14  15   16   17  18
                                     12Z  AVG MX 2MIN
DY MAX MIN AVG DEP HDD CDD  WTR  SNW DPTH SPD SPD DIR MIN PSBL S-S WX    SPD DR
================================================================================

 1  86  68  77   4   0  12 0.27    M    M  4.9 17 270   M    M   5 13     22 270
 2  86  68  77   4   0  12 0.40    M    M  3.9 12 250   M    M   4 138    23 220
 3  83  63  73   0   0   8 0.00    M    M  3.0 12 340   M    M   5 18     17  30
 4  81  58  70  -2   0   5 0.00    M    M  1.2  8  10   M    M   1 1      13  30
 5  83  55  69  -3   0   4 0.00    M    M  2.1 10  30   M    M   0 1      21  90
 6  85  59  72   0   0   7 0.00    M    M  1.4 10 340   M    M   2 12     16  60
 7  85  59  72   0   0   7 0.00    M    M  1.7  9 270   M    M   1 12     15 170
 8  87  65  76   5   0  11 0.01    M    M  0.8  9  20   M    M   2 1      13 360
 9  88  65  77   6   0  12 0.00    M    M  1.4  9 190   M    M   1 18     21 230
10  89  68  79   9   0  14 0.00    M    M  2.4 12 250   M    M   1 18     16 220
11  87  69  78   8   0  13 0.00    M    M  3.2 13 310   M    M   2 138    25 210
12  87  67  77   7   0  12 0.13    M    M  4.2 15 260   M    M   3 1238   20 260
13  74  52  63  -6   2   0 0.00    M    M  5.9 16  20   M    M   3 12     22  30
14  72  48  60  -9   5   0 0.00    M    M  3.7 13  10   M    M   1        21  10
15  79  50  65  -4   0   0 0.00    M    M  2.9 15 240   M    M   2 18     18 250
16  72  59  66  -2   0   1 0.08    M    M  1.9  8  40   M    M   7 1      17  30
17  80  55  68   0   0   3 0.00    M    M  2.5  8  80   M    M   3 1      12  80
18  70  63  67  -1   0   2 0.08    M    M  1.5  8 170   M    M   9 1      12 170
19  82  61  72   5   0   7 0.00    M    M  2.8 12 260   M    M   4 1      15 230
20  83  63  73   6   0   8 0.00    M    M  2.9 13 250   M    M   2 12     17 260
21  72  54  63  -3   2   0 1.27    M    M  3.1 16 330   M    M   5 1      25 340
22  73  50  62  -4   3   0 0.00    M    M  2.7  9 360   M    M   1 1      13 360
23  76  49  63  -3   2   0 0.00    M    M  2.8  9  70   M    M   0        12  90
24  79  53  66   1   0   1 0.00    M    M  1.4  8 170   M    M   4        12 140
25  74  63  69   4   0   4 0.37    M    M  1.8 10  10   M    M   7 123    14  10
26  77  57  67   3   0   2 0.00    M    M  2.8 10  20   M    M   5 1      16 360
27  81  52  67   3   0   2 0.00    M    M  1.2  7  20   M    M   2 1       9  50
28  80  52  66   2   0   1 0.00    M    M  1.2  9 250   M    M   1 1      13 260
29  73  55  64   1   1   0 0.00    M    M  1.8 10 250   M    M   4 12     23 210
30  77  55  66   3   0   1 0.00    M    M  2.6 10 240   M    M   6 12     20 220
================================================================================
SM 2401 1755        15 149  2.61    M     75.7          M       93
================================================================================
AV 80.0 58.5                               2.5 FASTST   M    M   3    MAX(MPH)
                                 MISC ---->  # 17 270               # 25  210
================================================================================
NOTES:
# LAST OF SEVERAL OCCURRENCES

COLUMN 17 PEAK WIND IN M.P.H.

PRELIMINARY LOCAL CLIMATOLOGICAL DATA (WS FORM: F-6) , PAGE 2

                                          STATION:  LONDON KY
                                          MONTH:    SEPTEMBER
                                          YEAR:     2013
                                          LATITUDE:   37  4 N
                                          LONGITUDE:  84  5 W

[TEMPERATURE DATA]      [PRECIPITATION DATA]       SYMBOLS USED IN COLUMN 16

AVERAGE MONTHLY: 69.3   TOTAL FOR MONTH:   2.61    1 = FOG OR MIST
DPTR FM NORMAL:   1.0   DPTR FM NORMAL:   -0.76    2 = FOG REDUCING VISIBILITY
HIGHEST:    89 ON 10    GRTST 24HR  1.27 ON 21-21      TO 1/4 MILE OR LESS
LOWEST:     48 ON 14                               3 = THUNDER
                        SNOW, ICE PELLETS, HAIL    4 = ICE PELLETS
                        TOTAL MONTH:    M          5 = HAIL
                        GRTST 24HR    M  ON   M    6 = FREEZING RAIN OR DRIZZLE
                        GRTST DEPTH:  M  ON   M    7 = DUSTSTORM OR SANDSTORM:
                                                       VSBY 1/2 MILE OR LESS
                                                   8 = SMOKE OR HAZE
[NO. OF DAYS WITH]      [WEATHER - DAYS WITH]      9 = BLOWING SNOW
                                                   X = TORNADO
MAX 32 OR BELOW:   0    0.01 INCH OR MORE:   8
MAX 90 OR ABOVE:   0    0.10 INCH OR MORE:   5
MIN 32 OR BELOW:   0    0.50 INCH OR MORE:   1
MIN  0 OR BELOW:   0    1.00 INCH OR MORE:   1

[HDD (BASE 65) ]
TOTAL THIS MO.    15    CLEAR  (SCALE 0-3)  17
DPTR FM NORMAL   -31    PTCLDY (SCALE 4-7)  12
TOTAL FM JUL 1    15    CLOUDY (SCALE 8-10)  1
DPTR FM NORMAL   -32

[CDD (BASE 65) ]
TOTAL THIS MO.   149
DPTR FM NORMAL     6    [PRESSURE DATA]
TOTAL FM JAN 1  1041    HIGHEST SLP 30.25 ON 17
DPTR FM NORMAL  -126    LOWEST  SLP 29.70 ON 21

[REMARKS]
#FINAL-09-13#
