000
CXUS55 KJKL 010800
CF6LOZ
PRELIMINARY LOCAL CLIMATOLOGICAL DATA (WS FORM: F-6)

                                          STATION:   LONDON KY
                                          MONTH:     NOVEMBER
                                          YEAR:      2013
                                          LATITUDE:   37  4 N
                                          LONGITUDE:  84  5 W

  TEMPERATURE IN F:       :PCPN:    SNOW:  WIND      :SUNSHINE: SKY     :PK WND
================================================================================
1   2   3   4   5  6A  6B    7    8   9   10  11  12  13   14  15   16   17  18
                                     12Z  AVG MX 2MIN
DY MAX MIN AVG DEP HDD CDD  WTR  SNW DPTH SPD SPD DIR MIN PSBL S-S WX    SPD DR
================================================================================

 1  72  53  63  11   2   0 0.33    M    M  8.4 35 260   M    M   5        43 260
 2  59  42  51  -1  14   0 0.00    M    M  4.4 17 280   M    M   6        23 270
 3  56  36  46  -6  19   0 0.00    M    M  1.6  9  50   M    M   4 1      18  60
 4  63  34  49  -3  16   0 0.00    M    M  2.1  9 150   M    M   0        21 150
 5  67  45  56   5   9   0 0.00    M    M  1.3  6 130   M    M   0         M  M
 6  73  50  62  11   3   0 0.09    M    M  7.1 22 190   M    M   7 1      30 200
 7  61  32  47  -4  18   0 0.28    M    M  6.4 13 340   M    M   5 1      23 320
 8  54  29  42  -8  23   0 0.00    M    M  1.2  9  20   M    M   0        13  20
 9  61  29  45  -5  20   0 0.00    M    M  5.6 17 240   M    M   0        22 250
10  60  33  47  -3  18   0 0.00    M    M  4.7 15 360   M    M   0        21 300
11  65  29  47  -2  18   0    T    M    M  2.0 10 250   M    M   2        15 240
12  54  26  40  -9  25   0 0.03    M    M 10.4 22 350   M    M   7 1      27 350
13  41  20  31 -17  34   0 0.00    M    M  1.2  8 150   M    M   1        11 160
14  57  21  39  -9  26   0 0.00    M    M  3.5 14 240   M    M   0        17 230
15  57  31  44  -4  21   0 0.16    M    M  1.9  9 130   M    M   6 1      11 130
16  65  44  55   7  10   0    T    M    M  5.3 17 180   M    M   8 12     23 190
17  69  58  64  17   1   0 0.40    M    M 11.3 29 280   M    M  10 1      43 290
18  61  42  52   5  13   0 0.00    M    M  6.7 17 280   M    M   2 1      21 280
19  48  31  40  -6  25   0 0.00    M    M  6.4 12  40   M    M   0        18  40
20  58  30  44  -2  21   0 0.00    M    M  3.6 12 140   M    M   0        14 160
21  62  38  50   4  15   0 0.00    M    M  4.3 13 190   M    M   5        16 190
22  61  44  53   8  12   0 0.31    M    M  6.5 17 360   M    M  10 1      23 360
23  44  26  35 -10  30   0 0.00    M    M 10.1 20 360   M    M   6        28  20
24  32  19  26 -19  39   0    T    M    M  8.0 17  10   M    M   1        24  10
25  44  23  34 -10  31   0 0.09    M    M  4.5 14 190   M    M   5 168    18 190
26  39  33  36  -8  29   0 1.04    M    M  5.2 13 340   M    M  10 16     18 340
27  33  21  27 -17  38   0 0.05    M    M  7.9 22 350   M    M   9 1      27 350
28  38  16  27 -16  38   0 0.00    M    M  2.3 12 190   M    M   0 18     15 210
29  47  20  34  -9  31   0 0.00    M    M  1.0  7  30   M    M   0        12 350
30  57  24  41  -2  24   0 0.00    M    M  3.3 14 250   M    M   0        20 210
================================================================================
SM 1658  979       623   0  2.78    M    148.2          M      109
================================================================================
AV 55.3 32.6                               4.9 FASTST   M    M   4    MAX(MPH)
                                 MISC ---->  # 35 260               # 43  260
================================================================================
NOTES:
# LAST OF SEVERAL OCCURRENCES

COLUMN 17 PEAK WIND IN M.P.H.

PRELIMINARY LOCAL CLIMATOLOGICAL DATA (WS FORM: F-6) , PAGE 2

                                          STATION:  LONDON KY
                                          MONTH:    NOVEMBER
                                          YEAR:     2013
                                          LATITUDE:   37  4 N
                                          LONGITUDE:  84  5 W

[TEMPERATURE DATA]      [PRECIPITATION DATA]       SYMBOLS USED IN COLUMN 16

AVERAGE MONTHLY: 44.0   TOTAL FOR MONTH:   2.78    1 = FOG OR MIST
DPTR FM NORMAL:  -3.6   DPTR FM NORMAL:   -1.05    2 = FOG REDUCING VISIBILITY
HIGHEST:    73 ON  6    GRTST 24HR  1.09 ON 25-26      TO 1/4 MILE OR LESS
LOWEST:     16 ON 28                               3 = THUNDER
                        SNOW, ICE PELLETS, HAIL    4 = ICE PELLETS
                        TOTAL MONTH:    M          5 = HAIL
                        GRTST 24HR    M  ON   M    6 = FREEZING RAIN OR DRIZZLE
                        GRTST DEPTH:  M  ON   M    7 = DUSTSTORM OR SANDSTORM:
                                                       VSBY 1/2 MILE OR LESS
                                                   8 = SMOKE OR HAZE
[NO. OF DAYS WITH]      [WEATHER - DAYS WITH]      9 = BLOWING SNOW
                                                   X = TORNADO
MAX 32 OR BELOW:   1    0.01 INCH OR MORE:  10
MAX 90 OR ABOVE:   0    0.10 INCH OR MORE:   6
MIN 32 OR BELOW:  17    0.50 INCH OR MORE:   1
MIN  0 OR BELOW:   0    1.00 INCH OR MORE:   1

[HDD (BASE 65) ]
TOTAL THIS MO.   623    CLEAR  (SCALE 0-3)  15
DPTR FM NORMAL    99    PTCLDY (SCALE 4-7)  11
TOTAL FM JUL 1   867    CLOUDY (SCALE 8-10)  4
DPTR FM NORMAL    37

[CDD (BASE 65) ]
TOTAL THIS MO.     0
DPTR FM NORMAL    -2    [PRESSURE DATA]
TOTAL FM JAN 1  1083    HIGHEST SLP 30.68 ON 13
DPTR FM NORMAL  -107    LOWEST  SLP 29.72 ON 17

[REMARKS]
#FINAL-11-13#
