000
CXUS55 KJKL 010800
CF6LOZ
PRELIMINARY LOCAL CLIMATOLOGICAL DATA (WS FORM: F-6)

                                          STATION:   LONDON KY
                                          MONTH:     JULY
                                          YEAR:      2013
                                          LATITUDE:   37  4 N
                                          LONGITUDE:  84  5 W

  TEMPERATURE IN F:       :PCPN:    SNOW:  WIND      :SUNSHINE: SKY     :PK WND
================================================================================
1   2   3   4   5  6A  6B    7    8   9   10  11  12  13   14  15   16   17  18
                                     12Z  AVG MX 2MIN
DY MAX MIN AVG DEP HDD CDD  WTR  SNW DPTH SPD SPD DIR MIN PSBL S-S WX    SPD DR
================================================================================

 1  81  64  73  -3   0   8 0.30    M    M  3.8 31 220   M    M   2 13     46 220
 2  83  63  73  -3   0   8 0.03    M    M  3.0 13 260   M    M   4 13     16 260
 3  76  67  72  -4   0   7 0.07    M    M  2.3 10 180   M    M   5 1      14 160
 4  75  65  70  -6   0   5 1.55    M    M  2.8 23 240   M    M  10 13     32 250
 5  80  66  73  -3   0   8 0.33    M    M  4.2 16 220   M    M   8 13     24 190
 6  76  66  71  -5   0   6 1.30    M    M  3.7 15 270   M    M   8 12     21 170
 7  82  66  74  -2   0   9 1.55    M    M  3.3 10 260   M    M   6 1      21 100
 8  86  65  76   0   0  11 0.00    M    M  2.2  8 260   M    M   1 1      10 200
 9  89  68  79   3   0  14 0.01    M    M  2.8 18 210   M    M   1 13     28 210
10  88  70  79   3   0  14 0.02    M    M  3.3  6 200   M    M   3 13      7 190
11  83  68  76   0   0  11 0.00    M    M  3.0 16  20   M    M   8        22  30
12  80  64  72  -4   0   7 0.00    M    M  6.3 15  30   M    M   4        18  20
13  79  61  70  -6   0   5 0.92    M    M  4.5 23 280   M    M   4 13     30 260
14  86  65  76   0   0  11 0.00    M    M  3.5 15 130   M    M   2        21 140
15  88  66  77   1   0  12 0.00    M    M  2.5  9 100   M    M   1        13 100
16  91  67  79   3   0  14 0.00    M    M  2.1  9  50   M    M   1        13  50
17  91  70  81   5   0  16    T    M    M  1.8  9  90   M    M   0 3      14  70
18  88  69  79   3   0  14 0.04    M    M  1.3  8  20   M    M   3 13     26 100
19  86  67  77   1   0  12 0.37    M    M  1.9 16  10   M    M   1 13     22  10
20  88  68  78   2   0  13 0.00    M    M  4.6 14 250   M    M   1 12     21 250
21  80  71  76   0   0  11 0.09    M    M  3.8 14 250   M    M   4 1      16 260
22  78  70  74  -2   0   9 0.21    M    M  6.5 16 250   M    M   5 1      24 190
23  86  70  78   2   0  13 0.01    M    M  6.2 13 270   M    M   5 1      17 240
24  81  65  73  -3   0   8 0.00    M    M  3.9 14 330   M    M   5 3      20 250
25  80  61  71  -5   0   6 0.00    M    M  4.3 12  20   M    M   3        16  20
26  83  58  71  -5   0   6 0.00    M    M  2.3 10 280   M    M   2 1      13 270
27  81  66  74  -2   0   9 0.00    M    M  2.4 12 330   M    M   4 1      17 310
28  76  56  66 -10   0   1 0.00    M    M  5.0 15 290   M    M   3        20 270
29  79  51  65 -11   0   0 0.00    M    M  2.0  9 310   M    M   0        13 320
30  77  56  67  -9   0   2 0.08    M    M  1.5  8 190   M    M   2 1      12 200
31  69  63  66 -10   0   1 0.31    M    M  3.3 12 200   M    M  10 1      16 180
================================================================================
SM 2546 2012         0 271  7.19    M    104.1          M      116
================================================================================
AV 82.1 64.9                               3.4 FASTST   M    M   4    MAX(MPH)
                                 MISC ---->  # 31 220               # 46  220
================================================================================
NOTES:
# LAST OF SEVERAL OCCURRENCES

COLUMN 17 PEAK WIND IN M.P.H.

PRELIMINARY LOCAL CLIMATOLOGICAL DATA (WS FORM: F-6) , PAGE 2

                                          STATION:  LONDON KY
                                          MONTH:    JULY
                                          YEAR:     2013
                                          LATITUDE:   37  4 N
                                          LONGITUDE:  84  5 W

[TEMPERATURE DATA]      [PRECIPITATION DATA]       SYMBOLS USED IN COLUMN 16

AVERAGE MONTHLY: 73.5   TOTAL FOR MONTH:   7.19    1 = FOG OR MIST
DPTR FM NORMAL:  -2.8   DPTR FM NORMAL:    3.15    2 = FOG REDUCING VISIBILITY
HIGHEST:    91 ON 17,16 GRTST 24HR  2.78 ON  6- 7      TO 1/4 MILE OR LESS
LOWEST:     51 ON 29                               3 = THUNDER
                        SNOW, ICE PELLETS, HAIL    4 = ICE PELLETS
                        TOTAL MONTH:    M          5 = HAIL
                        GRTST 24HR    M  ON   M    6 = FREEZING RAIN OR DRIZZLE
                        GRTST DEPTH:  M  ON   M    7 = DUSTSTORM OR SANDSTORM:
                                                       VSBY 1/2 MILE OR LESS
                                                   8 = SMOKE OR HAZE
[NO. OF DAYS WITH]      [WEATHER - DAYS WITH]      9 = BLOWING SNOW
                                                   X = TORNADO
MAX 32 OR BELOW:   0    0.01 INCH OR MORE:  17
MAX 90 OR ABOVE:   2    0.10 INCH OR MORE:   9
MIN 32 OR BELOW:   0    0.50 INCH OR MORE:   4
MIN  0 OR BELOW:   0    1.00 INCH OR MORE:   3

[HDD (BASE 65) ]
TOTAL THIS MO.     0    CLEAR  (SCALE 0-3)  15
DPTR FM NORMAL     0    PTCLDY (SCALE 4-7)  14
TOTAL FM JUL 1     0    CLOUDY (SCALE 8-10)  2
DPTR FM NORMAL     0

[CDD (BASE 65) ]
TOTAL THIS MO.   271
DPTR FM NORMAL   -79    [PRESSURE DATA]
TOTAL FM JAN 1   602    HIGHEST SLP 30.34 ON 16
DPTR FM NORMAL  -105    LOWEST  SLP 29.77 ON  1

[REMARKS]
#FINAL-07-13#
