000
CXUS53 KJKL 011310
CF6LOZ
PRELIMINARY LOCAL CLIMATOLOGICAL DATA (WS FORM: F-6)
STATION: LONDON KY
MONTH: MAY
YEAR: 2023
LATITUDE: 37 4 N
LONGITUDE: 84 5 W
TEMPERATURE IN F: :PCPN: SNOW: WIND :SUNSHINE: SKY :PK WND
================================================================================
1 2 3 4 5 6A 6B 7 8 9 10 11 12 13 14 15 16 17 18
12Z AVG MX 2MIN
DY MAX MIN AVG DEP HDD CDD WTR SNW DPTH SPD SPD DIR MIN PSBL S-S WX SPD DR
================================================================================
1 59 45 52 -10 13 0 0.01 M M 12.8 28 250 M M 9 40 290
2 62 42 52 -10 13 0 0.01 M M 12.7 26 260 M M 4 42 280
3 62 41 52 -10 13 0 0.00 M M 8.1 20 330 M M 2 30 290
4 68 36 52 -11 13 0 0.00 M M 2.1 13 290 M M 1 1 20 310
5 76 41 59 -4 6 0 0.00 M M 2.4 10 70 M M 0 15 50
6 76 49 63 0 2 0 0.00 M M 3.7 15 200 M M 5 25 230
7 72 56 64 1 1 0 0.29 M M 5.3 20 360 M M 4 13 27 10
8 74 55 65 1 0 0 0.11 M M 3.1 16 290 M M 5 1 23 280
9 77 57 67 3 0 2 1.04 M M 6.5 24 360 M M 4 13 37 340
10 79 51 65 1 0 0 0.00 M M 3.3 12 120 M M 0 8 17 90
11 81 54 68 4 0 3 0.00 M M 3.5 13 250 M M 4 18 220
12 77 61 69 5 0 4 0.01 M M 4.4 17 250 M M 7 1 24 270
13 80 59 70 5 0 5 0.00 M M 2.8 12 290 M M 5 12 16 260
14 81 64 73 8 0 8 0.01 M M 4.0 10 20 M M 5 1 15 50
15 82 58 70 5 0 5 0.00 M M 2.1 8 10 M M 4 1 11 30
16 84 62 73 8 0 8 0.09 M M 8.2 33 250 M M 7 138 53 250
17 78 56 67 1 0 2 T M M 4.9 14 20 M M 2 1 20 20
18 80 52 66 0 0 1 0.00 M M 3.8 12 140 M M 5 17 160
19 80 61 71 5 0 6 0.00 M M 3.7 10 180 M M 6 14 180
20 70 53 62 -4 3 0 0.37 M M 4.7 13 230 M M 9 128 19 220
21 75 49 62 -4 3 0 0.00 M M 5.6 14 10 M M 1 12 20 20
22 80 50 65 -2 0 0 0.00 M M 3.3 10 30 M M 0 14 30
23 82 54 68 1 0 3 0.00 M M 2.6 12 80 M M 0 1 18 70
24 79 50 65 -2 0 0 0.00 M M 3.6 14 20 M M 1 20 60
25 78 55 67 -1 0 2 0.00 M M 6.0 15 20 M M 0 21 350
26 77 51 64 -4 1 0 0.00 M M 5.9 14 20 M M 1 20 30
27 69 52 61 -7 4 0 0.00 M M 4.7 14 80 M M 1 22 90
28 59 52 56 -12 9 0 0.29 M M 4.9 14 120 M M 10 1 20 120
29 75 53 64 -5 1 0 0.00 M M 2.1 9 350 M M 7 13 80
30 83 54 69 0 0 4 0.00 M M 2.8 9 70 M M 2 1 15 80
31 84 58 71 2 0 6 0.00 M M 2.6 10 10 M M 2 16 60
================================================================================
SM 2339 1631 82 59 2.23 M 146.2 M 113
================================================================================
AV 75.5 52.6 4.7 FASTST M M 4 MAX(MPH)
MISC ----> 33 250 53 250
================================================================================
NOTES:
# LAST OF SEVERAL OCCURRENCES
COLUMN 17 PEAK WIND IN M.P.H.
PRELIMINARY LOCAL CLIMATOLOGICAL DATA (WS FORM: F-6) , PAGE 2
STATION: LONDON KY
MONTH: MAY
YEAR: 2023
LATITUDE: 37 4 N
LONGITUDE: 84 5 W
[TEMPERATURE DATA] [PRECIPITATION DATA] SYMBOLS USED IN COLUMN 16
AVERAGE MONTHLY: 64.0 TOTAL FOR MONTH: 2.23 1 = FOG OR MIST
DPTR FM NORMAL: -1.4 DPTR FM NORMAL: -2.81 2 = FOG REDUCING VISIBILITY
HIGHEST: 84 ON 31,16 GRTST 24HR 1.15 ON 8- 9 TO 1/4 MILE OR LESS
LOWEST: 36 ON 4 3 = THUNDER
SNOW, ICE PELLETS, HAIL 4 = ICE PELLETS
TOTAL MONTH: M 5 = HAIL
GRTST 24HR M ON M 6 = FREEZING RAIN OR DRIZZLE
GRTST DEPTH: M ON M 7 = DUSTSTORM OR SANDSTORM:
VSBY 1/2 MILE OR LESS
8 = SMOKE OR HAZE
[NO. OF DAYS WITH] [WEATHER - DAYS WITH] 9 = BLOWING SNOW
X = TORNADO
MAX 32 OR BELOW: 0 0.01 INCH OR MORE: 10
MAX 90 OR ABOVE: 0 0.10 INCH OR MORE: 5
MIN 32 OR BELOW: 0 0.50 INCH OR MORE: 1
MIN 0 OR BELOW: 0 1.00 INCH OR MORE: 1
[HDD (BASE 65) ]
TOTAL THIS MO. 82 CLEAR (SCALE 0-3) 14
DPTR FM NORMAL -6 PTCLDY (SCALE 4-7) 14
TOTAL FM JUL 1 3711 CLOUDY (SCALE 8-10) 3
DPTR FM NORMAL -440
[CDD (BASE 65) ]
TOTAL THIS MO. 59
DPTR FM NORMAL -41 [PRESSURE DATA]
TOTAL FM JAN 1 77 HIGHEST SLP 30.23 ON 6
DPTR FM NORMAL -50 LOWEST SLP 29.56 ON 1
[REMARKS]
#FINAL-05-23#