000
CXUS53 KJKL 011410
CF6LOZ
PRELIMINARY LOCAL CLIMATOLOGICAL DATA (WS FORM: F-6)
STATION: LONDON KY
MONTH: FEBRUARY
YEAR: 2023
LATITUDE: 37 4 N
LONGITUDE: 84 5 W
TEMPERATURE IN F: :PCPN: SNOW: WIND :SUNSHINE: SKY :PK WND
================================================================================
1 2 3 4 5 6A 6B 7 8 9 10 11 12 13 14 15 16 17 18
12Z AVG MX 2MIN
DY MAX MIN AVG DEP HDD CDD WTR SNW DPTH SPD SPD DIR MIN PSBL S-S WX SPD DR
================================================================================
1 31 26 29 -8 36 0 0.06 M M 4.5 13 10 M M 10 16 16 360
2 34 30 32 -5 33 0 0.02 M M 2.8 9 280 M M 7 1 12 240
3 33 20 27 -10 38 0 0.00 M M 7.0 15 10 M M 2 25 300
4 49 17 33 -4 32 0 0.00 M M 4.0 13 190 M M 0 19 190
5 58 30 44 6 21 0 0.00 M M 8.6 24 230 M M 1 35 230
6 56 28 42 4 23 0 0.00 M M 0.9 7 50 M M 0 9 350
7 67 33 50 12 15 0 0.00 M M 7.0 23 240 M M 1 34 230
8 61 48 55 17 10 0 T M M 4.5 13 200 M M 9 18 170
9 71 44 58 20 7 0 T M M 15.7 33 210 M M 4 52 210
10 50 39 45 6 20 0 0.00 M M 6.1 15 280 M M 6 21 290
11 48 34 41 2 24 0 0.00 M M 8.1 15 50 M M 3 22 50
12 55 31 43 4 22 0 0.02 M M 5.3 12 340 M M 6 18 40
13 62 24 43 4 22 0 0.00 M M 4.2 20 280 M M 0 25 270
14 65 29 47 7 18 0 0.11 M M 5.2 22 240 M M 1 34 190
15 68 49 59 19 6 0 0.02 M M 8.8 17 220 M M 3 26 220
16 64 57 61 21 4 0 2.14 M M 6.3 16 200 M M 9 13 27 190
17 58 30 44 4 21 0 0.90 M M 9.4 24 300 M M 10 1 38 300
18 49 23 36 -4 29 0 0.00 M M 1.6 9 210 M M 2 14 220
19 58 36 47 6 18 0 0.00 M M 7.7 24 230 M M 0 36 190
20 55 50 53 12 12 0 0.12 M M 5.8 14 240 M M 7 1 20 240
21 62 38 50 9 15 0 0.00 M M 4.2 20 270 M M 5 12 27 260
22 76 46 61 20 4 0 0.00 M M 11.5 25 220 M M 3 42 220
23 77 55 66 24 0 1 0.59 M M 9.0 23 210 M M 6 1 42 240
24 60 40 50 8 15 0 T M M 8.1 15 340 M M 6 22 340
25 46 39 43 1 22 0 0.04 M M 4.2 12 290 M M 9 1 16 290
26 53 41 47 5 18 0 0.00 M M 3.3 10 200 M M 8 1 15 230
27 71 48 60 17 5 0 0.08 M M 11.9 32 270 M M 6 1 48 260
28 69 45 57 14 8 0 0.00 M M 3.6 22 280 M M 0 29 290
================================================================================
SM 1606 1030 498 1 4.10 M 179.3 M 124
================================================================================
AV 57.4 36.8 6.4 FASTST M M 4 MAX(MPH)
MISC ----> 33 210 52 210
================================================================================
NOTES:
# LAST OF SEVERAL OCCURRENCES
COLUMN 17 PEAK WIND IN M.P.H.
PRELIMINARY LOCAL CLIMATOLOGICAL DATA (WS FORM: F-6) , PAGE 2
STATION: LONDON KY
MONTH: FEBRUARY
YEAR: 2023
LATITUDE: 37 4 N
LONGITUDE: 84 5 W
[TEMPERATURE DATA] [PRECIPITATION DATA] SYMBOLS USED IN COLUMN 16
AVERAGE MONTHLY: 47.1 TOTAL FOR MONTH: 4.10 1 = FOG OR MIST
DPTR FM NORMAL: 7.4 DPTR FM NORMAL: 0.08 2 = FOG REDUCING VISIBILITY
HIGHEST: 77 ON 23 GRTST 24HR 2.95 ON 16-17 TO 1/4 MILE OR LESS
LOWEST: 17 ON 4 3 = THUNDER
SNOW, ICE PELLETS, HAIL 4 = ICE PELLETS
TOTAL MONTH: M 5 = HAIL
GRTST 24HR M ON M 6 = FREEZING RAIN OR DRIZZLE
GRTST DEPTH: M ON M 7 = DUSTSTORM OR SANDSTORM:
VSBY 1/2 MILE OR LESS
8 = SMOKE OR HAZE
[NO. OF DAYS WITH] [WEATHER - DAYS WITH] 9 = BLOWING SNOW
X = TORNADO
MAX 32 OR BELOW: 1 0.01 INCH OR MORE: 11
MAX 90 OR ABOVE: 0 0.10 INCH OR MORE: 5
MIN 32 OR BELOW: 11 0.50 INCH OR MORE: 3
MIN 0 OR BELOW: 0 1.00 INCH OR MORE: 1
[HDD (BASE 65) ]
TOTAL THIS MO. 498 CLEAR (SCALE 0-3) 12
DPTR FM NORMAL -211 PTCLDY (SCALE 4-7) 10
TOTAL FM JUL 1 2861 CLOUDY (SCALE 8-10) 6
DPTR FM NORMAL -390
[CDD (BASE 65) ]
TOTAL THIS MO. 1
DPTR FM NORMAL 1 [PRESSURE DATA]
TOTAL FM JAN 1 1 HIGHEST SLP 30.55 ON 18
DPTR FM NORMAL 1 LOWEST SLP 29.36 ON 27
[REMARKS]
#FINAL-02-23#