000
CXUS55 KJKL 011000
CF6LOZ
PRELIMINARY LOCAL CLIMATOLOGICAL DATA (WS FORM: F-6)

                                          STATION:   LONDON KY
                                          MONTH:     FEBRUARY
                                          YEAR:      2013
                                          LATITUDE:   37  4 N
                                          LONGITUDE:  84  5 W

  TEMPERATURE IN F:       :PCPN:    SNOW:  WIND      :SUNSHINE: SKY     :PK WND
================================================================================
1   2   3   4   5  6A  6B    7    8   9   10  11  12  13   14  15   16   17  18
                                     12Z  AVG MX 2MIN
DY MAX MIN AVG DEP HDD CDD  WTR  SNW DPTH SPD SPD DIR MIN PSBL S-S WX    SPD DR
================================================================================

 1  32  12  22 -15  43   0 0.01    M    M  7.3 29 290   M    M   5 1      38 290
 2  36  18  27 -10  38   0 0.02    M    M  5.9 14 220   M    M   9 18     20 220
 3  33  29  31  -6  34   0 0.03    M    M  8.0 18 280   M    M  10 1      25 280
 4  50  22  36  -1  29   0 0.00    M    M  4.9 15 200   M    M   4 1      20 210
 5  52  39  46   9  19   0    T    M    M  7.1 18 270   M    M   6        22 270
 6  53  26  40   2  25   0 0.00    M    M  2.1  9 270   M    M   0 18     13 280
 7  58  36  47   9  18   0    T    M    M  1.9 10 180   M    M   4        15 150
 8  48  34  41   3  24   0 0.12    M    M  7.0 17 320   M    M  10 1      23 320
 9  50  29  40   2  25   0 0.00    M    M  3.7  9  20   M    M   3        13 350
10  58  32  45   7  20   0 0.20    M    M  4.7 15 170   M    M   5 1      27 180
11  57  35  46   7  19   0 0.03    M    M 10.1 22 260   M    M   3        30 250
12  51  29  40   1  25   0 0.00    M    M  0.9  8  10   M    M   1        10 250
13  44  29  37  -2  28   0 0.11    M    M  5.0 15 330   M    M   9 1      21 340
14  55  28  42   3  23   0 0.00    M    M  5.4 20 260   M    M   4 1      23 260
15  40  28  34  -6  31   0 0.01    M    M  2.6 16 320   M    M   6 1      23 320
16  33  23  28 -12  37   0    T    M    M  7.2 20 300   M    M   3        28 310
17  37  18  28 -12  37   0 0.00    M    M  6.2 17 280   M    M   4        23 280
18  57  21  39  -1  26   0 0.00    M    M  8.9 29 190   M    M   1        41 180
19  52  29  41   1  24   0 0.23    M    M 13.2 28 280   M    M   6 1      35 240
20  35  19  27 -14  38   0 0.00    M    M  6.4 15 280   M    M   0        18 280
21  44  20  32  -9  33   0 0.23    M    M  5.2 12  80   M    M   1 1      16  40
22  58  33  46   5  19   0 0.14    M    M  7.9 18 210   M    M   7 1      26 210
23  51  34  43   1  22   0 0.00    M    M  3.7 10 300   M    M   5        14 310
24  50  25  38  -4  27   0 0.00    M    M  2.9 13  20   M    M   0        15 270
25  57  27  42   0  23   0 0.00    M    M  5.4 12  80   M    M   1        15  80
26  56  39  48   6  17   0 0.32    M    M 10.7 30 250   M    M   9 1      38 250
27  40  33  37  -6  28   0 0.07    M    M 10.4 22 250   M    M  10 1      28 240
28  33  30  32 -11  33   0 0.03    M    M  9.9 18 260   M    M   9 1      24 270
================================================================================
SM 1320  777       765   0  1.55    M    174.6          M      135
================================================================================
AV 47.1 27.8                               6.2 FASTST   M    M   5    MAX(MPH)
                                 MISC ---->  # 30 250               # 41  180
================================================================================
NOTES:
# LAST OF SEVERAL OCCURRENCES

COLUMN 17 PEAK WIND IN M.P.H.

PRELIMINARY LOCAL CLIMATOLOGICAL DATA (WS FORM: F-6) , PAGE 2

                                          STATION:  LONDON KY
                                          MONTH:    FEBRUARY
                                          YEAR:     2013
                                          LATITUDE:   37  4 N
                                          LONGITUDE:  84  5 W

[TEMPERATURE DATA]      [PRECIPITATION DATA]       SYMBOLS USED IN COLUMN 16

AVERAGE MONTHLY: 37.4   TOTAL FOR MONTH:   1.55    1 = FOG OR MIST
DPTR FM NORMAL:  -2.1   DPTR FM NORMAL:   -2.16    2 = FOG REDUCING VISIBILITY
HIGHEST:    58 ON 22,10 GRTST 24HR  0.37 ON 21-22      TO 1/4 MILE OR LESS
LOWEST:     12 ON  1                               3 = THUNDER
                        SNOW, ICE PELLETS, HAIL    4 = ICE PELLETS
                        TOTAL MONTH:    M          5 = HAIL
                        GRTST 24HR    M  ON   M    6 = FREEZING RAIN OR DRIZZLE
                        GRTST DEPTH:  M  ON   M    7 = DUSTSTORM OR SANDSTORM:
                                                       VSBY 1/2 MILE OR LESS
                                                   8 = SMOKE OR HAZE
[NO. OF DAYS WITH]      [WEATHER - DAYS WITH]      9 = BLOWING SNOW
                                                   X = TORNADO
MAX 32 OR BELOW:   1    0.01 INCH OR MORE:  14
MAX 90 OR ABOVE:   0    0.10 INCH OR MORE:   7
MIN 32 OR BELOW:  20    0.50 INCH OR MORE:   0
MIN  0 OR BELOW:   0    1.00 INCH OR MORE:   0

[HDD (BASE 65) ]
TOTAL THIS MO.   765    CLEAR  (SCALE 0-3)   8
DPTR FM NORMAL    52    PTCLDY (SCALE 4-7)  13
TOTAL FM JUL 1  3348    CLOUDY (SCALE 8-10)  7
DPTR FM NORMAL    72

[CDD (BASE 65) ]
TOTAL THIS MO.     0
DPTR FM NORMAL     0    [PRESSURE DATA]
TOTAL FM JAN 1     0    HIGHEST SLP 30.45 ON  1
DPTR FM NORMAL     0    LOWEST  SLP 29.38 ON 26

[REMARKS]
#FINAL-02-13#
