000
CXUS55 KJKL 010800
CF6LOZ
PRELIMINARY LOCAL CLIMATOLOGICAL DATA (WS FORM: F-6)

                                          STATION:   LONDON KY
                                          MONTH:     SEPTEMBER
                                          YEAR:      2014
                                          LATITUDE:   37  4 N
                                          LONGITUDE:  84  5 W

  TEMPERATURE IN F:       :PCPN:    SNOW:  WIND      :SUNSHINE: SKY     :PK WND
================================================================================
1   2   3   4   5  6A  6B    7    8   9   10  11  12  13   14  15   16   17  18
                                     12Z  AVG MX 2MIN
DY MAX MIN AVG DEP HDD CDD  WTR  SNW DPTH SPD SPD DIR MIN PSBL S-S WX    SPD DR
================================================================================

 1  91  71  81   8   0  16 0.00    M    M  6.6 20 240   M    M   4        24 250
 2  91  70  81   8   0  16 0.37    M    M  6.3 22 260   M    M   1 13     27 260
 3  83  69  76   3   0  11 0.00    M    M  2.2  8  10   M    M   5 1      13 360
 4  84  70  77   5   0  12 0.22    M    M  2.8 15 160   M    M   4 123    22 160
 5  85  68  77   5   0  12 0.00    M    M  2.2 13 240   M    M   1 1      16 240
 6  87  68  78   6   0  13 0.25    M    M  2.6 21 320   M    M   3 123    28 320
 7  72  65  69  -3   0   4 0.02    M    M  7.1 12  40   M    M  10        16  40
 8  84  63  74   3   0   9 0.00    M    M  2.3  9 210   M    M   6 1      12 190
 9  85  66  76   5   0  11 0.00    M    M  2.2 13 270   M    M   4        16 270
10  83  68  76   6   0  11 0.00    M    M  6.8 18 200   M    M   2 1      26 180
11  81  69  75   5   0  10 0.49    M    M  7.1 15 260   M    M   8 1      20 230
12  69  62  66  -4   0   1 0.01    M    M  6.7 13  30   M    M  10 1      15  30
13  65  56  61  -8   4   0    T    M    M  5.6 13 350   M    M   9 18     17  20
14  75  52  64  -5   1   0 0.00    M    M  2.1  9 100   M    M   3        13  80
15  75  53  64  -5   1   0 0.00    M    M  2.1  9 270   M    M   3 12     12 190
16  76  58  67  -1   0   2 0.01    M    M  4.9 14 360   M    M   8 1      17 360
17  74  58  66  -2   0   1 0.00    M    M  3.5 10 290   M    M   6 1      16 330
18  76  56  66  -2   0   1 0.01    M    M  3.7 10 360   M    M   4 1      16  10
19  80  54  67   0   0   2 0.00    M    M  2.5 10 200   M    M   1 1       M  M
20  83  60  72   5   0   7 0.00    M    M  3.5 12 250   M    M   2 1      17 250
21  81  58  70   4   0   5    T    M    M  6.9 18 250   M    M   4 1      24 270
22  69  49  59  -7   6   0 0.00    M    M  3.8 12  40   M    M   0        16  20
23  74  46  60  -6   5   0 0.00    M    M  4.0 14  90   M    M   0        19  70
24  79  49  64  -1   1   0 0.00    M    M  2.4  8  90   M    M   0        26 150
25  82  53  68   3   0   3 0.00    M    M  2.0 13  40   M    M   1        21  20
26  83  59  71   7   0   6 0.00    M    M  3.1 10  20   M    M   1        16  30
27  82  59  71   7   0   6 0.00    M    M  1.5  8 100   M    M   0        13 140
28  76  59  68   4   0   3 0.01    M    M  2.1  9 260   M    M   1 1      11 260
29  83  59  71   8   0   6 0.00    M    M  1.1 12 260   M    M   4 12     14 270
30  83  56  70   7   0   5 0.00    M    M  1.5  9  30   M    M   4 12     15  30
================================================================================
SM 2391 1803        18 173  1.39    M    111.2          M      109
================================================================================
AV 79.7 60.1                               3.7 FASTST   M    M   4    MAX(MPH)
                                 MISC ---->  # 22 260               # 28  320
================================================================================
NOTES:
# LAST OF SEVERAL OCCURRENCES

COLUMN 17 PEAK WIND IN M.P.H.

PRELIMINARY LOCAL CLIMATOLOGICAL DATA (WS FORM: F-6) , PAGE 2

                                          STATION:  LONDON KY
                                          MONTH:    SEPTEMBER
                                          YEAR:     2014
                                          LATITUDE:   37  4 N
                                          LONGITUDE:  84  5 W

[TEMPERATURE DATA]      [PRECIPITATION DATA]       SYMBOLS USED IN COLUMN 16

AVERAGE MONTHLY: 69.9   TOTAL FOR MONTH:   1.39    1 = FOG OR MIST
DPTR FM NORMAL:   1.6   DPTR FM NORMAL:   -1.98    2 = FOG REDUCING VISIBILITY
HIGHEST:    91 ON  2, 1 GRTST 24HR  0.50 ON 11-12      TO 1/4 MILE OR LESS
LOWEST:     46 ON 23                               3 = THUNDER
                        SNOW, ICE PELLETS, HAIL    4 = ICE PELLETS
                        TOTAL MONTH:    M          5 = HAIL
                        GRTST 24HR    M  ON   M    6 = FREEZING RAIN OR DRIZZLE
                        GRTST DEPTH:  M  ON   M    7 = DUSTSTORM OR SANDSTORM:
                                                       VSBY 1/2 MILE OR LESS
                                                   8 = SMOKE OR HAZE
[NO. OF DAYS WITH]      [WEATHER - DAYS WITH]      9 = BLOWING SNOW
                                                   X = TORNADO
MAX 32 OR BELOW:   0    0.01 INCH OR MORE:   9
MAX 90 OR ABOVE:   2    0.10 INCH OR MORE:   4
MIN 32 OR BELOW:   0    0.50 INCH OR MORE:   0
MIN  0 OR BELOW:   0    1.00 INCH OR MORE:   0

[HDD (BASE 65) ]
TOTAL THIS MO.    18    CLEAR  (SCALE 0-3)  13
DPTR FM NORMAL   -28    PTCLDY (SCALE 4-7)  14
TOTAL FM JUL 1    18    CLOUDY (SCALE 8-10)  3
DPTR FM NORMAL   -29

[CDD (BASE 65) ]
TOTAL THIS MO.   173
DPTR FM NORMAL    30    [PRESSURE DATA]
TOTAL FM JAN 1  1227    HIGHEST SLP 30.35 ON 24
DPTR FM NORMAL    60    LOWEST  SLP 29.84 ON 21

[REMARKS]
#FINAL-09-14#
