000
CXUS55 KJKL 011000
CF6LOZ
PRELIMINARY LOCAL CLIMATOLOGICAL DATA (WS FORM: F-6)

                                          STATION:   LONDON KY
                                          MONTH:     JUNE
                                          YEAR:      2016
                                          LATITUDE:   37  4 N
                                          LONGITUDE:  84  5 W

  TEMPERATURE IN F:       :PCPN:    SNOW:  WIND      :SUNSHINE: SKY     :PK WND
================================================================================
1   2   3   4   5  6A  6B    7    8   9   10  11  12  13   14  15   16   17  18
                                     12Z  AVG MX 2MIN
DY MAX MIN AVG DEP HDD CDD  WTR  SNW DPTH SPD SPD DIR MIN PSBL S-S WX    SPD DR
================================================================================

 1  88  61  75   6   0  10 0.04    M    M  4.2 16 180   M    M   2 13     22 170
 2  83  67  75   6   0  10 0.08    M    M  3.1 18 200   M    M   5 13     25 200
 3  83  65  74   4   0   9 0.00    M    M  3.1 10 290   M    M   6 12     16 260
 4  85  66  76   6   0  11 0.74    M    M  4.7 41 250   M    M   4 13     51 260
 5  81  67  74   4   0   9 0.04    M    M  8.1 17 260   M    M   5 1      27 220
 6  82  60  71   1   0   6 0.00    M    M  3.9 12 280   M    M   1 1      16 300
 7  80  59  70  -1   0   5 0.00    M    M  7.2 20 290   M    M   2        26 300
 8  76  52  64  -7   1   0 0.00    M    M  3.9 14  10   M    M   1        26  50
 9  80  48  64  -7   1   0 0.00    M    M  2.2 12  40   M    M   0        15  50
10  87  54  71  -1   0   6 0.00    M    M  2.0 10  40   M    M   0        13  40
11  91  61  76   4   0  11 0.00    M    M  4.3 16 260   M    M   0 1      22 260
12  90  63  77   5   0  12 0.00    M    M  4.3 15 290   M    M   1 1      19 280
13  89  67  78   6   0  13 0.00    M    M  3.5 10  10   M    M   0        14  40
14  92  62  77   4   0  12 0.08    M    M  3.5 24 250   M    M   1 138    31 250
15  88  68  78   5   0  13 0.11    M    M  6.3 21 360   M    M   3 1      26 360
16  92  65  79   6   0  14 0.02    M    M  7.4 18 260   M    M   0 3      26 260
17  79  68  74   1   0   9    T    M    M  5.4 13  20   M    M   7        16  20
18  86  65  76   2   0  11 0.00    M    M  4.4 12 130   M    M   1        15 140
19  86  60  73  -1   0   8 0.00    M    M  1.4 10 290   M    M   3        17 260
20  87  62  75   1   0  10 0.00    M    M  5.9 16 250   M    M   3 1      21 250
21  89  70  80   6   0  15 0.87    M    M  6.6 28  30   M    M   4 138    39  50
22  86  68  77   3   0  12 0.04    M    M  4.1 22  10   M    M   3 13     30 340
23  91  69  80   5   0  15 0.25    M    M  9.5 29 320   M    M   2 13     40 330
24  86  68  77   2   0  12 0.02    M    M  5.4 15 240   M    M   4 3      20 290
25  89  65  77   2   0  12    T    M    M  2.2  8  50   M    M   1 12     13  80
26  91  65  78   3   0  13 0.00    M    M  2.6 14 280   M    M   1 13     18 290
27  89  70  80   5   0  15 0.04    M    M  4.3 17  30   M    M   4 13     23  30
28  90  66  78   2   0  13 0.00    M    M  3.9 15 290   M    M   1 1      21 300
29  82  64  73  -3   0   8 0.00    M    M  5.3 13  20   M    M   2        17  50
30  84  56  70  -6   0   5 0.00    M    M  3.2  9  60   M    M   0        13 360
================================================================================
SM 2582 1901         2 299  2.33    M    135.9          M       67
================================================================================
AV 86.1 63.4                               4.5 FASTST   M    M   2    MAX(MPH)
                                 MISC ---->  # 41 250               # 51  260
================================================================================
NOTES:
# LAST OF SEVERAL OCCURRENCES

COLUMN 17 PEAK WIND IN M.P.H.

PRELIMINARY LOCAL CLIMATOLOGICAL DATA (WS FORM: F-6) , PAGE 2

                                          STATION:  LONDON KY
                                          MONTH:    JUNE
                                          YEAR:     2016
                                          LATITUDE:   37  4 N
                                          LONGITUDE:  84  5 W

[TEMPERATURE DATA]      [PRECIPITATION DATA]       SYMBOLS USED IN COLUMN 16

AVERAGE MONTHLY: 74.7   TOTAL FOR MONTH:   2.33    1 = FOG OR MIST
DPTR FM NORMAL:   1.9   DPTR FM NORMAL:   -2.07    2 = FOG REDUCING VISIBILITY
HIGHEST:    92 ON 16,14 GRTST 24HR  0.91 ON 21-22      TO 1/4 MILE OR LESS
LOWEST:     48 ON  9                               3 = THUNDER
                        SNOW, ICE PELLETS, HAIL    4 = ICE PELLETS
                        TOTAL MONTH:    M          5 = HAIL
                        GRTST 24HR    M  ON   M    6 = FREEZING RAIN OR DRIZZLE
                        GRTST DEPTH:  M  ON   M    7 = DUSTSTORM OR SANDSTORM:
                                                       VSBY 1/2 MILE OR LESS
                                                   8 = SMOKE OR HAZE
[NO. OF DAYS WITH]      [WEATHER - DAYS WITH]      9 = BLOWING SNOW
                                                   X = TORNADO
MAX 32 OR BELOW:   0    0.01 INCH OR MORE:  12
MAX 90 OR ABOVE:   7    0.10 INCH OR MORE:   4
MIN 32 OR BELOW:   0    0.50 INCH OR MORE:   2
MIN  0 OR BELOW:   0    1.00 INCH OR MORE:   0

[HDD (BASE 65) ]
TOTAL THIS MO.     2    CLEAR  (SCALE 0-3)  22
DPTR FM NORMAL    -7    PTCLDY (SCALE 4-7)   8
TOTAL FM JUL 1  3676    CLOUDY (SCALE 8-10)  0
DPTR FM NORMAL  -529

[CDD (BASE 65) ]
TOTAL THIS MO.   299
DPTR FM NORMAL    56    [PRESSURE DATA]
TOTAL FM JAN 1   401    HIGHEST SLP 30.34 ON 19
DPTR FM NORMAL    44    LOWEST  SLP 29.72 ON  7

[REMARKS]
#FINAL-06-16#
