000
CXUS55 KJKL 011000
CF6LOZ
PRELIMINARY LOCAL CLIMATOLOGICAL DATA (WS FORM: F-6)

                                          STATION:   LONDON KY
                                          MONTH:     MARCH
                                          YEAR:      2012
                                          LATITUDE:   37  4 N
                                          LONGITUDE:  84  5 W

  TEMPERATURE IN F:       :PCPN:    SNOW:  WIND      :SUNSHINE: SKY     :PK WND
================================================================================
1   2   3   4   5  6A  6B    7    8   9   10  11  12  13   14  15   16   17  18
                                     12Z  AVG MX 2MIN
DY MAX MIN AVG DEP HDD CDD  WTR  SNW DPTH SPD SPD DIR MIN PSBL S-S WX    SPD DR
================================================================================

 1  64  39  52   9  13   0 0.00    M    M  7.0 20 260   M    M   0        28 270
 2  73  37  55  11  10   0 0.26    M    M  9.5 33 210   M    M   4 13     49 220
 3  52  34  43  -1  22   0 0.00    M    M  7.9 18 260   M    M   2        25 260
 4  42  27  35  -9  30   0 0.01    M    M  8.6 24 290   M    M   7        32 280
 5  42  29  36  -8  29   0 0.01    M    M  9.3 25 290   M    M   6 1      33 270
 6  65  25  45   0  20   0 0.00    M    M  4.6 14 180   M    M   0        17 190
 7  66  49  58  13   7   0 0.00    M    M 10.7 23 190   M    M   1        31 200
 8  62  41  52   7  13   0 1.65    M    M  9.8 18 330   M    M   7 1      26 340
 9  54  34  44  -1  21   0 0.00    M    M  6.8 18 340   M    M   0        24 320
10  59  30  45  -1  20   0 0.00    M    M  3.5  9  80   M    M   0        13 100
11  68  30  49   3  16   0 0.00    M    M  3.4 13 190   M    M   0        17 180
12  64  50  57  11   8   0 0.01    M    M  7.1 17 190   M    M   9        22 200
13  77  53  65  19   0   0 0.00    M    M  4.8 17 280   M    M   4        21 270
14  78  46  62  15   3   0 0.00    M    M  1.0 12 200   M    M   1 18     16 200
15  81  52  67  20   0   2 0.17    M    M  6.2 28 320   M    M   3 13     39 330
16  66  53  60  13   5   0 0.26    M    M  2.6 13 260   M    M   7 123    18 260
17  74  54  64  16   1   0 0.07    M    M  3.8 20 280   M    M   6 13     26 280
18  78  57  68  20   0   3 0.53    M    M  4.6 20 280   M    M   3 13     26 280
19  81  51  66  18   0   1 0.00    M    M  1.2  9 230   M    M   1 1      14 290
20  85  57  71  23   0   6 0.00    M    M  1.3  9 140   M    M   0        13 120
21  83  52  68  19   0   3 0.00    M    M  2.2 14 190   M    M   1        18 190
22  82  55  69  20   0   4 0.00    M    M  2.6 12 230   M    M   3        16 230
23  68  61  65  16   0   0 0.40    M    M  2.9 10 190   M    M   7 1      16 190
24  63  50  57   7   8   0 0.47    M    M  4.1 24 280   M    M   8 13     36 280
25  70  45  58   8   7   0 0.02    M    M  5.8 16  10   M    M   4 1      22  20
26  67  46  57   7   8   0 0.00    M    M  6.6 17 350   M    M   3 128    22 360
27  76  39  58   7   7   0 0.00    M    M  3.5  9  30   M    M   0        13  60
28  81  55  68  17   0   3 0.00    M    M  8.6 26 260   M    M   1 3      36 260
29  77  50  64  13   1   0 0.00    M    M  1.8  9  50   M    M   2 1      12  20
30  78  48  63  11   2   0 0.18    M    M  4.6 21 210   M    M   1 13     29 210
31  75  51  63  11   2   0 0.01    M    M  4.3 15 340   M    M   5 128    22 350
================================================================================
SM 2151 1400       253  22  4.05    M    160.7          M       96
================================================================================
AV 69.4 45.2                               5.2 FASTST   M    M   3    MAX(MPH)
                                 MISC ---->  # 33 210               # 49  220
================================================================================
NOTES:
# LAST OF SEVERAL OCCURRENCES

COLUMN 17 PEAK WIND IN M.P.H.

PRELIMINARY LOCAL CLIMATOLOGICAL DATA (WS FORM: F-6) , PAGE 2

                                          STATION:  LONDON KY
                                          MONTH:    MARCH
                                          YEAR:     2012
                                          LATITUDE:   37  4 N
                                          LONGITUDE:  84  5 W

[TEMPERATURE DATA]      [PRECIPITATION DATA]       SYMBOLS USED IN COLUMN 16

AVERAGE MONTHLY: 57.3   TOTAL FOR MONTH:   4.05    1 = FOG OR MIST
DPTR FM NORMAL:   9.9   DPTR FM NORMAL:    0.00    2 = FOG REDUCING VISIBILITY
HIGHEST:    85 ON 20    GRTST 24HR  1.65 ON  8- 8      TO 1/4 MILE OR LESS
LOWEST:     25 ON  6                               3 = THUNDER
                        SNOW, ICE PELLETS, HAIL    4 = ICE PELLETS
                        TOTAL MONTH:    M          5 = HAIL
                        GRTST 24HR    M  ON   M    6 = FREEZING RAIN OR DRIZZLE
                        GRTST DEPTH:  M  ON   M    7 = DUSTSTORM OR SANDSTORM:
                                                       VSBY 1/2 MILE OR LESS
                                                   8 = SMOKE OR HAZE
[NO. OF DAYS WITH]      [WEATHER - DAYS WITH]      9 = BLOWING SNOW
                                                   X = TORNADO
MAX 32 OR BELOW:   0    0.01 INCH OR MORE:  14
MAX 90 OR ABOVE:   0    0.10 INCH OR MORE:   8
MIN 32 OR BELOW:   5    0.50 INCH OR MORE:   2
MIN  0 OR BELOW:   0    1.00 INCH OR MORE:   1

[HDD (BASE 65) ]
TOTAL THIS MO.   253    CLEAR  (SCALE 0-3)  19
DPTR FM NORMAL  -296    PTCLDY (SCALE 4-7)  11
TOTAL FM JUL 1  3288    CLOUDY (SCALE 8-10)  1
DPTR FM NORMAL  -559

[CDD (BASE 65) ]
TOTAL THIS MO.    22
DPTR FM NORMAL    19    [PRESSURE DATA]
TOTAL FM JAN 1    22    HIGHEST SLP 30.51 ON 10
DPTR FM NORMAL    19    LOWEST  SLP 29.45 ON  2

[REMARKS]
#FINAL-03-12#
