000
CXUS55 KJKL 011410
CF6LOZ
PRELIMINARY LOCAL CLIMATOLOGICAL DATA (WS FORM: F-6)
STATION: LONDON KY
MONTH: NOVEMBER
YEAR: 2021
LATITUDE: 37 4 N
LONGITUDE: 84 5 W
TEMPERATURE IN F: :PCPN: SNOW: WIND :SUNSHINE: SKY :PK WND
================================================================================
1 2 3 4 5 6A 6B 7 8 9 10 11 12 13 14 15 16 17 18
12Z AVG MX 2MIN
DY MAX MIN AVG DEP HDD CDD WTR SNW DPTH SPD SPD DIR MIN PSBL S-S WX SPD DR
================================================================================
1 61 43 52 1 13 0 0.00 M M 3.7 10 270 M M 4 15 280
2 47 35 41 -10 24 0 0.06 M M 3.2 14 350 M M 8 1 19 360
3 46 31 39 -12 26 0 0.00 M M 2.9 10 30 M M 0 16 90
4 53 28 41 -9 24 0 0.00 M M 2.6 9 40 M M 0 15 340
5 55 28 42 -8 23 0 0.00 M M 3.8 13 50 M M 0 21 50
6 60 27 44 -6 21 0 0.00 M M 0.7 9 360 M M 0 14 30
7 63 27 45 -4 20 0 0.00 M M 1.2 9 340 M M 0 13 340
8 71 31 51 2 14 0 0.00 M M 0.6 6 170 M M 0 10 180
9 71 35 53 4 12 0 0.00 M M 2.4 14 240 M M 0 18 250
10 73 38 56 8 9 0 0.00 M M 1.0 8 220 M M 0 1 12 220
11 70 41 56 8 9 0 0.55 M M 8.7 24 180 M M 5 1 35 180
12 61 39 50 2 15 0 0.06 M M 8.5 22 260 M M 2 1 34 270
13 44 29 37 -10 28 0 0.04 M M 5.4 16 320 M M 5 25 300
14 51 27 39 -8 26 0 0.02 M M 8.0 22 260 M M 6 30 260
15 44 30 37 -10 28 0 0.00 M M 3.7 12 240 M M 4 17 250
16 64 31 48 2 17 0 0.00 M M 4.3 15 180 M M 3 19 180
17 71 46 59 13 6 0 0.00 M M 7.0 18 210 M M 3 1 34 200
18 64 30 47 1 18 0 0.35 M M 6.6 18 290 M M 5 1 29 230
19 42 24 33 -13 32 0 0.00 M M 2.4 10 360 M M 0 1 15 10
20 58 26 42 -3 23 0 0.00 M M 3.9 14 170 M M 1 20 190
21 58 37 48 3 17 0 0.54 M M 4.5 14 180 M M 7 1 19 180
22 49 27 38 -7 27 0 0.00 M M 5.5 14 330 M M 4 19 20
23 42 20 31 -13 34 0 0.00 M M 0.8 7 290 M M 0 10 230
24 56 23 40 -4 25 0 0.00 M M 3.7 14 200 M M 0 21 220
25 48 33 41 -3 24 0 0.22 M M 4.5 18 300 M M 7 1 29 290
26 40 25 33 -11 32 0 0.00 M M 6.4 17 320 M M 5 1 26 320
27 53 23 38 -5 27 0 0.00 M M 4.9 15 220 M M 2 21 230
28 53 29 41 -2 24 0 0.00 M M 5.4 16 360 M M 0 24 350
29 44 23 34 -9 31 0 0.00 M M 2.4 10 350 M M 1 16 340
30 59 33 46 3 19 0 0.00 M M 5.5 14 240 M M 1 19 250
================================================================================
SM 1671 919 648 0 1.84 M 124.2 M 73
================================================================================
AV 55.7 30.6 4.1 FASTST M M 2 MAX(MPH)
MISC ----> 24 180 35 180
================================================================================
NOTES:
# LAST OF SEVERAL OCCURRENCES
COLUMN 17 PEAK WIND IN M.P.H.
PRELIMINARY LOCAL CLIMATOLOGICAL DATA (WS FORM: F-6) , PAGE 2
STATION: LONDON KY
MONTH: NOVEMBER
YEAR: 2021
LATITUDE: 37 4 N
LONGITUDE: 84 5 W
[TEMPERATURE DATA] [PRECIPITATION DATA] SYMBOLS USED IN COLUMN 16
AVERAGE MONTHLY: 43.2 TOTAL FOR MONTH: 1.84 1 = FOG OR MIST
DPTR FM NORMAL: -3.5 DPTR FM NORMAL: -1.68 2 = FOG REDUCING VISIBILITY
HIGHEST: 73 ON 10 GRTST 24HR 0.55 ON 11-11 TO 1/4 MILE OR LESS
LOWEST: 20 ON 23 3 = THUNDER
SNOW, ICE PELLETS, HAIL 4 = ICE PELLETS
TOTAL MONTH: M 5 = HAIL
GRTST 24HR M ON M 6 = FREEZING RAIN OR DRIZZLE
GRTST DEPTH: M ON M 7 = DUSTSTORM OR SANDSTORM:
VSBY 1/2 MILE OR LESS
8 = SMOKE OR HAZE
[NO. OF DAYS WITH] [WEATHER - DAYS WITH] 9 = BLOWING SNOW
X = TORNADO
MAX 32 OR BELOW: 0 0.01 INCH OR MORE: 8
MAX 90 OR ABOVE: 0 0.10 INCH OR MORE: 4
MIN 32 OR BELOW: 20 0.50 INCH OR MORE: 2
MIN 0 OR BELOW: 0 1.00 INCH OR MORE: 0
[HDD (BASE 65) ]
TOTAL THIS MO. 648 CLEAR (SCALE 0-3) 19
DPTR FM NORMAL 97 PTCLDY (SCALE 4-7) 11
TOTAL FM JUL 1 838 CLOUDY (SCALE 8-10) 0
DPTR FM NORMAL -7
[CDD (BASE 65) ]
TOTAL THIS MO. 0
DPTR FM NORMAL -2 [PRESSURE DATA]
TOTAL FM JAN 1 1246 HIGHEST SLP 30.58 ON 19
DPTR FM NORMAL 29 LOWEST SLP 29.78 ON 11
[REMARKS]
#FINAL-11-21#