000
CXUS55 KJKL 010800
CF6LOZ
PRELIMINARY LOCAL CLIMATOLOGICAL DATA (WS FORM: F-6)

                                          STATION:   LONDON KY
                                          MONTH:     FEBRUARY
                                          YEAR:      2014
                                          LATITUDE:   37  4 N
                                          LONGITUDE:  84  5 W

  TEMPERATURE IN F:       :PCPN:    SNOW:  WIND      :SUNSHINE: SKY     :PK WND
================================================================================
1   2   3   4   5  6A  6B    7    8   9   10  11  12  13   14  15   16   17  18
                                     12Z  AVG MX 2MIN
DY MAX MIN AVG DEP HDD CDD  WTR  SNW DPTH SPD SPD DIR MIN PSBL S-S WX    SPD DR
================================================================================

 1  65  31  48  11  17   0 0.00    M    M  5.6 22 200   M    M   2        29 220
 2  53  34  44   7  21   0 0.82    M    M  5.7 14  20   M    M   9 1      18  30
 3  35  31  33  -4  32   0 0.60    M    M  7.4 15 340   M    M  10 16     22  50
 4  37  31  34  -3  31   0 0.43    M    M  6.4 12 360   M    M  10 1      16  60
 5  43  25  34  -3  31   0 0.55    M    M 10.6 23 260   M    M  10 18     32 270
 6  30  23  27 -11  38   0    T    M    M  4.6  9 320   M    M  10 18     12 300
 7  30  22  26 -12  39   0 0.00    M    M  3.4  8  20   M    M   8        10 270
 8  39  23  31  -7  34   0 0.02    M    M  1.8  7 290   M    M  10 1      10 240
 9  37  29  33  -5  32   0 0.03    M    M  5.1 14 260   M    M  10 18     17 290
10  31  19  25 -13  40   0 0.00    M    M  6.9 13  20   M    M   7 18     16 350
11  36  15  26 -13  39   0 0.00    M    M  7.4 13  10   M    M   0        17  50
12  39  20  30  -9  35   0    T    M    M  4.2  9 140   M    M   6 18     12 130
13  46  30  38  -1  27   0 0.02    M    M  7.2 15 280   M    M   5 18     22 300
14  53  29  41   2  24   0 0.44    M    M  7.9 20 290   M    M   4 1      25 230
15  38  20  29 -11  36   0 0.03    M    M  7.7 22 310   M    M   8 18     30 310
16  46  24  35  -5  30   0    T    M    M  4.9 15 300   M    M   6 1      21 320
17  59  26  43   3  22   0 0.13    M    M  9.2 25 270   M    M   4        35 280
18  60  31  46   6  19   0 0.00    M    M  6.5 15 180   M    M   1 1      18 270
19  64  47  56  16   9   0 0.16    M    M  9.2 26 260   M    M   4 13     34 270
20  72  42  57  16   8   0 0.00    M    M 10.1 26 190   M    M   5 3      43 210
21  66  33  50   9  15   0 0.99    M    M 10.8 36 280   M    M   3 13     45 290
22  64  29  47   6  18   0 0.00    M    M  3.2 15 240   M    M   0        17 240
23  66  34  50   8  15   0 0.01    M    M  8.7 20 360   M    M   3        27 320
24  44  25  35  -7  30   0 0.00    M    M  4.0 12 340   M    M   1        19 340
25  44  29  37  -5  28   0 0.00    M    M  4.9 13  10   M    M   6        16  10
26  34  21  28 -14  37   0    T    M    M  7.8 17 320   M    M   5        24 340
27  38  17  28 -15  37   0 0.00    M    M  8.9 21 290   M    M   0        27 270
28  48  18  33 -10  32   0 0.00    M    M  3.5  8  90   M    M   1        11  80
================================================================================
SM 1317  758       776   0  4.23    M    183.6          M      148
================================================================================
AV 47.0 27.1                               6.6 FASTST   M    M   5    MAX(MPH)
                                 MISC ---->  # 36 280               # 45  290
================================================================================
NOTES:
# LAST OF SEVERAL OCCURRENCES

COLUMN 17 PEAK WIND IN M.P.H.

PRELIMINARY LOCAL CLIMATOLOGICAL DATA (WS FORM: F-6) , PAGE 2

                                          STATION:  LONDON KY
                                          MONTH:    FEBRUARY
                                          YEAR:     2014
                                          LATITUDE:   37  4 N
                                          LONGITUDE:  84  5 W

[TEMPERATURE DATA]      [PRECIPITATION DATA]       SYMBOLS USED IN COLUMN 16

AVERAGE MONTHLY: 37.1   TOTAL FOR MONTH:   4.23    1 = FOG OR MIST
DPTR FM NORMAL:  -2.4   DPTR FM NORMAL:    0.52    2 = FOG REDUCING VISIBILITY
HIGHEST:    72 ON 20    GRTST 24HR  1.42 ON  2- 3      TO 1/4 MILE OR LESS
LOWEST:     15 ON 11                               3 = THUNDER
                        SNOW, ICE PELLETS, HAIL    4 = ICE PELLETS
                        TOTAL MONTH:    M          5 = HAIL
                        GRTST 24HR    M  ON   M    6 = FREEZING RAIN OR DRIZZLE
                        GRTST DEPTH:  M  ON   M    7 = DUSTSTORM OR SANDSTORM:
                                                       VSBY 1/2 MILE OR LESS
                                                   8 = SMOKE OR HAZE
[NO. OF DAYS WITH]      [WEATHER - DAYS WITH]      9 = BLOWING SNOW
                                                   X = TORNADO
MAX 32 OR BELOW:   3    0.01 INCH OR MORE:  13
MAX 90 OR ABOVE:   0    0.10 INCH OR MORE:   8
MIN 32 OR BELOW:  23    0.50 INCH OR MORE:   4
MIN  0 OR BELOW:   0    1.00 INCH OR MORE:   0

[HDD (BASE 65) ]
TOTAL THIS MO.   776    CLEAR  (SCALE 0-3)   9
DPTR FM NORMAL    63    PTCLDY (SCALE 4-7)  11
TOTAL FM JUL 1  3507    CLOUDY (SCALE 8-10)  8
DPTR FM NORMAL   231

[CDD (BASE 65) ]
TOTAL THIS MO.     0
DPTR FM NORMAL     0    [PRESSURE DATA]
TOTAL FM JAN 1     0    HIGHEST SLP 30.46 ON  6
DPTR FM NORMAL     0    LOWEST  SLP 29.61 ON 14

[REMARKS]
#FINAL-02-14#
