000
CXUS55 KJKL 011000
CF6LOZ
PRELIMINARY LOCAL CLIMATOLOGICAL DATA (WS FORM: F-6)

                                          STATION:   LONDON KY
                                          MONTH:     OCTOBER
                                          YEAR:      2017
                                          LATITUDE:   37  4 N
                                          LONGITUDE:  84  5 W

  TEMPERATURE IN F:       :PCPN:    SNOW:  WIND      :SUNSHINE: SKY     :PK WND
================================================================================
1   2   3   4   5  6A  6B    7    8   9   10  11  12  13   14  15   16   17  18
                                     12Z  AVG MX 2MIN
DY MAX MIN AVG DEP HDD CDD  WTR  SNW DPTH SPD SPD DIR MIN PSBL S-S WX    SPD DR
================================================================================

 1  77  48  63   1   2   0 0.00    M    M  3.0  8  40   M    M   0        11  30
 2  79  46  63   1   2   0 0.00    M    M  1.5  9 180   M    M   0        12  80
 3  81  48  65   3   0   0 0.00    M    M  1.8  9  80   M    M   0        12  80
 4  80  49  65   4   0   0 0.00    M    M  1.4  7 320   M    M   0 1      11 260
 5  82  50  66   5   0   1    T    M    M  1.3 10 260   M    M   0 1      13 250
 6  82  52  67   7   0   2 0.00    M    M  1.7 14 260   M    M   0 1      18 270
 7  83  56  70  10   0   5 0.05    M    M  4.9 21 190   M    M   2        29 180
 8  72  68  70  10   0   5 2.39    M    M  5.5 13  90   M    M   9 1      20  80
 9  83  66  75  16   0  10 0.04    M    M  4.7 12 260   M    M   6 1      20 240
10  81  65  73  14   0   8 0.32    M    M  1.8  8  90   M    M   6 13     13  80
11  82  58  70  11   0   5 0.00    M    M  6.8 17 290   M    M   5 1      24 320
12  70  55  63   5   2   0 0.00    M    M  3.5  9  20   M    M   6        12  30
13  78  49  64   6   1   0 0.00    M    M  2.2 13 260   M    M   2 12     17 270
14  82  55  69  11   0   4 0.00    M    M  4.5 12 250   M    M   5        17 250
15  81  52  67   9   0   2 0.65    M    M  7.6 20 230   M    M   7 13     32 300
16  62  42  52  -5  13   0 0.00    M    M  6.0 16  10   M    M   6        23 350
17  65  37  51  -6  14   0 0.00    M    M  1.1 10 100   M    M   0        16  70
18  69  37  53  -4  12   0 0.00    M    M  0.8  9 190   M    M   0 1      12 170
19  71  39  55  -1  10   0 0.00    M    M  2.1 10 240   M    M   0 1      18 240
20  76  42  59   3   6   0 0.00    M    M  0.7  7 110   M    M   0 1      11 120
21  76  45  61   5   4   0 0.00    M    M  1.4 12 210   M    M   0 1      17 210
22  76  45  61   6   4   0 0.00    M    M  4.6 20 190   M    M   0 1      27 190
23  68  48  58   3   7   0 1.16    M    M  8.1 25 250   M    M   7 1      34 250
24  59  41  50  -5  15   0 0.00    M    M  7.3 28 260   M    M   5        35 260
25  55  39  47  -7  18   0 0.00    M    M  6.7 21 270   M    M   7        29 220
26  63  33  48  -6  17   0 0.00    M    M  2.1 10 200   M    M   0        14 170
27  71  43  57   3   8   0    T    M    M  8.4 22 200   M    M   2        32 200
28  50  36  43 -11  22   0 0.67    M    M  5.5 13 310   M    M  10 1      20 320
29  37  33  35 -18  30   0 0.02    M    M  6.7 15 290   M    M  10 1      20 280
30  62  28  45  -8  20   0 0.00    M    M  6.4 17 200   M    M   1        26 250
31  56  36  46  -7  19   0 0.00    M    M  1.7  9 280   M    M   4        14 280
================================================================================
SM 2209 1441       226  42  5.30    M    121.8          M      100
================================================================================
AV 71.3 46.5                               3.9 FASTST   M    M   3    MAX(MPH)
                                 MISC ---->  # 28 260               # 35  260
================================================================================
NOTES:
# LAST OF SEVERAL OCCURRENCES

COLUMN 17 PEAK WIND IN M.P.H.

PRELIMINARY LOCAL CLIMATOLOGICAL DATA (WS FORM: F-6) , PAGE 2

                                          STATION:  LONDON KY
                                          MONTH:    OCTOBER
                                          YEAR:     2017
                                          LATITUDE:   37  4 N
                                          LONGITUDE:  84  5 W

[TEMPERATURE DATA]      [PRECIPITATION DATA]       SYMBOLS USED IN COLUMN 16

AVERAGE MONTHLY: 58.9   TOTAL FOR MONTH:   5.30    1 = FOG OR MIST
DPTR FM NORMAL:   1.6   DPTR FM NORMAL:    2.28    2 = FOG REDUCING VISIBILITY
HIGHEST:    83 ON  9, 7 GRTST 24HR  2.39 ON  8- 8      TO 1/4 MILE OR LESS
LOWEST:     28 ON 30                               3 = THUNDER
                        SNOW, ICE PELLETS, HAIL    4 = ICE PELLETS
                        TOTAL MONTH:    M          5 = HAIL
                        GRTST 24HR    M  ON   M    6 = FREEZING RAIN OR DRIZZLE
                        GRTST DEPTH:  M  ON   M    7 = DUSTSTORM OR SANDSTORM:
                                                       VSBY 1/2 MILE OR LESS
                                                   8 = SMOKE OR HAZE
[NO. OF DAYS WITH]      [WEATHER - DAYS WITH]      9 = BLOWING SNOW
                                                   X = TORNADO
MAX 32 OR BELOW:   0    0.01 INCH OR MORE:   8
MAX 90 OR ABOVE:   0    0.10 INCH OR MORE:   5
MIN 32 OR BELOW:   1    0.50 INCH OR MORE:   4
MIN  0 OR BELOW:   0    1.00 INCH OR MORE:   2

[HDD (BASE 65) ]
TOTAL THIS MO.   226    CLEAR  (SCALE 0-3)  17
DPTR FM NORMAL   -33    PTCLDY (SCALE 4-7)  11
TOTAL FM JUL 1   267    CLOUDY (SCALE 8-10)  3
DPTR FM NORMAL   -39

[CDD (BASE 65) ]
TOTAL THIS MO.    42
DPTR FM NORMAL    21    [PRESSURE DATA]
TOTAL FM JAN 1  1135    HIGHEST SLP 30.49 ON  3
DPTR FM NORMAL   -53    LOWEST  SLP 29.61 ON  8

[REMARKS]
#FINAL-10-17#
