000
CXUS55 KJKL 011310
CF6LOZ
PRELIMINARY LOCAL CLIMATOLOGICAL DATA (WS FORM: F-6)
STATION: LONDON KY
MONTH: AUGUST
YEAR: 2021
LATITUDE: 37 4 N
LONGITUDE: 84 5 W
TEMPERATURE IN F: :PCPN: SNOW: WIND :SUNSHINE: SKY :PK WND
================================================================================
1 2 3 4 5 6A 6B 7 8 9 10 11 12 13 14 15 16 17 18
12Z AVG MX 2MIN
DY MAX MIN AVG DEP HDD CDD WTR SNW DPTH SPD SPD DIR MIN PSBL S-S WX SPD DR
================================================================================
1 81 67 74 -2 0 9 0.04 M M 4.2 12 350 M M 8 18 18 290
2 80 61 71 -5 0 6 0.00 M M 3.6 13 30 M M 2 18 17 40
3 82 61 72 -4 0 7 0.00 M M 5.3 14 360 M M 4 21 20
4 81 61 71 -5 0 6 0.00 M M 2.5 15 90 M M 4 3 23 100
5 83 62 73 -3 0 8 0.00 M M 2.1 9 210 M M 3 1 13 210
6 83 63 73 -3 0 8 0.00 M M 2.0 10 250 M M 2 1 14 250
7 82 68 75 -1 0 10 0.16 M M 2.3 15 300 M M 5 13 23 310
8 85 64 75 -1 0 10 0.00 M M 1.9 10 240 M M 1 1 15 220
9 84 67 76 0 0 11 1.16 M M 3.9 24 300 M M 3 138 37 290
10 89 68 79 3 0 14 0.19 M M 4.1 17 30 M M 2 138 29 220
11 90 72 81 5 0 16 0.00 M M 4.5 13 230 M M 3 3 17 250
12 90 71 81 5 0 16 0.00 M M 4.4 13 270 M M 0 18 270
13 90 71 81 5 0 16 0.00 M M 4.8 13 260 M M 1 19 210
14 86 71 79 3 0 14 0.27 M M 3.7 12 360 M M 3 13 16 10
15 85 68 77 1 0 12 0.69 M M 3.0 24 290 M M 7 123 34 320
16 82 69 76 1 0 11 0.52 M M 2.6 10 170 M M 6 1 14 180
17 73 69 71 -4 0 6 0.67 M M 3.9 13 270 M M 7 1 16 260
18 85 70 78 3 0 13 0.00 M M 4.2 10 250 M M 6 14 250
19 81 70 76 1 0 11 0.16 M M 3.1 12 280 M M 7 18 15 260
20 84 68 76 1 0 11 0.00 M M 2.7 9 30 M M 6 12 13 70
21 87 63 75 0 0 10 0.00 M M 1.3 8 80 M M 4 12 14 110
22 89 68 79 4 0 14 T M M 2.4 10 20 M M 3 12 14 30
23 91 66 79 4 0 14 0.00 M M 1.6 12 290 M M 4 12 15 290
24 91 67 79 4 0 14 0.00 M M 1.1 7 140 M M 2 12 11 60
25 92 69 81 7 0 16 T M M 3.8 13 30 M M 1 1 19 30
26 91 71 81 7 0 16 T M M 1.3 12 190 M M 2 13 15 180
27 89 70 80 6 0 15 0.00 M M 2.8 16 350 M M 1 1 23 330
28 91 69 80 6 0 15 0.07 M M 1.8 13 50 M M 2 13 17 60
29 89 72 81 7 0 16 0.00 M M 2.9 10 260 M M 3 123 17 270
30 87 70 79 5 0 14 0.97 M M 4.1 18 280 M M 6 13 32 280
31 75 68 72 -1 0 7 0.78 M M 4.7 13 80 M M 9 1 19 70
================================================================================
SM 2648 2094 0 366 5.68 M 96.6 M 117
================================================================================
AV 85.4 67.5 3.1 FASTST M M 4 MAX(MPH)
MISC ----> # 24 300 37 290
================================================================================
NOTES:
# LAST OF SEVERAL OCCURRENCES
COLUMN 17 PEAK WIND IN M.P.H.
PRELIMINARY LOCAL CLIMATOLOGICAL DATA (WS FORM: F-6) , PAGE 2
STATION: LONDON KY
MONTH: AUGUST
YEAR: 2021
LATITUDE: 37 4 N
LONGITUDE: 84 5 W
[TEMPERATURE DATA] [PRECIPITATION DATA] SYMBOLS USED IN COLUMN 16
AVERAGE MONTHLY: 76.5 TOTAL FOR MONTH: 5.68 1 = FOG OR MIST
DPTR FM NORMAL: 1.3 DPTR FM NORMAL: 1.71 2 = FOG REDUCING VISIBILITY
HIGHEST: 92 ON 25 GRTST 24HR 1.45 ON 30-31 TO 1/4 MILE OR LESS
LOWEST: 61 ON 4, 3 3 = THUNDER
SNOW, ICE PELLETS, HAIL 4 = ICE PELLETS
TOTAL MONTH: M 5 = HAIL
GRTST 24HR M ON M 6 = FREEZING RAIN OR DRIZZLE
GRTST DEPTH: M ON M 7 = DUSTSTORM OR SANDSTORM:
VSBY 1/2 MILE OR LESS
8 = SMOKE OR HAZE
[NO. OF DAYS WITH] [WEATHER - DAYS WITH] 9 = BLOWING SNOW
X = TORNADO
MAX 32 OR BELOW: 0 0.01 INCH OR MORE: 12
MAX 90 OR ABOVE: 8 0.10 INCH OR MORE: 10
MIN 32 OR BELOW: 0 0.50 INCH OR MORE: 6
MIN 0 OR BELOW: 0 1.00 INCH OR MORE: 1
[HDD (BASE 65) ]
TOTAL THIS MO. 0 CLEAR (SCALE 0-3) 17
DPTR FM NORMAL -1 PTCLDY (SCALE 4-7) 13
TOTAL FM JUL 1 0 CLOUDY (SCALE 8-10) 1
DPTR FM NORMAL 0
[CDD (BASE 65) ]
TOTAL THIS MO. 366
DPTR FM NORMAL 49 [PRESSURE DATA]
TOTAL FM JAN 1 1040 HIGHEST SLP 30.23 ON 28
DPTR FM NORMAL 0 LOWEST SLP 29.58 ON 31
[REMARKS]
#FINAL-08-21#