000
CXUS55 KJKL 281306
CF6LOZ
PRELIMINARY LOCAL CLIMATOLOGICAL DATA (WS FORM: F-6)

                                          STATION:   LONDON KY
                                          MONTH:     JULY
                                          YEAR:      2011
                                          LATITUDE:   37  4 N
                                          LONGITUDE:  84  5 W

  TEMPERATURE IN F:       :PCPN:    SNOW:  WIND      :SUNSHINE: SKY     :PK WND
================================================================================
1   2   3   4   5  6A  6B    7    8   9   10  11  12  13   14  15   16   17  18
                                     12Z  AVG MX 2MIN
DY MAX MIN AVG DEP HDD CDD  WTR  SNW DPTH SPD SPD DIR MIN PSBL S-S WX    SPD DR
================================================================================

 1  85  60  73  -3   0   8 0.00    M    M  1.9  9  20   M    M   0 18     12  20
 2  87  63  75  -1   0  10 0.00    M    M  2.0 10  20   M    M   0 18     14  20
 3  90  67  79   3   0  14 0.01    M    M  2.4 14 340   M    M   1 1238   22 340
 4  83  67  75  -1   0  10 0.45    M    M  2.2 23 280   M    M   1 13     32 280
 5  86  70  78   2   0  13 0.15    M    M  1.2 12 190   M    M   5 13     13 190
 6  86  66  76   0   0  11 0.62    M    M  2.5 26  40   M    M   1 123    39  40
 7  87  65  76   0   0  11 0.00    M    M  0.8  6 200   M    M   3 128     8 200
 8  82  67  75  -1   0  10 0.07    M    M  4.4 18 250   M    M   5 1      24 240
 9  84  66  75  -1   0  10 0.00    M    M  5.3 12  90   M    M   4        16 100
10  91  65  78   2   0  13 0.00    M    M  1.2  9 100   M    M   1 18     13 210
11  92  70  81   5   0  16 0.00    M    M  4.0 14 240   M    M   1 12     25 310
12  87  71  79   3   0  14 0.02    M    M  4.8 14 300   M    M   3 13     22  60
13  87  69  78   2   0  13 0.02    M    M  3.5 10 360   M    M   1 1      13  30
14  86  68  77   1   0  12 0.00    M    M  5.3 12 360   M    M   0        16  20
15  80  69  75  -1   0  10 1.31    M    M  3.9 15 350   M    M   6 123    18 360
16  80  69  75  -1   0  10    T    M    M  3.0 12 190   M    M   7        15 230
17  82  66  74  -2   0   9    T    M    M  1.9 10 260   M    M   5 1      13 270
18  87  68  78   2   0  13    T    M    M  3.3 16 290   M    M   2 18     20 290
19  90  70  80   4   0  15 1.13    M    M  5.1 25  50   M    M   4 138    35  50
20  92  71  82   6   0  17    T    M    M  1.6  8 270   M    M   3 18     12 280
21  78  72  75  -1   0  10 0.02    M    M  1.6 13 120   M    M   3 13     18 100
22  90  73  82   6   0  17 0.00    M    M  2.7 15  50   M    M   5 138    21  20
23  91  72  82   6   0  17 0.00    M    M  2.8 10 240   M    M   2 12     16 260
24  89  74  82   6   0  17 0.10    M    M  3.4 13 300   M    M   3 13     33 260
25  89  73  81   5   0  16 0.05    M    M  3.5 13 350   M    M   4 18     17 360
26  90  69  80   4   0  15 0.00    M    M  1.3  9 340   M    M   2 18     14 330
27  91  68  80   4   0  15 0.00    M    M  1.4  7 170   M    M   1 128     9 170
28  94  67  81   5   0  16 0.00    M    M  1.9  9 240   M    M   1 18     13 220
29  90  70  80   4   0  15    T    M    M  3.1 14 190   M    M   1 1      17 180
30  89  71  80   4   0  15 0.06    M    M  1.6 15  20   M    M   4 1      24  10
31  88  71  80   4   0  15 0.00    M    M  1.7  9  40   M    M   7 12     15  10
================================================================================
SM 2703 2127         0 407  4.01    M     85.3          M       86
================================================================================
AV 87.2 68.6                               2.8 FASTST   M    M   3    MAX(MPH)
                                 MISC ---->  # 26  40               # 39   40
================================================================================
NOTES:
# LAST OF SEVERAL OCCURRENCES

COLUMN 17 PEAK WIND IN M.P.H.

PRELIMINARY LOCAL CLIMATOLOGICAL DATA (WS FORM: F-6) , PAGE 2

                                          STATION:  LONDON KY
                                          MONTH:    JULY
                                          YEAR:     2011
                                          LATITUDE:   37  4 N
                                          LONGITUDE:  84  5 W

[TEMPERATURE DATA]      [PRECIPITATION DATA]       SYMBOLS USED IN COLUMN 16

AVERAGE MONTHLY: 77.9   TOTAL FOR MONTH:   4.01    1 = FOG OR MIST
DPTR FM NORMAL:   1.6   DPTR FM NORMAL:   -0.03    2 = FOG REDUCING VISIBILITY
HIGHEST:    94 ON 28    GRTST 24HR  1.31 ON 15-15      TO 1/4 MILE OR LESS
LOWEST:     60 ON  1                               3 = THUNDER
                        SNOW, ICE PELLETS, HAIL    4 = ICE PELLETS
                        TOTAL MONTH:    M          5 = HAIL
                        GRTST 24HR    M  ON   M    6 = FREEZING RAIN OR DRIZZLE
                        GRTST DEPTH:  M  ON   M    7 = DUSTSTORM OR SANDSTORM:
                                                       VSBY 1/2 MILE OR LESS
                                                   8 = SMOKE OR HAZE
[NO. OF DAYS WITH]      [WEATHER - DAYS WITH]      9 = BLOWING SNOW
                                                   X = TORNADO
MAX 32 OR BELOW:   0    0.01 INCH OR MORE:  13
MAX 90 OR ABOVE:  11    0.10 INCH OR MORE:   6
MIN 32 OR BELOW:   0    0.50 INCH OR MORE:   3
MIN  0 OR BELOW:   0    1.00 INCH OR MORE:   2

[HDD (BASE 65) ]
TOTAL THIS MO.     0    CLEAR  (SCALE 0-3)  18
DPTR FM NORMAL     0    PTCLDY (SCALE 4-7)  13
TOTAL FM JUL 1     0    CLOUDY (SCALE 8-10)  0
DPTR FM NORMAL     0

[CDD (BASE 65) ]
TOTAL THIS MO.   407
DPTR FM NORMAL    57    [PRESSURE DATA]
TOTAL FM JAN 1   828    HIGHEST SLP 30.21 ON 17
DPTR FM NORMAL   121    LOWEST  SLP 29.82 ON 25

[REMARKS]
ESTIMATED MAX SLP 30.21 ON THE 17TH...MIN SLP 29.77 ON THE 8TH.
#FINAL-07-11#
