000
CXUS55 KJKL 071649
CF6LOZ
PRELIMINARY LOCAL CLIMATOLOGICAL DATA (WS FORM: F-6)

                                          STATION:   LONDON KY
                                          MONTH:     MAY
                                          YEAR:      2011
                                          LATITUDE:   37  4 N
                                          LONGITUDE:  84  5 W

  TEMPERATURE IN F:       :PCPN:    SNOW:  WIND      :SUNSHINE: SKY     :PK WND
================================================================================
1   2   3   4   5  6A  6B    7    8   9   10  11  12  13   14  15   16   17  18
                                     12Z  AVG MX 2MIN
DY MAX MIN AVG DEP HDD CDD  WTR  SNW DPTH SPD SPD DIR MIN PSBL S-S WX    SPD DR
================================================================================

 1  73  58  66   5   0   1 0.28    M    M  4.7 25 180   M    M   4 13     44 190
 2  77  58  68   7   0   3    T    M    M  4.6 17 200   M    M   4 1      22 200
 3  71  42  57  -5   8   0 1.45    M    M  5.7 21 290   M    M   8 12     26 300
 4  51  39  45 -17  20   0    T    M    M  6.0 16 290   M    M   9 12     25 290
 5  63  33  48 -14  17   0 0.00    M    M  1.3  8 230   M    M   3 12     13 110
 6  64  43  54  -8  11   0    T    M    M  3.9 15 260   M    M   3 1      21 240
 7  66  41  54  -8  11   0 0.04    M    M  2.2 14 250   M    M   4 1      18 250
 8  78  55  67   4   0   2    T    M    M  2.8 10 340   M    M   5 1      14  10
 9  82  54  68   5   0   3 0.00    M    M  2.1  7 100   M    M   2 1      10  30
10  85  58  72   9   0   7 0.00    M    M  3.7 16 240   M    M   1 1      20 240
11  86  64  75  11   0  10 0.00    M    M  3.6 12 240   M    M   2 18     16 240
12  86  62  74  10   0   9 0.00    M    M  4.1 13 260   M    M   1 1      16 240
13  78  62  70   6   0   5 0.31    M    M  1.9 26 260   M    M   4 138    32 290
14  70  57  64   0   1   0 0.40    M    M  5.2 29 270   M    M   7 13     36 270
15  57  51  54 -10  11   0 0.07    M    M  8.7 16 260   M    M  10 1      23 270
16  52  46  49 -16  16   0 0.02    M    M  7.3 14 340   M    M   9 1      18  10
17  48  45  47 -18  18   0 0.25    M    M  6.3 10 330   M    M  10 1      14  40
18  54  47  51 -14  14   0 0.07    M    M  4.3 10 270   M    M  10 1      13 260
19  70  51  61  -5   4   0 0.01    M    M  2.8 15 250   M    M   6 1      18 250
20  76  56  66   0   0   1    T    M    M  0.8  8 250   M    M   5 1      12 250
21  83  56  70   4   0   5 0.12    M    M  4.0 21 300   M    M   1 13     29 290
22  84  60  72   6   0   7 0.51    M    M  3.6 28 260   M    M   3 123    38 260
23  84  61  73   7   0   8 0.25    M    M  6.0 21 250   M    M   2 13     28 260
24  73  63  68   1   0   3 0.95    M    M  4.0 23 270   M    M   4 13     32 260
25  85  62  74   7   0   9 0.01    M    M  5.6 17 210   M    M   2 1      25 210
26  79  61  70   3   0   5 0.82    M    M  8.0 35 270   M    M   5 138    49 200
27  69  55  62  -6   3   0    T    M    M  3.9 10 250   M    M   8 1      23 240
28  80  52  66  -2   0   1 0.00    M    M  3.0 12 180   M    M   3 12     15 210
29  89  57  73   5   0   8 0.00    M    M  3.3 14 190   M    M   0 1      18 220
30  90  63  77   9   0  12 0.00    M    M  1.7 12 260   M    M   0 18     16 250
31  90  64  77   8   0  12 0.00    M    M  1.8 10 290   M    M   2 128    13 290
================================================================================
SM 2293 1676       134 111  5.56    M    126.9          M      137
================================================================================
AV 74.0 54.1                               4.1 FASTST   M    M   4    MAX(MPH)
                                 MISC ---->  # 35 270               # 49  200
================================================================================
NOTES:
# LAST OF SEVERAL OCCURRENCES

COLUMN 17 PEAK WIND IN M.P.H.

PRELIMINARY LOCAL CLIMATOLOGICAL DATA (WS FORM: F-6) , PAGE 2

                                          STATION:  LONDON KY
                                          MONTH:    MAY
                                          YEAR:     2011
                                          LATITUDE:   37  4 N
                                          LONGITUDE:  84  5 W

[TEMPERATURE DATA]      [PRECIPITATION DATA]       SYMBOLS USED IN COLUMN 16

AVERAGE MONTHLY: 64.0   TOTAL FOR MONTH:   5.56    1 = FOG OR MIST
DPTR FM NORMAL:  -0.8   DPTR FM NORMAL:    0.38    2 = FOG REDUCING VISIBILITY
HIGHEST:    90 ON 31,30 GRTST 24HR  1.45 ON  3- 3      TO 1/4 MILE OR LESS
LOWEST:     33 ON  5                               3 = THUNDER
                        SNOW, ICE PELLETS, HAIL    4 = ICE PELLETS
                        TOTAL MONTH:    M          5 = HAIL
                        GRTST 24HR    M  ON   M    6 = FREEZING RAIN OR DRIZZLE
                        GRTST DEPTH:  M  ON   M    7 = DUSTSTORM OR SANDSTORM:
                                                       VSBY 1/2 MILE OR LESS
                                                   8 = SMOKE OR HAZE
[NO. OF DAYS WITH]      [WEATHER - DAYS WITH]      9 = BLOWING SNOW
                                                   X = TORNADO
MAX 32 OR BELOW:   0    0.01 INCH OR MORE:  16
MAX 90 OR ABOVE:   2    0.10 INCH OR MORE:  10
MIN 32 OR BELOW:   0    0.50 INCH OR MORE:   4
MIN  0 OR BELOW:   0    1.00 INCH OR MORE:   1

[HDD (BASE 65) ]
TOTAL THIS MO.   134    CLEAR  (SCALE 0-3)  13
DPTR FM NORMAL    39    PTCLDY (SCALE 4-7)  13
TOTAL FM JUL 1  4539    CLOUDY (SCALE 8-10)  5
DPTR FM NORMAL   343

[CDD (BASE 65) ]
TOTAL THIS MO.   111
DPTR FM NORMAL    23    [PRESSURE DATA]
TOTAL FM JAN 1   162    HIGHEST SLP 30.39 ON  5
DPTR FM NORMAL    48    LOWEST  SLP 29.59 ON 14

[REMARKS]
#FINAL-05-11#
