000
CXUS55 KJKL 021452
CF6LOZ
PRELIMINARY LOCAL CLIMATOLOGICAL DATA (WS FORM: F-6)

                                          STATION:   LONDON KY
                                          MONTH:     JUNE
                                          YEAR:      2014
                                          LATITUDE:   37  4 N
                                          LONGITUDE:  84  5 W

  TEMPERATURE IN F:       :PCPN:    SNOW:  WIND      :SUNSHINE: SKY     :PK WND
================================================================================
1   2   3   4   5  6A  6B    7    8   9   10  11  12  13   14  15   16   17  18
                                     12Z  AVG MX 2MIN
DY MAX MIN AVG DEP HDD CDD  WTR  SNW DPTH SPD SPD DIR MIN PSBL S-S WX    SPD DR
================================================================================

 1  84  64  74   5   0   9    T    M    M  4.5 12 180   M    M   5        18 230
 2  82  63  73   4   0   8 0.00    M    M  5.1 12 250   M    M   4        16 190
 3  84  67  76   6   0  11 0.01    M    M  5.5 13 260   M    M   5        18 280
 4  85  64  75   5   0  10 0.69    M    M  6.3 23 240   M    M   3 138    27 240
 5  74  62  68  -2   0   3 0.07    M    M  3.4 15 360   M    M   7 1      20 360
 6  82  56  69  -1   0   4 0.00    M    M  3.4 10  20   M    M   1 12     15  20
 7  85  58  72   1   0   7 0.00    M    M  2.5  9 250   M    M   0        14 100
 8  81  64  73   2   0   8 0.00    M    M  9.4 22 260   M    M   7        29 250
 9  75  61  68  -3   0   3 0.00    M    M  2.7  9  30   M    M   7 18     12  30
10  87   M   M   M   M   M    M    M    M   M  44 230   M    M   4 138    58 230
11   M   M   M   M   M   M    M    M    M   M   M   M   M    M   M         M  M
12  83  65  74   2   0   9 0.00    M    M  4.2 14 310   M    M   4 1      19 280
13  80  61  71  -1   0   6    T    M    M  3.9 14 350   M    M   6 12     18 350
14  80  55  68  -5   0   3 0.00    M    M  4.3 13  20   M    M   0        16  20
15  88  54  71  -2   0   6 0.00    M    M  3.5 15 250   M    M   1        21 250
16  90  66  78   5   0  13 0.00    M    M  2.6 12 290   M    M   1 1      17 220
17  92  66  79   6   0  14 0.00    M    M  4.8 14 270   M    M   1 18     19 220
18  93  69  81   7   0  16 0.00    M    M  4.2 15 250   M    M   1 1      20 250
19  92  69  81   7   0  16 0.00    M    M  4.4 17 270   M    M   1        23 280
20  88  68  78   4   0  13 0.88    M    M  3.5 22 300   M    M   3 13     29 290
21  83  68  76   2   0  11 0.18    M    M  2.6 21 360   M    M   5 138    29 360
22  89  66  78   4   0  13 0.00    M    M  1.9  8 260   M    M   4 12     13 180
23  89  65  77   2   0  12 0.12    M    M  4.3 20 120   M    M   1 13     29 140
24  86  68  77   2   0  12 0.31    M    M  5.8 16 190   M    M   3 3      24 190
25  86  70  78   3   0  13 0.11    M    M  7.5 15 300   M    M   6 1      22 320
26  87  66  77   2   0  12    T    M    M  2.4 10  10   M    M   2 18     13  10
27  89  70  80   5   0  15    T    M    M  2.9 10 180   M    M   5 1      12 180
28  83  70  77   1   0  12 0.26    M    M  3.6 14 240   M    M   4 138    16 250
29  84  68  76   0   0  11 0.07    M    M  3.6 16 270   M    M   4 13     21 220
30  83  70  77   1   0  12 0.01    M    M  5.5 12 200   M    M   6 1      15 160
================================================================================
SM 2464 1813         0 282  2.71    M    118.3          M      101
================================================================================
AV 85.0 64.8                               4.2 FASTST   M    M   3    MAX(MPH)
                                 MISC ---->  # 44 230               # 58  230
================================================================================
NOTES:
# LAST OF SEVERAL OCCURRENCES

COLUMN 17 PEAK WIND IN M.P.H.

PRELIMINARY LOCAL CLIMATOLOGICAL DATA (WS FORM: F-6) , PAGE 2

                                          STATION:  LONDON KY
                                          MONTH:    JUNE
                                          YEAR:     2014
                                          LATITUDE:   37  4 N
                                          LONGITUDE:  84  5 W

[TEMPERATURE DATA]      [PRECIPITATION DATA]       SYMBOLS USED IN COLUMN 16

AVERAGE MONTHLY: 74.9   TOTAL FOR MONTH:   2.71    1 = FOG OR MIST
DPTR FM NORMAL:   2.1   DPTR FM NORMAL:   -1.69    2 = FOG REDUCING VISIBILITY
HIGHEST:    93 ON 18    GRTST 24HR  0.88 ON 20-20      TO 1/4 MILE OR LESS
LOWEST:     54 ON 15                               3 = THUNDER
                        SNOW, ICE PELLETS, HAIL    4 = ICE PELLETS
                        TOTAL MONTH:    M          5 = HAIL
                        GRTST 24HR    M  ON   M    6 = FREEZING RAIN OR DRIZZLE
                        GRTST DEPTH:  M  ON   M    7 = DUSTSTORM OR SANDSTORM:
                                                       VSBY 1/2 MILE OR LESS
                                                   8 = SMOKE OR HAZE
[NO. OF DAYS WITH]      [WEATHER - DAYS WITH]      9 = BLOWING SNOW
                                                   X = TORNADO
MAX 32 OR BELOW:   0    0.01 INCH OR MORE:  11
MAX 90 OR ABOVE:   4    0.10 INCH OR MORE:   7
MIN 32 OR BELOW:   0    0.50 INCH OR MORE:   2
MIN  0 OR BELOW:   0    1.00 INCH OR MORE:   0

[HDD (BASE 65) ]
TOTAL THIS MO.     0    CLEAR  (SCALE 0-3)  13
DPTR FM NORMAL    -9    PTCLDY (SCALE 4-7)  16
TOTAL FM JUL 1  4420    CLOUDY (SCALE 8-10)  0
DPTR FM NORMAL   215

[CDD (BASE 65) ]
TOTAL THIS MO.   282
DPTR FM NORMAL    39    [PRESSURE DATA]
TOTAL FM JAN 1   448    HIGHEST SLP 30.19 ON 29
DPTR FM NORMAL    91    LOWEST  SLP 29.74 ON 11

[REMARKS]
AVERAGES/TOTALS INCOMPLETE DUE TO JUNE 10TH AND 11TH ASOS OUTAGE
#FINAL-06-14#
