000
CXUS55 KJKL 011000
CF6LOZ
PRELIMINARY LOCAL CLIMATOLOGICAL DATA (WS FORM: F-6)
STATION: LONDON KY
MONTH: SEPTEMBER
YEAR: 2020
LATITUDE: 37 4 N
LONGITUDE: 84 5 W
TEMPERATURE IN F: :PCPN: SNOW: WIND :SUNSHINE: SKY :PK WND
================================================================================
1 2 3 4 5 6A 6B 7 8 9 10 11 12 13 14 15 16 17 18
12Z AVG MX 2MIN
DY MAX MIN AVG DEP HDD CDD WTR SNW DPTH SPD SPD DIR MIN PSBL S-S WX SPD DR
================================================================================
1 86 71 79 6 0 14 T M M 3.5 14 250 M M 5 1 18 260
2 86 72 79 6 0 14 0.67 M M 6.2 20 290 M M 5 13 29 300
3 83 70 77 4 0 12 0.57 M M 7.4 26 280 M M 5 138 42 280
4 84 60 72 0 0 7 T M M 4.9 14 320 M M 5 123 21 340
5 81 55 68 -4 0 3 0.00 M M 1.8 8 20 M M 0 1 13 360
6 83 54 69 -3 0 4 0.00 M M 1.5 8 180 M M 0 1 12 190
7 83 56 70 -2 0 5 0.00 M M 3.0 13 250 M M 0 1 16 200
8 86 59 73 2 0 8 0.00 M M 1.7 9 20 M M 0 1 13 360
9 87 61 74 3 0 9 0.00 M M 2.1 8 20 M M 1 12 190
10 88 66 77 7 0 12 0.00 M M 2.4 9 10 M M 0 15 10
11 84 69 77 7 0 12 0.00 M M 5.6 13 30 M M 4 17 20
12 86 70 78 8 0 13 0.16 M M 3.4 14 150 M M 7 13 28 150
13 76 67 72 3 0 7 1.43 M M 2.7 15 250 M M 5 123 20 250
14 79 63 71 2 0 6 0.00 M M 6.4 16 40 M M 4 12 23 20
15 78 58 68 -1 0 3 0.00 M M 4.3 8 30 M M 1 13 50
16 82 60 71 3 0 6 0.00 M M 1.6 8 180 M M 3 1 12 150
17 79 66 73 5 0 8 0.00 M M 5.8 14 40 M M 5 20 20
18 70 53 62 -6 3 0 0.00 M M 9.0 15 10 M M 7 21 40
19 72 47 60 -7 5 0 0.00 M M 5.4 12 30 M M 1 19 40
20 73 50 62 -5 3 0 0.00 M M 4.7 12 60 M M 1 18 40
21 73 45 59 -7 6 0 0.00 M M 2.1 8 360 M M 0 16 20
22 72 43 58 -8 7 0 0.00 M M 1.8 10 260 M M 0 1 17 330
23 69 54 62 -4 3 0 0.00 M M 1.5 8 20 M M 1 10 40
24 64 59 62 -3 3 0 0.02 M M 2.8 9 170 M M 10 1 13 130
25 74 60 67 2 0 2 0.15 M M 1.8 8 170 M M 9 1 13 140
26 77 58 68 4 0 3 0.00 M M 1.6 8 240 M M 10 12 12 240
27 79 58 69 5 0 4 0.01 M M 3.5 14 180 M M 3 1 20 180
28 79 56 68 4 0 3 1.27 M M 5.9 22 250 M M 6 123 30 250
29 62 48 55 -8 10 0 0.02 M M 3.3 16 310 M M 7 1 24 280
30 72 45 59 -4 6 0 0.00 M M 7.8 18 210 M M 0 1 31 220
================================================================================
SM 2347 1753 46 155 4.30 M 115.5 M 105
================================================================================
AV 78.2 58.4 3.9 FASTST M M 4 MAX(MPH)
MISC ----> # 26 280 # 42 280
================================================================================
NOTES:
# LAST OF SEVERAL OCCURRENCES
COLUMN 17 PEAK WIND IN M.P.H.
PRELIMINARY LOCAL CLIMATOLOGICAL DATA (WS FORM: F-6) , PAGE 2
STATION: LONDON KY
MONTH: SEPTEMBER
YEAR: 2020
LATITUDE: 37 4 N
LONGITUDE: 84 5 W
[TEMPERATURE DATA] [PRECIPITATION DATA] SYMBOLS USED IN COLUMN 16
AVERAGE MONTHLY: 68.3 TOTAL FOR MONTH: 4.30 1 = FOG OR MIST
DPTR FM NORMAL: 0.0 DPTR FM NORMAL: 0.93 2 = FOG REDUCING VISIBILITY
HIGHEST: 88 ON 10 GRTST 24HR 1.43 ON 13-13 TO 1/4 MILE OR LESS
LOWEST: 43 ON 22 3 = THUNDER
SNOW, ICE PELLETS, HAIL 4 = ICE PELLETS
TOTAL MONTH: M 5 = HAIL
GRTST 24HR M ON M 6 = FREEZING RAIN OR DRIZZLE
GRTST DEPTH: M ON M 7 = DUSTSTORM OR SANDSTORM:
VSBY 1/2 MILE OR LESS
8 = SMOKE OR HAZE
[NO. OF DAYS WITH] [WEATHER - DAYS WITH] 9 = BLOWING SNOW
X = TORNADO
MAX 32 OR BELOW: 0 0.01 INCH OR MORE: 9
MAX 90 OR ABOVE: 0 0.10 INCH OR MORE: 6
MIN 32 OR BELOW: 0 0.50 INCH OR MORE: 4
MIN 0 OR BELOW: 0 1.00 INCH OR MORE: 2
[HDD (BASE 65) ]
TOTAL THIS MO. 46 CLEAR (SCALE 0-3) 15
DPTR FM NORMAL 0 PTCLDY (SCALE 4-7) 12
TOTAL FM JUL 1 46 CLOUDY (SCALE 8-10) 3
DPTR FM NORMAL -1
[CDD (BASE 65) ]
TOTAL THIS MO. 155
DPTR FM NORMAL 12 [PRESSURE DATA]
TOTAL FM JAN 1 1244 HIGHEST SLP 30.43 ON 21
DPTR FM NORMAL 77 LOWEST SLP 29.69 ON 28
[REMARKS]
#FINAL-09-20#