000
CXUS55 KJKL 011000
CF6LOZ
PRELIMINARY LOCAL CLIMATOLOGICAL DATA (WS FORM: F-6)

                                          STATION:   LONDON KY
                                          MONTH:     OCTOBER
                                          YEAR:      2010
                                          LATITUDE:   37  4 N
                                          LONGITUDE:  84  5 W

  TEMPERATURE IN F:       :PCPN:    SNOW:  WIND      :SUNSHINE: SKY     :PK WND
================================================================================
1   2   3   4   5  6A  6B    7    8   9   10  11  12  13   14  15   16   17  18
                                     12Z  AVG MX 2MIN
DY MAX MIN AVG DEP HDD CDD  WTR  SNW DPTH SPD SPD DIR MIN PSBL S-S WX    SPD DR
================================================================================

 1  71  46  59  -3   6   0 0.00    M    M  6.5 17  10   M    M   1        25 330
 2  71  40  56  -6   9   0 0.00    M    M  4.9 21 360   M    M   2        29  10
 3  54  48  51 -10  14   0    T    M    M  7.7 16 360   M    M  10        22 360
 4  54  42  48 -13  17   0    T    M    M  2.7 12 310   M    M   8 1      16 290
 5  65  37  51 -10  14   0 0.00    M    M  3.2 16 350   M    M   4 12     23 340
 6  70  33  52  -8  13   0 0.00    M    M  3.9 17 250   M    M   0        22 280
 7  77  42  60   0   5   0 0.00    M    M  2.6 12 330   M    M   0 1      20 280
 8  79  42  61   2   4   0 0.00    M    M  0.9  9 250   M    M   1 12     13 230
 9  81  41  61   2   4   0 0.00    M    M  1.3  7 250   M    M   1 18     10 230
10  83  44  64   5   1   0 0.00    M    M  0.9  7 260   M    M   0 1       9 290
11  83  45  64   6   1   0 0.00    M    M  2.0 15 280   M    M   0 1      21 270
12  70  49  60   2   5   0    T    M    M  1.9  9 270   M    M   3 18     13 280
13  73  54  64   7   1   0 0.03    M    M  3.1 17 340   M    M   6 18     24 340
14  65  40  53  -4  12   0 0.06    M    M  6.2 16 310   M    M   4 1      24 350
15  67  38  53  -4  12   0 0.00    M    M  6.5 20 290   M    M   2        29 310
16  68  34  51  -5  14   0 0.00    M    M  0.9 10 240   M    M   0         M  M
17  75  37  56   0   9   0 0.00    M    M  1.8 13 250   M    M   0        16 250
18  78  44  61   5   4   0 0.00    M    M  2.7 12 270   M    M   0 8      15 260
19  68  45  57   2   8   0    T    M    M  2.8  9  10   M    M   5        12  10
20  67  45  56   1   9   0 0.00    M    M  3.3 13 280   M    M   2        23 330
21  71  41  56   1   9   0 0.00    M    M  6.1 22 270   M    M   0        26 290
22  67  32  50  -4  15   0 0.00    M    M  0.8  7 330   M    M   0         9 160
23  77  35  56   2   9   0 0.00    M    M  3.0 13 190   M    M   0        16 200
24  77  49  63   9   2   0 0.00    M    M  6.3 21 200   M    M   1        29 200
25  72  59  66  13   0   1 1.17    M    M  5.7 17 230   M    M   7 13     24 210
26  82  54  68  15   0   3 0.69    M    M 11.3 33 210   M    M   6 13     46 220
27  73  50  62   9   3   0    T    M    M  3.3 13 200   M    M   4        17 210
28  67  41  54   2  11   0 0.00    M    M  8.4 18 290   M    M   2        25 290
29  57  35  46  -6  19   0 0.00    M    M  3.4  9 300   M    M   3        15  10
30  70  30  50  -2  15   0 0.00    M    M  5.4 16 250   M    M   0        21 240
31  69  39  54   3  11   0 0.00    M    M  4.3 12  40   M    M   0        16  40
================================================================================
SM 2201 1311       256   4  1.95    M    123.8          M       72
================================================================================
AV 71.0 42.3                               4.0 FASTST   M    M   2    MAX(MPH)
                                 MISC ---->  # 33 210               # 46  220
================================================================================
NOTES:
# LAST OF SEVERAL OCCURRENCES

COLUMN 17 PEAK WIND IN M.P.H.

PRELIMINARY LOCAL CLIMATOLOGICAL DATA (WS FORM: F-6) , PAGE 2

                                          STATION:  LONDON KY
                                          MONTH:    OCTOBER
                                          YEAR:     2010
                                          LATITUDE:   37  4 N
                                          LONGITUDE:  84  5 W

[TEMPERATURE DATA]      [PRECIPITATION DATA]       SYMBOLS USED IN COLUMN 16

AVERAGE MONTHLY: 56.6   TOTAL FOR MONTH:   1.95    1 = FOG OR MIST
DPTR FM NORMAL:   0.1   DPTR FM NORMAL:   -0.85    2 = FOG REDUCING VISIBILITY
HIGHEST:    83 ON 11,10 GRTST 24HR  1.17 ON 25-25      TO 1/4 MILE OR LESS
LOWEST:     30 ON 30                               3 = THUNDER
                        SNOW, ICE PELLETS, HAIL    4 = ICE PELLETS
                        TOTAL MONTH:    M          5 = HAIL
                        GRTST 24HR    M  ON   M    6 = FREEZING RAIN OR DRIZZLE
                        GRTST DEPTH:  M  ON   M    7 = DUSTSTORM OR SANDSTORM:
                                                       VSBY 1/2 MILE OR LESS
                                                   8 = SMOKE OR HAZE
[NO. OF DAYS WITH]      [WEATHER - DAYS WITH]      9 = BLOWING SNOW
                                                   X = TORNADO
MAX 32 OR BELOW:   0    0.01 INCH OR MORE:   4
MAX 90 OR ABOVE:   0    0.10 INCH OR MORE:   2
MIN 32 OR BELOW:   2    0.50 INCH OR MORE:   2
MIN  0 OR BELOW:   0    1.00 INCH OR MORE:   1

[HDD (BASE 65) ]
TOTAL THIS MO.   256    CLEAR  (SCALE 0-3)  22
DPTR FM NORMAL   -32    PTCLDY (SCALE 4-7)   7
TOTAL FM JUL 1   286    CLOUDY (SCALE 8-10)  2
DPTR FM NORMAL   -52

[CDD (BASE 65) ]
TOTAL THIS MO.     4
DPTR FM NORMAL   -18    [PRESSURE DATA]
TOTAL FM JAN 1  1434    HIGHEST SLP 30.36 ON 29
DPTR FM NORMAL   336    LOWEST  SLP 29.51 ON 26

[REMARKS]
#FINAL-10-10#
