000
CXUS55 KJKL 071649
CF6LOZ
PRELIMINARY LOCAL CLIMATOLOGICAL DATA (WS FORM: F-6)

                                          STATION:   LONDON KY
                                          MONTH:     JUNE
                                          YEAR:      2011
                                          LATITUDE:   37  4 N
                                          LONGITUDE:  84  5 W

  TEMPERATURE IN F:       :PCPN:    SNOW:  WIND      :SUNSHINE: SKY     :PK WND
================================================================================
1   2   3   4   5  6A  6B    7    8   9   10  11  12  13   14  15   16   17  18
                                     12Z  AVG MX 2MIN
DY MAX MIN AVG DEP HDD CDD  WTR  SNW DPTH SPD SPD DIR MIN PSBL S-S WX    SPD DR
================================================================================

 1  89  68  79  10   0  14 0.00    M    M  2.5 10 340   M    M   3 128    14 340
 2  85  63  74   5   0   9 0.00    M    M  4.6 12  80   M    M   0        17  80
 3  84  64  74   4   0   9 0.00    M    M  3.7 12  20   M    M   0        14  20
 4  90  58  74   4   0   9 0.00    M    M  2.1  8 310   M    M   0 1      13  30
 5  90  65  78   8   0  13 0.00    M    M  3.6 12  20   M    M   1 18     17 350
 6  89  66  78   8   0  13 0.00    M    M  2.0  7  10   M    M   0 18     10  30
 7  90  64  77   6   0  12 0.00    M    M  1.7  9 230   M    M   1 18     14 200
 8  92  67  80   9   0  15 0.00    M    M  3.3 12 250   M    M   0 18     15 260
 9  89  65  77   6   0  12 1.13    M    M  3.5 28 270   M    M   0 138    35 260
10  88  63  76   4   0  11 0.00    M    M  1.7 14  20   M    M   0 13     21 280
11  88  66  77   5   0  12 0.15    M    M  2.6 22 360   M    M   1 138    32 360
12  84  67  76   4   0  11 0.01    M    M  4.8 16 300   M    M   2 138    20 300
13  79  61  70  -2   0   5 0.00    M    M  4.8 12  20   M    M   1        16  10
14  73  55  64  -9   1   0    T    M    M  2.4 10  40   M    M   1        14  90
15  66  53  60 -13   5   0 0.50    M    M  3.5 12 170   M    M   0 13     17 130
16  82  61  72  -1   0   7 0.00    M    M  3.5 15 250   M    M   4        22 180
17  83  60  72  -1   0   7 0.07    M    M  4.6 23 280   M    M   1 1      29 270
18  75  65  70  -4   0   5 1.04    M    M  3.8 21 250   M    M   3 13     28 320
19  78  66  72  -2   0   7 1.05    M    M  6.6 17 130   M    M   5 13     24 150
20  80  67  74   0   0   9 0.73    M    M  4.8 21 270   M    M   3 13     29 270
21  86  66  76   2   0  11 1.11    M    M  4.3 38 250   M    M   1 1238   58 240
22  81  64  73  -1   0   8 0.09    M    M  7.5 18 220   M    M   5 1      26 190
23  84  68  76   1   0  11    T    M    M  7.4 22 220   M    M   6 3      35 230
24  82  60  71  -4   0   6 0.00    M    M  6.5 21 250   M    M   2 12     26 250
25  82  58  70  -5   0   5 0.00    M    M  3.3 14 310   M    M   2 1      18 320
26  81  65  73  -2   0   8 0.19    M    M  5.8 23 290   M    M   3 13     28 290
27  86  63  75   0   0  10 0.28    M    M  2.5 31 290   M    M   2 13     40 290
28  81  67  74  -2   0   9 0.08    M    M  5.4 17 260   M    M   4 1      21 260
29  81  61  71  -5   0   6 0.00    M    M  2.9 10  10   M    M   2 12     14  20
30  83  56  70  -6   0   5 0.00    M    M  3.2 13  80   M    M   0        18  80
================================================================================
SM 2501 1892         6 259  6.43    M    118.9          M       53
================================================================================
AV 83.4 63.1                               4.0 FASTST   M    M   2    MAX(MPH)
                                 MISC ---->  # 38 250               # 58  240
================================================================================
NOTES:
# LAST OF SEVERAL OCCURRENCES

COLUMN 17 PEAK WIND IN M.P.H.

PRELIMINARY LOCAL CLIMATOLOGICAL DATA (WS FORM: F-6) , PAGE 2

                                          STATION:  LONDON KY
                                          MONTH:    JUNE
                                          YEAR:     2011
                                          LATITUDE:   37  4 N
                                          LONGITUDE:  84  5 W

[TEMPERATURE DATA]      [PRECIPITATION DATA]       SYMBOLS USED IN COLUMN 16

AVERAGE MONTHLY: 73.2   TOTAL FOR MONTH:   6.43    1 = FOG OR MIST
DPTR FM NORMAL:   0.4   DPTR FM NORMAL:    2.03    2 = FOG REDUCING VISIBILITY
HIGHEST:    92 ON  8    GRTST 24HR  1.78 ON 19-20      TO 1/4 MILE OR LESS
LOWEST:     53 ON 15                               3 = THUNDER
                        SNOW, ICE PELLETS, HAIL    4 = ICE PELLETS
                        TOTAL MONTH:    M          5 = HAIL
                        GRTST 24HR    M  ON   M    6 = FREEZING RAIN OR DRIZZLE
                        GRTST DEPTH:  M  ON   M    7 = DUSTSTORM OR SANDSTORM:
                                                       VSBY 1/2 MILE OR LESS
                                                   8 = SMOKE OR HAZE
[NO. OF DAYS WITH]      [WEATHER - DAYS WITH]      9 = BLOWING SNOW
                                                   X = TORNADO
MAX 32 OR BELOW:   0    0.01 INCH OR MORE:  13
MAX 90 OR ABOVE:   4    0.10 INCH OR MORE:   9
MIN 32 OR BELOW:   0    0.50 INCH OR MORE:   6
MIN  0 OR BELOW:   0    1.00 INCH OR MORE:   4

[HDD (BASE 65) ]
TOTAL THIS MO.     6    CLEAR  (SCALE 0-3)  23
DPTR FM NORMAL    -3    PTCLDY (SCALE 4-7)   7
TOTAL FM JUL 1  4545    CLOUDY (SCALE 8-10)  0
DPTR FM NORMAL   340

[CDD (BASE 65) ]
TOTAL THIS MO.   259
DPTR FM NORMAL    16    [PRESSURE DATA]
TOTAL FM JAN 1   421    HIGHEST SLP 30.25 ON  1
DPTR FM NORMAL    64    LOWEST  SLP 29.72 ON 23

[REMARKS]
#FINAL-06-11#
