000
CXUS55 KJKL 101340 CCA
CF6LOZ

PRELIMINARY LOCAL CLIMATOLOGICAL DATA (WS FORM: F-6)

                                          STATION:   LONDON KY
                                          MONTH:     MARCH
                                          YEAR:      2014
                                          LATITUDE:   37  4 N
                                          LONGITUDE:  84  5 W

  TEMPERATURE IN F:       :PCPN:    SNOW:  WIND      :SUNSHINE: SKY     :PK WND
================================================================================
1   2   3   4   5  6A  6B    7    8   9   10  11  12  13   14  15   16   17  18
                                     12Z  AVG MX 2MIN
DY MAX MIN AVG DEP HDD CDD  WTR  SNW DPTH SPD SPD DIR MIN PSBL S-S WX    SPD DR
================================================================================

 1  60  36  48   5  17   0    T    M    M  7.0 20 240   M    M  10        26 250
 2  63  32  48   4  17   0 1.64    M    M  6.5 23 330   M    M  10 16     31 330
 3  32  14  23 -21  42   0 0.74    M    M 11.1 22  10   M    M   8 168    30  10
 4  31  11  21 -23  44   0 0.00    M    M  1.6  7 360   M    M   6 1      10  50
 5  43  28  36  -8  29   0 0.00    M    M  3.3  8  50   M    M   6 1      11  40
 6  52  30  41  -4  24   0 0.00    M    M  5.0  9  20   M    M   0        15  50
 7  63  30  47   2  18   0 0.00    M    M  1.4 13 300   M    M   0        17 310
 8  64  32  48   3  17   0 0.00    M    M  4.8 17 250   M    M   2 1      25 270
 9  57  36  47   2  18   0 0.00    M    M  5.1 13 270   M    M   5 8      17 270
10  68  32  50   4  15   0 0.00    M    M  6.4 18 260   M    M   2        22 250
11  76  47  62  16   3   0 0.00    M    M  6.2 17 240   M    M   1        22 250
12  64  31  48   2  17   0 0.27    M    M 12.2 32 290   M    M   8 1      42 290
13  41  23  32 -14  33   0 0.00    M    M  5.8 15 250   M    M   2        22 290
14  63  28  46  -1  19   0 0.00    M    M  9.8 24 240   M    M   3        32 240
15  67  47  57  10   8   0 0.00    M    M  5.6 17 250   M    M   2        23 240
16  53  32  43  -4  22   0 0.53    M    M  9.0 22  30   M    M   8 16     31  20
17  35  27  31 -17  34   0 0.02    M    M  6.8 16  30   M    M  10 16     22  30
18  60  34  47  -1  18   0 0.00    M    M  4.0 13 190   M    M   7 1      17 180
19  60  41  51   3  14   0 0.00    M    M 10.0 22 220   M    M   5        30 180
20  56  32  44  -4  21   0 0.00    M    M  5.4 15 290   M    M   1 8      20 280
21  68  31  50   1  15   0 0.00    M    M  5.9 18 260   M    M   0        23 220
22  65  45  55   6  10   0 0.00    M    M  6.2 14 290   M    M   2        18 210
23  51  32  42  -7  23   0 0.00    M    M  9.1 20 320   M    M   5        26 310
24  49  26  38 -12  27   0 0.00    M    M  4.7 10  10   M    M   0        13  30
25  39  28  34 -16  31   0 0.02    M    M  9.6 25 310   M    M   9 18     38 310
26  44  20  32 -18  33   0 0.00    M    M  3.1 14 320   M    M   1        19 330
27  63  27  45  -6  20   0 0.02    M    M  9.5 23 180   M    M   6        32 190
28  66  50  58   7   7   0 0.19    M    M  7.4 18 230   M    M   8        25 200
29  54  34  44  -7  21   0 1.74    M    M  7.4 22 340   M    M  10 1      30 360
30  56  34  45  -7  20   0 0.00    M    M  7.8 21 340   M    M   4        28 340
31  71  30  51  -1  14   0 0.00    M    M  1.3  7  40   M    M   0        14 210
================================================================================
SM 1734  980       651   0  5.17    M    199.0          M      141
================================================================================
AV 55.9 31.6                               6.4 FASTST   M    M   5    MAX(MPH)
                                 MISC ---->  # 32 290               # 42  290
================================================================================
NOTES:
# LAST OF SEVERAL OCCURRENCES

COLUMN 17 PEAK WIND IN M.P.H.

PRELIMINARY LOCAL CLIMATOLOGICAL DATA (WS FORM: F-6) , PAGE 2

                                          STATION:  LONDON KY
                                          MONTH:    MARCH
                                          YEAR:     2014
                                          LATITUDE:   37  4 N
                                          LONGITUDE:  84  5 W

[TEMPERATURE DATA]      [PRECIPITATION DATA]       SYMBOLS USED IN COLUMN 16

AVERAGE MONTHLY: 43.8   TOTAL FOR MONTH:   5.17    1 = FOG OR MIST
DPTR FM NORMAL:  -3.6   DPTR FM NORMAL:    1.12    2 = FOG REDUCING VISIBILITY
HIGHEST:    76 ON 11    GRTST 24HR  2.38 ON 2- 3       TO 1/4 MILE OR LESS
LOWEST:     11 ON  4                               3 = THUNDER
                        SNOW, ICE PELLETS, HAIL    4 = ICE PELLETS
                        TOTAL MONTH:    M          5 = HAIL
                        GRTST 24HR    M  ON   M    6 = FREEZING RAIN OR DRIZZLE
                        GRTST DEPTH:  M  ON   M    7 = DUSTSTORM OR SANDSTORM:
                                                       VSBY 1/2 MILE OR LESS
                                                   8 = SMOKE OR HAZE
[NO. OF DAYS WITH]      [WEATHER - DAYS WITH]      9 = BLOWING SNOW
                                                   X = TORNADO
MAX 32 OR BELOW:   2    0.01 INCH OR MORE:   9
MAX 90 OR ABOVE:   0    0.10 INCH OR MORE:   6
MIN 32 OR BELOW:  21    0.50 INCH OR MORE:   4
MIN  0 OR BELOW:   0    1.00 INCH OR MORE:   2

[HDD (BASE 65) ]
TOTAL THIS MO.   651    CLEAR  (SCALE 0-3)  14
DPTR FM NORMAL   102    PTCLDY (SCALE 4-7)  10
TOTAL FM JUL 1  4158    CLOUDY (SCALE 8-10)  7
DPTR FM NORMAL   333

[CDD (BASE 65) ]
TOTAL THIS MO.     0
DPTR FM NORMAL    -3    [PRESSURE DATA]
TOTAL FM JAN 1     0    HIGHEST SLP 30.39 ON 26
DPTR FM NORMAL    -3    LOWEST  SLP 29.35 ON 12

[REMARKS]
#FINAL-03-14#
