000
CXUS55 KJKL 251000
CF6LOZ
PRELIMINARY LOCAL CLIMATOLOGICAL DATA (WS FORM: F-6)

                                          STATION:   LONDON KY
                                          MONTH:     OCTOBER
                                          YEAR:      2014
                                          LATITUDE:   37  4 N
                                          LONGITUDE:  84  5 W

  TEMPERATURE IN F:       :PCPN:    SNOW:  WIND      :SUNSHINE: SKY     :PK WND
================================================================================
1   2   3   4   5  6A  6B    7    8   9   10  11  12  13   14  15   16   17  18
                                     12Z  AVG MX 2MIN
DY MAX MIN AVG DEP HDD CDD  WTR  SNW DPTH SPD SPD DIR MIN PSBL S-S WX    SPD DR
================================================================================

 1  84  53  69   7   0   4 0.00    M    M  1.8 16 190   M    M   0 1      23 210
 2  85  56  71   9   0   6 0.00    M    M  3.0 14 240   M    M   2 1      18 200
 3  75  54  65   3   0   0 0.57    M    M 10.5 26 290   M    M   6 18     37 300
 4  58  39  49 -12  16   0 0.00    M    M  8.6 23 250   M    M   5        30 260
 5  64  35  50 -11  15   0 0.00    M    M  5.5 17 200   M    M   2 1      23 190
 6  67  54  61   1   4   0 0.58    M    M  7.8 20 290   M    M   7 13     31 200
 7  70  51  61   1   4   0 1.31    M    M  7.1 31 320   M    M   7 13     41 340
 8  74  52  63   3   2   0 0.20    M    M  4.0 18 260   M    M   3 123    24 260
 9  71  48  60   1   5   0 0.32    M    M  1.6 15 250   M    M   3 13     41 210
10  71  60  66   7   0   1 1.24    M    M  4.5 10 200   M    M   8 13     13 180
11  67  54  61   2   4   0 0.15    M    M  6.1 16 340   M    M  10 1      20 320
12  76  54  65   7   0   0 0.02    M    M  3.4 12 170   M    M   8        15 170
13  80  65  73  15   0   8    T    M    M  7.3 23 190   M    M   5        30 180
14  74  57  66   8   0   1 2.06    M    M  8.5 21 110   M    M   7 1      33 120
15  61  54  58   0   7   0 0.20    M    M  7.1 18 200   M    M   9 1      26 200
16  56  50  53  -4  12   0 0.08    M    M  6.9 14 260   M    M   9 1      18 270
17  77  44  61   4   4   0 0.00    M    M  6.9 20 260   M    M   2 12     28 240
18  59  47  53  -4  12   0    T    M    M  5.8 17 330   M    M   6        23 320
19  62  44  53  -3  12   0    T    M    M  2.8 12  30   M    M   5        16  30
20  63  41  52  -4  13   0 0.01    M    M  3.7 14 240   M    M   3        22 210
21  61  44  53  -3  12   0 0.00    M    M  5.1 16 340   M    M   6 1      22 350
22  50  41  46  -9  19   0 0.00    M    M  4.6 12  20   M    M   9        15  50
23  64  44  54  -1  11   0 0.00    M    M  3.9 10  60   M    M   4 18     14 100
24  67  42  55   0  10   0 0.00    M    M  0.8  7 250   M    M   0 1      10 260
================================================================================
SM 1636 1183       162  20  6.74    M    127.3          M      126
================================================================================
AV 68.2 49.3                               5.3 FASTST   M    M   5    MAX(MPH)
                                 MISC ---->  # 31 320               # 41  340
================================================================================
NOTES:
# LAST OF SEVERAL OCCURRENCES

COLUMN 17 PEAK WIND IN M.P.H.

PRELIMINARY LOCAL CLIMATOLOGICAL DATA (WS FORM: F-6) , PAGE 2

                                          STATION:  LONDON KY
                                          MONTH:    OCTOBER
                                          YEAR:     2014
                                          LATITUDE:   37  4 N
                                          LONGITUDE:  84  5 W

[TEMPERATURE DATA]      [PRECIPITATION DATA]       SYMBOLS USED IN COLUMN 16

AVERAGE MONTHLY: 58.7   TOTAL FOR MONTH:   6.74    1 = FOG OR MIST
DPTR FM NORMAL:   0.4   DPTR FM NORMAL:    4.46    2 = FOG REDUCING VISIBILITY
HIGHEST:    85 ON  2    GRTST 24HR  2.06 ON 14-14      TO 1/4 MILE OR LESS
LOWEST:     35 ON  5                               3 = THUNDER
                        SNOW, ICE PELLETS, HAIL    4 = ICE PELLETS
                        TOTAL MONTH:    M          5 = HAIL
                        GRTST 24HR    M  ON   M    6 = FREEZING RAIN OR DRIZZLE
                        GRTST DEPTH:  M  ON   M    7 = DUSTSTORM OR SANDSTORM:
                                                       VSBY 1/2 MILE OR LESS
                                                   8 = SMOKE OR HAZE
[NO. OF DAYS WITH]      [WEATHER - DAYS WITH]      9 = BLOWING SNOW
                                                   X = TORNADO
MAX 32 OR BELOW:   0    0.01 INCH OR MORE:  12
MAX 90 OR ABOVE:   0    0.10 INCH OR MORE:   9
MIN 32 OR BELOW:   0    0.50 INCH OR MORE:   5
MIN  0 OR BELOW:   0    1.00 INCH OR MORE:   3

[HDD (BASE 65) ]
TOTAL THIS MO.   162    CLEAR  (SCALE 0-3)   5
DPTR FM NORMAL   -17    PTCLDY (SCALE 4-7)  14
TOTAL FM JUL 1   180    CLOUDY (SCALE 8-10)  5
DPTR FM NORMAL   -46

[CDD (BASE 65) ]
TOTAL THIS MO.    20
DPTR FM NORMAL     3    [PRESSURE DATA]
TOTAL FM JAN 1  1247    HIGHEST SLP M ON M
DPTR FM NORMAL    63    LOWEST  SLP 29.58 ON 14

[REMARKS]
