000
CXUS53 KJKL 011410
CF6LOZ
PRELIMINARY LOCAL CLIMATOLOGICAL DATA (WS FORM: F-6)
STATION: LONDON KY
MONTH: FEBRUARY
YEAR: 2024
LATITUDE: 37 4 N
LONGITUDE: 84 5 W
TEMPERATURE IN F: :PCPN: SNOW: WIND :SUNSHINE: SKY :PK WND
================================================================================
1 2 3 4 5 6A 6B 7 8 9 10 11 12 13 14 15 16 17 18
12Z AVG MX 2MIN
DY MAX MIN AVG DEP HDD CDD WTR SNW DPTH SPD SPD DIR MIN PSBL S-S WX SPD DR
================================================================================
1 55 26 41 4 24 0 0.00 M M 2.8 9 220 M M 0 14 220
2 60 33 47 10 18 0 0.00 M M 3.3 13 360 M M 0 19 360
3 58 31 45 8 20 0 0.00 M M 5.2 10 60 M M 0 17 40
4 61 28 45 8 20 0 0.00 M M 5.1 15 40 M M 0 22 50
5 62 36 49 11 16 0 0.00 M M 6.5 15 30 M M 0 20 350
6 51 30 41 3 24 0 0.00 M M 5.2 12 40 M M 2 1 17 350
7 64 24 44 6 21 0 0.00 M M 1.7 9 170 M M 0 14 160
8 63 31 47 9 18 0 T M M 4.5 15 190 M M 1 21 210
9 55 47 51 13 14 0 0.02 M M 6.0 14 210 M M 10 22 200
10 60 50 55 16 10 0 0.93 M M 4.5 20 290 M M 10 13 27 300
11 53 47 50 11 15 0 0.18 M M 3.9 13 360 M M 10 1 17 350
12 48 42 45 6 20 0 1.01 M M 8.1 23 210 M M 10 1 39 210
13 48 30 39 0 26 0 0.29 M M 5.9 18 330 M M 3 1 27 340
14 59 29 44 4 21 0 0.00 M M 3.6 16 260 M M 1 24 260
15 64 31 48 8 17 0 0.00 M M 8.1 24 240 M M 3 32 250
16 56 32 44 4 21 0 0.29 M M 6.3 22 300 M M 4 13 32 300
17 33 22 28 -12 37 0 T M M 8.4 16 340 M M 8 1 25 340
18 44 18 31 -9 34 0 0.00 M M 5.8 14 260 M M 0 20 220
19 53 21 37 -4 28 0 0.00 M M 1.4 8 270 M M 0 13 260
20 59 23 41 0 24 0 0.00 M M 1.2 9 270 M M 0 13 260
21 65 27 46 5 19 0 0.00 M M 4.1 15 190 M M 1 22 250
22 63 47 55 14 10 0 0.78 M M 8.9 24 240 M M 9 1 36 240
23 60 42 51 9 14 0 0.09 M M 9.0 21 300 M M 5 1 31 300
24 45 30 38 -4 27 0 T M M 6.9 21 330 M M 9 33 350
25 58 24 41 -1 24 0 0.00 M M 5.0 14 170 M M 3 3 21 170
26 73 51 62 20 3 0 0.00 M M 8.7 15 220 M M 4 23 210
27 71 55 63 20 2 0 0.08 M M 9.6 16 200 M M 7 37 200
28 69 28 49 6 16 0 0.82 M M 12.3 41 260 M M 5 13 67 270
29 45 24 35 -8 30 0 0.00 M M 2.7 9 320 M M 0 15 130
================================================================================
SM 1655 959 573 0 4.49 M 164.7 M 105
================================================================================
AV 57.1 33.1 5.7 FASTST M M 4 MAX(MPH)
MISC ----> 41 260 67 270
================================================================================
NOTES:
# LAST OF SEVERAL OCCURRENCES
COLUMN 17 PEAK WIND IN M.P.H.
PRELIMINARY LOCAL CLIMATOLOGICAL DATA (WS FORM: F-6) , PAGE 2
STATION: LONDON KY
MONTH: FEBRUARY
YEAR: 2024
LATITUDE: 37 4 N
LONGITUDE: 84 5 W
[TEMPERATURE DATA] [PRECIPITATION DATA] SYMBOLS USED IN COLUMN 16
AVERAGE MONTHLY: 45.1 TOTAL FOR MONTH: 4.49 1 = FOG OR MIST
DPTR FM NORMAL: 5.4 DPTR FM NORMAL: 0.47 2 = FOG REDUCING VISIBILITY
HIGHEST: 73 ON 26 GRTST 24HR 1.30 ON 12-13 TO 1/4 MILE OR LESS
LOWEST: 18 ON 18 3 = THUNDER
SNOW, ICE PELLETS, HAIL 4 = ICE PELLETS
TOTAL MONTH: M 5 = HAIL
GRTST 24HR M ON M 6 = FREEZING RAIN OR DRIZZLE
GRTST DEPTH: M ON M 7 = DUSTSTORM OR SANDSTORM:
VSBY 1/2 MILE OR LESS
8 = SMOKE OR HAZE
[NO. OF DAYS WITH] [WEATHER - DAYS WITH] 9 = BLOWING SNOW
X = TORNADO
MAX 32 OR BELOW: 0 0.01 INCH OR MORE: 10
MAX 90 OR ABOVE: 0 0.10 INCH OR MORE: 7
MIN 32 OR BELOW: 19 0.50 INCH OR MORE: 4
MIN 0 OR BELOW: 0 1.00 INCH OR MORE: 1
[HDD (BASE 65) ]
TOTAL THIS MO. 573 CLEAR (SCALE 0-3) 17
DPTR FM NORMAL -136 PTCLDY (SCALE 4-7) 6
TOTAL FM JUL 1 2948 CLOUDY (SCALE 8-10) 6
DPTR FM NORMAL -347
[CDD (BASE 65) ]
TOTAL THIS MO. 0
DPTR FM NORMAL 0 [PRESSURE DATA]
TOTAL FM JAN 1 0 HIGHEST SLP 30.57 ON 29
DPTR FM NORMAL 0 LOWEST SLP 29.48 ON 12
[REMARKS]
#FINAL-02-24#