000
CXUS55 KJKL 011000
CF6LOZ
PRELIMINARY LOCAL CLIMATOLOGICAL DATA (WS FORM: F-6)

                                          STATION:   LONDON KY
                                          MONTH:     AUGUST
                                          YEAR:      2015
                                          LATITUDE:   37  4 N
                                          LONGITUDE:  84  5 W

  TEMPERATURE IN F:       :PCPN:    SNOW:  WIND      :SUNSHINE: SKY     :PK WND
================================================================================
1   2   3   4   5  6A  6B    7    8   9   10  11  12  13   14  15   16   17  18
                                     12Z  AVG MX 2MIN
DY MAX MIN AVG DEP HDD CDD  WTR  SNW DPTH SPD SPD DIR MIN PSBL S-S WX    SPD DR
================================================================================

 1  88  61  75  -1   0  10 0.00    M    M  3.4 14 280   M    M   1 18     18 260
 2  88  60  74  -2   0   9 0.00    M    M  2.3  9 180   M    M   0 18     14 150
 3  90  62  76   0   0  11 0.00    M    M  4.6 14 240   M    M   1 18     19 220
 4  92  68  80   4   0  15 0.18    M    M  5.2 17 210   M    M   2 138    29 260
 5  90  68  79   3   0  14 0.40    M    M  3.2 30 230   M    M   2 138    37 220
 6  78  68  73  -3   0   8 0.61    M    M  2.4 15 220   M    M   6 18     20 210
 7  81  68  75  -1   0  10 0.00    M    M  3.4 13 280   M    M   8 18     16 280
 8  86  65  76   0   0  11 0.00    M    M  1.9  8  30   M    M   6 128    11 330
 9  87  65  76   0   0  11 0.00    M    M  1.5  8  70   M    M   1 18     10 140
10  84  72  78   2   0  13 0.09    M    M  4.0 17 270   M    M   5 18     23 270
11  86  70  78   2   0  13 0.00    M    M  7.1 15 310   M    M   5 18     21 310
12  83  63  73  -3   0   8 0.00    M    M  3.9 13 320   M    M   1 18     18 300
13  83  59  71  -5   0   6 0.00    M    M  3.0 12  30   M    M   1        15  20
14  85  59  72  -4   0   7 0.00    M    M  2.3 13 250   M    M   0 8      16 250
15  86  64  75  -1   0  10 0.00    M    M  3.0 10 240   M    M   2 1238   15 250
16  89  64  77   1   0  12 0.02    M    M  1.4 15 280   M    M   3 1238   19 250
17  81  68  75   0   0  10 0.59    M    M  2.8 14 250   M    M   5 18     17 240
18  82  70  76   1   0  11 0.07    M    M  3.2 10 190   M    M   9 1      15 170
19  86  69  78   3   0  13 0.62    M    M  5.8 21 280   M    M   4 1238   28 200
20  80  62  71  -4   0   6 0.18    M    M  5.8 13 270   M    M   7 18     24 270
21  81  57  69  -6   0   4 0.00    M    M  3.2 12  80   M    M   1 18     16  60
22  85  59  72  -3   0   7 0.00    M    M  1.7  9 270   M    M   0        11 260
23  86  70  78   3   0  13    T    M    M  2.2 10 190   M    M   6 18     12 190
24  81  60  71  -4   0   6    T    M    M  5.3 13 280   M    M   4 18     18 290
25  79  54  67  -7   0   2 0.00    M    M  3.3 13 330   M    M   2 1      18 350
26  77  56  67  -7   0   2 0.00    M    M  3.9 13  20   M    M   3        17 350
27  79  56  68  -6   0   3 0.00    M    M  4.9 14  10   M    M   0        20  30
28  85  57  71  -3   0   6 0.00    M    M  1.4  9 270   M    M   2 18     14 320
29  86  62  74   0   0   9 0.00    M    M  2.2 12 250   M    M   2 128    16 240
30  82  65  74   0   0   9    T    M    M  1.9  9 260   M    M   2 18     13 250
31  87  65  76   3   0  11 0.00    M    M  2.2  9  90   M    M   1 18     14 100
================================================================================
SM 2613 1966         0 280  2.76    M    102.4          M       92
================================================================================
AV 84.3 63.4                               3.3 FASTST   M    M   3    MAX(MPH)
                                 MISC ---->  # 30 230               # 37  220
================================================================================
NOTES:
# LAST OF SEVERAL OCCURRENCES

COLUMN 17 PEAK WIND IN M.P.H.

PRELIMINARY LOCAL CLIMATOLOGICAL DATA (WS FORM: F-6) , PAGE 2

                                          STATION:  LONDON KY
                                          MONTH:    AUGUST
                                          YEAR:     2015
                                          LATITUDE:   37  4 N
                                          LONGITUDE:  84  5 W

[TEMPERATURE DATA]      [PRECIPITATION DATA]       SYMBOLS USED IN COLUMN 16

AVERAGE MONTHLY: 73.9   TOTAL FOR MONTH:   2.76    1 = FOG OR MIST
DPTR FM NORMAL:  -1.3   DPTR FM NORMAL:   -0.95    2 = FOG REDUCING VISIBILITY
HIGHEST:    92 ON  4    GRTST 24HR  0.90 ON  5- 6      TO 1/4 MILE OR LESS
LOWEST:     54 ON 25                               3 = THUNDER
                        SNOW, ICE PELLETS, HAIL    4 = ICE PELLETS
                        TOTAL MONTH:    M          5 = HAIL
                        GRTST 24HR    M  ON   M    6 = FREEZING RAIN OR DRIZZLE
                        GRTST DEPTH:  M  ON   M    7 = DUSTSTORM OR SANDSTORM:
                                                       VSBY 1/2 MILE OR LESS
                                                   8 = SMOKE OR HAZE
[NO. OF DAYS WITH]      [WEATHER - DAYS WITH]      9 = BLOWING SNOW
                                                   X = TORNADO
MAX 32 OR BELOW:   0    0.01 INCH OR MORE:   9
MAX 90 OR ABOVE:   3    0.10 INCH OR MORE:   6
MIN 32 OR BELOW:   0    0.50 INCH OR MORE:   3
MIN  0 OR BELOW:   0    1.00 INCH OR MORE:   0

[HDD (BASE 65) ]
TOTAL THIS MO.     0    CLEAR  (SCALE 0-3)  20
DPTR FM NORMAL    -1    PTCLDY (SCALE 4-7)  10
TOTAL FM JUL 1     0    CLOUDY (SCALE 8-10)  1
DPTR FM NORMAL    -1

[CDD (BASE 65) ]
TOTAL THIS MO.   280
DPTR FM NORMAL   -37    [PRESSURE DATA]
TOTAL FM JAN 1  1171    HIGHEST SLP 30.20 ON 16
DPTR FM NORMAL   147    LOWEST  SLP 29.80 ON  7

[REMARKS]
#FINAL-08-15#
