000
CXUS55 KJKL 010800
CF6LOZ
PRELIMINARY LOCAL CLIMATOLOGICAL DATA (WS FORM: F-6)

                                          STATION:   LONDON KY
                                          MONTH:     JUNE
                                          YEAR:      2013
                                          LATITUDE:   37  4 N
                                          LONGITUDE:  84  5 W

  TEMPERATURE IN F:       :PCPN:    SNOW:  WIND      :SUNSHINE: SKY     :PK WND
================================================================================
1   2   3   4   5  6A  6B    7    8   9   10  11  12  13   14  15   16   17  18
                                     12Z  AVG MX 2MIN
DY MAX MIN AVG DEP HDD CDD  WTR  SNW DPTH SPD SPD DIR MIN PSBL S-S WX    SPD DR
================================================================================

 1  85  69  77   8   0  12 0.10    M    M  7.6 18 200   M    M   5 138    30 250
 2  75  66  71   2   0   6 0.47    M    M  3.8 15 240   M    M   9 1      21 240
 3  76  61  69  -1   0   4 0.10    M    M  4.6 12  20   M    M   6 18     16 360
 4  79  56  68  -2   0   3 0.00    M    M  4.0 10  40   M    M   1        16  40
 5  81  59  70   0   0   5 0.46    M    M  2.1 14 230   M    M   4 13     21 240
 6  78  63  71   1   0   6 0.61    M    M  2.3 14 290   M    M   8 18     18 280
 7  79  65  72   1   0   7 0.00    M    M  4.8 13 360   M    M   6 1      17 360
 8  81  61  71   0   0   6 0.00    M    M  3.5 12 250   M    M   4 1      16 210
 9  82  60  71   0   0   6 0.27    M    M  3.9 22 300   M    M   6 13     31 300
10  79  64  72   0   0   7 0.97    M    M  6.1 17 250   M    M   7 13     22 240
11  82  61  72   0   0   7 0.00    M    M  2.5 10 260   M    M   4 12     15 300
12  91  65  78   6   0  13 0.00    M    M  5.9 16 240   M    M   0 1      21 250
13  82  62  72   0   0   7 0.64    M    M  7.8 22 340   M    M   5 13     32 330
14  80  56  68  -5   0   3 0.00    M    M  2.3 10  50   M    M   2 1      15  40
15  83  56  70  -3   0   5 0.00    M    M  2.4 10 250   M    M   1 1      14 240
16  83  64  74   1   0   9 0.06    M    M  4.5 15 250   M    M   3 13     20 250
17  84  66  75   2   0  10 0.05    M    M  3.4 14 280   M    M   4 13     23 290
18  77  63  70  -4   0   5 1.05    M    M  4.0 17  30   M    M   7 1      22  30
19  82  62  72  -2   0   7 0.00    M    M  2.7 12 360   M    M   2        17 350
20  85  60  73  -1   0   8 0.00    M    M  1.4  8  50   M    M   1 1      16  40
21  84  63  74   0   0   9 0.01    M    M  2.4 12 270   M    M   3 1      16 240
22  86  65  76   2   0  11 0.05    M    M  2.6 13 190   M    M   1 13     20 190
23  85  62  74  -1   0   9 0.00    M    M  2.7 12 250   M    M   1 13     16 210
24  86  66  76   1   0  11 0.80    M    M  3.8 21 250   M    M   2 138    24 240
25  83  67  75   0   0  10    T    M    M  3.4 13 270   M    M   3 13     16 270
26  86  68  77   2   0  12 0.12    M    M  6.3 31 230   M    M   3 13     44 230
27  83  65  74  -1   0   9 1.33    M    M  6.1 28 270   M    M   7 13     39 280
28  80  68  74  -2   0   9    T    M    M  5.5 16 270   M    M   3 1      21 280
29  83  63  73  -3   0   8 0.00    M    M  4.6 15 250   M    M   5        18 210
30  82  62  72  -4   0   7 0.15    M    M  3.7 14 250   M    M   4 1      21 210
================================================================================
SM 2462 1888         0 231  7.24    M    120.7          M      117
================================================================================
AV 82.1 62.9                               4.0 FASTST   M    M   4    MAX(MPH)
                                 MISC ---->  # 31 230               # 44  230
================================================================================
NOTES:
# LAST OF SEVERAL OCCURRENCES

COLUMN 17 PEAK WIND IN M.P.H.

PRELIMINARY LOCAL CLIMATOLOGICAL DATA (WS FORM: F-6) , PAGE 2

                                          STATION:  LONDON KY
                                          MONTH:    JUNE
                                          YEAR:     2013
                                          LATITUDE:   37  4 N
                                          LONGITUDE:  84  5 W

[TEMPERATURE DATA]      [PRECIPITATION DATA]       SYMBOLS USED IN COLUMN 16

AVERAGE MONTHLY: 72.5   TOTAL FOR MONTH:   7.24    1 = FOG OR MIST
DPTR FM NORMAL:  -0.3   DPTR FM NORMAL:    2.84    2 = FOG REDUCING VISIBILITY
HIGHEST:    91 ON 12    GRTST 24HR  1.45 ON 26-27      TO 1/4 MILE OR LESS
LOWEST:     56 ON 15,14                            3 = THUNDER
                        SNOW, ICE PELLETS, HAIL    4 = ICE PELLETS
                        TOTAL MONTH:    M          5 = HAIL
                        GRTST 24HR    M  ON   M    6 = FREEZING RAIN OR DRIZZLE
                        GRTST DEPTH:  M  ON   M    7 = DUSTSTORM OR SANDSTORM:
                                                       VSBY 1/2 MILE OR LESS
                                                   8 = SMOKE OR HAZE
[NO. OF DAYS WITH]      [WEATHER - DAYS WITH]      9 = BLOWING SNOW
                                                   X = TORNADO
MAX 32 OR BELOW:   0    0.01 INCH OR MORE:  17
MAX 90 OR ABOVE:   1    0.10 INCH OR MORE:  13
MIN 32 OR BELOW:   0    0.50 INCH OR MORE:   6
MIN  0 OR BELOW:   0    1.00 INCH OR MORE:   2

[HDD (BASE 65) ]
TOTAL THIS MO.     0    CLEAR  (SCALE 0-3)  12
DPTR FM NORMAL    -9    PTCLDY (SCALE 4-7)  17
TOTAL FM JUL 1  4531    CLOUDY (SCALE 8-10)  1
DPTR FM NORMAL   326

[CDD (BASE 65) ]
TOTAL THIS MO.   231
DPTR FM NORMAL   -12    [PRESSURE DATA]
TOTAL FM JAN 1   331    HIGHEST SLP 30.24 ON 21
DPTR FM NORMAL   -26    LOWEST  SLP 29.63 ON 29

[REMARKS]
#FINAL-06-13#
