000
CXUS55 KJKL 010800
CF6LOZ
PRELIMINARY LOCAL CLIMATOLOGICAL DATA (WS FORM: F-6)

                                          STATION:   LONDON KY
                                          MONTH:     MAY
                                          YEAR:      2013
                                          LATITUDE:   37  4 N
                                          LONGITUDE:  84  5 W

  TEMPERATURE IN F:       :PCPN:    SNOW:  WIND      :SUNSHINE: SKY     :PK WND
================================================================================
1   2   3   4   5  6A  6B    7    8   9   10  11  12  13   14  15   16   17  18
                                     12Z  AVG MX 2MIN
DY MAX MIN AVG DEP HDD CDD  WTR  SNW DPTH SPD SPD DIR MIN PSBL S-S WX    SPD DR
================================================================================

 1  81  51  66   5   0   1 0.00    M    M  3.0 12  60   M    M   2        15  10
 2  76  53  65   4   0   0 0.00    M    M  1.4  8 140   M    M   2        13 110
 3  75  52  64   2   1   0 0.00    M    M  6.5 17 120   M    M   1        24 120
 4  65  53  59  -3   6   0 0.60    M    M  6.8 18 130   M    M   6 1      24 160
 5  53  50  52 -10  13   0 1.51    M    M  6.3 13  50   M    M  10 1      20  60
 6  63  48  56  -6   9   0 0.52    M    M  3.7 23 180   M    M   7 13     16 190
 7  68  47  58  -4   7   0 0.05    M    M  2.7 12 340   M    M   9 12     15 330
 8  71  54  63   0   2   0 0.19    M    M  3.6 14 350   M    M   9 12     21 220
 9  80  50  65   2   0   0 0.00    M    M  2.9 18 260   M    M   3 12     15 250
10  70  54  62  -1   3   0 0.10    M    M  5.1 15 230   M    M   6 1      22 240
11  67  51  59  -5   6   0 0.15    M    M  6.9 20 270   M    M   8 1      25 270
12  60  42  51 -13  14   0    T    M    M  6.2 17 280   M    M   2        23 280
13  63  34  49 -15  16   0 0.00    M    M  4.8 18 290   M    M   1        23 280
14  81  38  60  -4   5   0 0.00    M    M  5.8 17 240   M    M   1        24 230
15  85  61  73   9   0   8 0.00    M    M  7.7 20 260   M    M   0        26 260
16  78  57  68   3   0   3 0.00    M    M  5.3 15 250   M    M   0        21 240
17  77  62  70   5   0   5 0.04    M    M  3.2  9 100   M    M   6 1      13 210
18  74  63  69   4   0   4 0.27    M    M  2.8 13 230   M    M  10 1      16 190
19  77  61  69   3   0   4 0.07    M    M  4.2 16 190   M    M   5 123    22 200
20  83  58  71   5   0   6 0.00    M    M  3.0 10 180   M    M   3 1      14 170
21  86  60  73   7   0   8 0.58    M    M  3.7 39 260   M    M   3 13     51 260
22  81  60  71   5   0   6 0.40    M    M  4.6 18 230   M    M   3 13     24 220
23  76  58  67   1   0   2 0.06    M    M  8.0 25 290   M    M   7 1      31 300
24  66  47  57 -10   8   0    T    M    M  8.8 17 350   M    M   5        23 340
25  70  40  55 -12  10   0 0.00    M    M  2.9  9  10   M    M   2 1      15  20
26  73  53  63  -4   2   0    T    M    M  1.9  7  40   M    M   6        13 230
27  83  52  68   0   0   3 0.00    M    M  5.4 15 200   M    M   1        21 250
28  84  60  72   4   0   7 0.00    M    M  6.5 17 240   M    M   2        23 220
29  84  57  71   3   0   6 0.00    M    M  4.3 15 200   M    M   1 1      20 200
30  85  61  73   5   0   8 0.00    M    M  3.9 13 190   M    M   0 1      17 140
31  85  62  74   5   0   9 0.00    M    M  4.5 17 200   M    M   1        24 200
================================================================================
SM 2320 1649       102  80  4.54    M    146.4          M      122
================================================================================
AV 74.8 53.2                               4.7 FASTST   M    M   4    MAX(MPH)
                                 MISC ---->  # 39 260               # 51  260
================================================================================
NOTES:
# LAST OF SEVERAL OCCURRENCES

COLUMN 17 PEAK WIND IN M.P.H.

PRELIMINARY LOCAL CLIMATOLOGICAL DATA (WS FORM: F-6) , PAGE 2

                                          STATION:  LONDON KY
                                          MONTH:    MAY
                                          YEAR:     2013
                                          LATITUDE:   37  4 N
                                          LONGITUDE:  84  5 W

[TEMPERATURE DATA]      [PRECIPITATION DATA]       SYMBOLS USED IN COLUMN 16

AVERAGE MONTHLY: 64.0   TOTAL FOR MONTH:   4.54    1 = FOG OR MIST
DPTR FM NORMAL:  -0.8   DPTR FM NORMAL:   -0.64    2 = FOG REDUCING VISIBILITY
HIGHEST:    86 ON 21    GRTST 24HR  1.95 ON  4- 5      TO 1/4 MILE OR LESS
LOWEST:     34 ON 13                               3 = THUNDER
                        SNOW, ICE PELLETS, HAIL    4 = ICE PELLETS
                        TOTAL MONTH:    M          5 = HAIL
                        GRTST 24HR    M  ON   M    6 = FREEZING RAIN OR DRIZZLE
                        GRTST DEPTH:  M  ON   M    7 = DUSTSTORM OR SANDSTORM:
                                                       VSBY 1/2 MILE OR LESS
                                                   8 = SMOKE OR HAZE
[NO. OF DAYS WITH]      [WEATHER - DAYS WITH]      9 = BLOWING SNOW
                                                   X = TORNADO
MAX 32 OR BELOW:   0    0.01 INCH OR MORE:  13
MAX 90 OR ABOVE:   0    0.10 INCH OR MORE:   9
MIN 32 OR BELOW:   0    0.50 INCH OR MORE:   4
MIN  0 OR BELOW:   0    1.00 INCH OR MORE:   1

[HDD (BASE 65) ]
TOTAL THIS MO.   102    CLEAR  (SCALE 0-3)  17
DPTR FM NORMAL     7    PTCLDY (SCALE 4-7)  10
TOTAL FM JUL 1  4531    CLOUDY (SCALE 8-10)  4
DPTR FM NORMAL   335

[CDD (BASE 65) ]
TOTAL THIS MO.    80
DPTR FM NORMAL    -8    [PRESSURE DATA]
TOTAL FM JAN 1   100    HIGHEST SLP 30.36 ON 25
DPTR FM NORMAL   -14    LOWEST  SLP 29.76 ON  6

[REMARKS]
#FINAL-05-13#
